-- https://www.phpmyadmin.net/
--
-- Waktu pembuatan: 18 Bulan Mei 2024 pada 17.17
-- Versi server: 10.6.17-MariaDB-cll-lve-log
-- Versi PHP: 8.1.28

START TRANSACTION;



--
-- Database: `quationp1_server`
--

-- --------------------------------------------------------

--
-- Struktur dari tabel `absen`
--

CREATE TABLE `absen` (
  `id` int(11) NOT NULL,
  `server` varchar(50) DEFAULT NULL,
  `file` text DEFAULT NULL,
  `tanggal` varchar(50) DEFAULT NULL
) ENGINE=InnoDB DEFAULT CHARSET=utf8mb4 COLLATE=utf8mb4_general_ci;

--
-- Dumping data untuk tabel `absen`
--

INSERT INTO `absen` (`id`, `server`, `file`, `tanggal`) VALUES
(1, 'SR190', 'daftar_hadir/SR19020230604151436.pdf', '15:14:36 04-06-2023');

-- --------------------------------------------------------

--
-- Struktur dari tabel `aplikasi`
--

CREATE TABLE `aplikasi` (
  `id_aplikasi` int(11) NOT NULL,
  `aplikasi` varchar(50) DEFAULT NULL,
  `sekolah` varchar(50) DEFAULT NULL,
  `jenis` varchar(50) DEFAULT NULL,
  `jenjang` varchar(50) DEFAULT NULL,
  `kode_sekolah` varchar(50) DEFAULT NULL,
  `npsn` varchar(50) DEFAULT NULL,
  `semester` int(11) NOT NULL DEFAULT 1,
  `tp` varchar(50) DEFAULT NULL,
  `alamat` varchar(50) DEFAULT NULL,
  `desa` varchar(50) DEFAULT NULL,
  `kecamatan` varchar(50) DEFAULT NULL,
  `kabupaten` varchar(50) DEFAULT NULL,
  `propinsi` varchar(50) DEFAULT NULL,
  `kepsek` varchar(50) DEFAULT NULL,
  `nip` varchar(50) DEFAULT NULL,
  `email` varchar(50) DEFAULT NULL,
  `web` varchar(50) DEFAULT NULL,
  `telp` varchar(50) DEFAULT NULL,
  `fax` varchar(50) DEFAULT NULL,
  `kurikulum` int(11) NOT NULL DEFAULT 0,
  `waktu` varchar(50) DEFAULT NULL,
  `url_host` varchar(50) DEFAULT NULL,
  `token_api` text DEFAULT NULL,
  `id_server` varchar(50) DEFAULT NULL,
  `status` int(11) NOT NULL DEFAULT 0,
  `logo` text DEFAULT NULL,
  `logo_kanan` text DEFAULT NULL,
  `versi` varchar(50) DEFAULT NULL,
  `header_kartu` text DEFAULT NULL,
  `header` text DEFAULT NULL,
  `server` varchar(20) DEFAULT NULL,
  `proktor` varchar(50) DEFAULT NULL,
  `tekhnisi` varchar(50) DEFAULT NULL,
  `stempel` text DEFAULT NULL,
  `model` varchar(50) DEFAULT NULL,
  `url_api` varchar(50) DEFAULT NULL,
  `nama_ujian` varchar(50) DEFAULT NULL,
  `kirimabsen` int(11) NOT NULL DEFAULT 0,
  `tanggal_rapor` varchar(50) DEFAULT NULL,
  `background` text DEFAULT NULL
) ENGINE=InnoDB DEFAULT CHARSET=latin1 COLLATE=latin1_swedish_ci;

--
-- Dumping data untuk tabel `aplikasi`
--

INSERT INTO `aplikasi` (`id_aplikasi`, `aplikasi`, `sekolah`, `jenis`, `jenjang`, `kode_sekolah`, `npsn`, `semester`, `tp`, `alamat`, `desa`, `kecamatan`, `kabupaten`, `propinsi`, `kepsek`, `nip`, `email`, `web`, `telp`, `fax`, `kurikulum`, `waktu`, `url_host`, `token_api`, `id_server`, `status`, `logo`, `logo_kanan`, `versi`, `header_kartu`, `header`, `server`, `proktor`, `tekhnisi`, `stempel`, `model`, `url_api`, `nama_ujian`, `kirimabsen`, `tanggal_rapor`, `background`) VALUES
(1, 'NEW SANDIK', 'PEMKAB KABUPATEN MERDEKA', 'REGULER', 'SMA', '', '', 2, '2022/2023', 'Jln. Merdeka', 'Suka', 'Maju', 'Mutiara', 'Sulawesi Selatan', 'George M.Pd.', '-', 'sandik@website.com', 'pusat.sam-dik.my.id', '-', '-', 0, 'Asia/Jakarta', 'https://pusat.sam-dik.my.id/', 'WKJ9vUTCuZwDvi', 'SR-01', 0, 'dist/img/logo68.png', 'dist/img/logokanan.png', NULL, 'KARTU PESERTA UJIAN', 'DINAS PENDIDIKAN DAN KEBUDAYAAN', 'pusat', 'Edi Sukarna', 'Edi Sukarna', 'dist/img/stempel364.png', 'Manual', 'https://panel.digiapp.my.id', 'Peilaian Akhir Tahun', 0, '23 Juni 2023', 'dist/img/bk.jpg');

-- --------------------------------------------------------

--
-- Struktur dari tabel `backup`
--

CREATE TABLE `backup` (
  `id` int(11) NOT NULL,
  `file` text DEFAULT NULL
) ENGINE=InnoDB DEFAULT CHARSET=utf8mb4 COLLATE=utf8mb4_general_ci;

-- --------------------------------------------------------

--
-- Struktur dari tabel `banksoal`
--

CREATE TABLE `banksoal` (
  `id_bank` int(11) NOT NULL,
  `kode` varchar(255) DEFAULT NULL,
  `idpk` varchar(255) DEFAULT NULL,
  `idguru` varchar(11) DEFAULT NULL,
  `nama` varchar(50) DEFAULT NULL,
  `jml_soal` int(5) DEFAULT 0,
  `jml_esai` int(5) NOT NULL DEFAULT 0,
  `jml_multi` int(11) NOT NULL DEFAULT 0,
  `jml_bs` int(11) NOT NULL DEFAULT 0,
  `jml_urut` int(11) NOT NULL DEFAULT 0,
  `tampil_pg` int(5) NOT NULL DEFAULT 0,
  `tampil_esai` int(5) NOT NULL DEFAULT 0,
  `tampil_multi` int(11) NOT NULL DEFAULT 0,
  `tampil_bs` int(11) NOT NULL DEFAULT 0,
  `tampil_urut` int(11) NOT NULL DEFAULT 0,
  `bobot_pg` int(5) NOT NULL DEFAULT 0,
  `bobot_esai` int(5) NOT NULL DEFAULT 0,
  `bobot_multi` int(11) NOT NULL DEFAULT 0,
  `bobot_bs` int(11) NOT NULL DEFAULT 0,
  `bobot_urut` int(11) NOT NULL DEFAULT 0,
  `level` varchar(50) DEFAULT NULL,
  `opsi` varchar(5) DEFAULT NULL,
  `kelas` varchar(255) DEFAULT NULL,
  `date` timestamp NOT NULL DEFAULT current_timestamp() ON UPDATE current_timestamp(),
  `status` varchar(2) DEFAULT NULL,
  `kkm` int(3) DEFAULT NULL,
  `soal_agama` varchar(50) DEFAULT NULL,
  `groupsoal` varchar(50) DEFAULT NULL,
  `pembahasan` int(11) DEFAULT NULL,
  `sts` int(11) DEFAULT 0
) ENGINE=InnoDB DEFAULT CHARSET=latin1 COLLATE=latin1_swedish_ci;

--
-- Dumping data untuk tabel `banksoal`
--

INSERT INTO `banksoal` (`id_bank`, `kode`, `idpk`, `idguru`, `nama`, `jml_soal`, `jml_esai`, `jml_multi`, `jml_bs`, `jml_urut`, `tampil_pg`, `tampil_esai`, `tampil_multi`, `tampil_bs`, `tampil_urut`, `bobot_pg`, `bobot_esai`, `bobot_multi`, `bobot_bs`, `bobot_urut`, `level`, `opsi`, `kelas`, `date`, `status`, `kkm`, `soal_agama`, `groupsoal`, `pembahasan`, `sts`) VALUES
(1, 'UJICOBA', 'a:1:{i:0;s:5:\"semua\";}', '49', 'BINDO', 2, 2, 1, 1, 2, 2, 2, 1, 1, 2, 0, 0, 0, 0, 0, 'semua', NULL, 'a:1:{i:0;s:5:\"semua\";}', '2024-05-18 08:43:56', '1', NULL, '', 'Literasi', 0, 0);

-- --------------------------------------------------------

--
-- Struktur dari tabel `berita`
--

CREATE TABLE `berita` (
  `id` int(11) NOT NULL,
  `server` varchar(50) DEFAULT NULL,
  `file` text DEFAULT NULL,
  `tanggal` varchar(50) DEFAULT NULL
) ENGINE=InnoDB DEFAULT CHARSET=utf8mb4 COLLATE=utf8mb4_general_ci;

-- --------------------------------------------------------

--
-- Struktur dari tabel `bulan`
--

CREATE TABLE `bulan` (
  `id` int(11) NOT NULL,
  `bln` varchar(5) CHARACTER SET utf8mb4 COLLATE utf8mb4_general_ci NOT NULL,
  `ket` varchar(50) CHARACTER SET utf8mb4 COLLATE utf8mb4_general_ci NOT NULL
) ENGINE=InnoDB DEFAULT CHARSET=latin1 COLLATE=latin1_swedish_ci;

--
-- Dumping data untuk tabel `bulan`
--

INSERT INTO `bulan` (`id`, `bln`, `ket`) VALUES
(1, '01', 'Januari'),
(2, '02', 'Februari'),
(3, '03', 'Maret'),
(4, '04', 'April'),
(5, '05', 'Mei'),
(6, '06', 'Juni'),
(7, '07', 'Juli'),
(8, '08', 'Agustus'),
(9, '09', 'September'),
(10, '10', 'Oktober'),
(11, '11', 'Nopember'),
(12, '12', 'Desember');

-- --------------------------------------------------------

--
-- Struktur dari tabel `file_pendukung`
--

CREATE TABLE `file_pendukung` (
  `id_file` int(11) NOT NULL,
  `id_bank` int(11) DEFAULT 0,
  `nama_file` varchar(50) DEFAULT NULL,
  `status_file` int(1) DEFAULT NULL
) ENGINE=InnoDB DEFAULT CHARSET=utf8mb3 COLLATE=utf8mb3_general_ci;

--
-- Dumping data untuk tabel `file_pendukung`
--

INSERT INTO `file_pendukung` (`id_file`, `id_bank`, `nama_file`, `status_file`) VALUES
(1, 1, '9514.jpeg', NULL),
(2, 1, '2864.jpeg', NULL),
(3, 1, '1435.jpeg', NULL),
(4, 1, '910.png', NULL),
(5, 1, '8682.jpeg', NULL);

-- --------------------------------------------------------

--
-- Struktur dari tabel `jadwal_mapel`
--

CREATE TABLE `jadwal_mapel` (
  `id_jadwal` int(11) NOT NULL,
  `tingkat` varchar(50) DEFAULT NULL,
  `kelas` varchar(50) DEFAULT NULL,
  `kode` varchar(50) DEFAULT NULL,
  `mapel` varchar(100) DEFAULT NULL,
  `kkm` int(5) DEFAULT 0,
  `ke` text DEFAULT NULL,
  `guru` int(11) DEFAULT NULL,
  `hari` varchar(50) DEFAULT NULL,
  `dari` varchar(50) DEFAULT NULL,
  `sampai` varchar(50) DEFAULT NULL,
  `urut` int(11) DEFAULT NULL,
  `kelompok` varchar(50) DEFAULT NULL,
  `agama` varchar(50) DEFAULT NULL,
  `ppkn` varchar(50) DEFAULT NULL,
  `jp` varchar(30) DEFAULT NULL
) ENGINE=InnoDB DEFAULT CHARSET=latin1 COLLATE=latin1_swedish_ci;

-- --------------------------------------------------------

--
-- Struktur dari tabel `jawaban`
--

CREATE TABLE `jawaban` (
  `id_jawaban` int(11) NOT NULL,
  `id_siswa` int(11) DEFAULT NULL,
  `id_bank` int(11) NOT NULL DEFAULT 0,
  `id_soal` int(11) NOT NULL DEFAULT 0,
  `id_ujian` int(11) NOT NULL DEFAULT 0,
  `jawaban` varchar(50) DEFAULT NULL,
  `jawabx` varchar(50) DEFAULT NULL,
  `jenis` int(1) NOT NULL,
  `esai` text DEFAULT NULL,
  `jawabmulti` text DEFAULT NULL,
  `jawabbs` text DEFAULT NULL,
  `jawaburut` text DEFAULT NULL,
  `bs1` varchar(5) DEFAULT NULL,
  `bs2` varchar(5) DEFAULT NULL,
  `bs3` varchar(5) DEFAULT NULL,
  `bs4` varchar(5) DEFAULT NULL,
  `bs5` varchar(5) DEFAULT NULL,
  `urut1` text DEFAULT NULL,
  `urut2` text DEFAULT NULL,
  `urut3` text DEFAULT NULL,
  `urut4` text DEFAULT NULL,
  `urut5` text DEFAULT NULL,
  `nilai_esai` int(5) NOT NULL DEFAULT 0,
  `ragu` int(1) NOT NULL DEFAULT 0,
  `status` int(11) DEFAULT NULL
) ENGINE=InnoDB DEFAULT CHARSET=latin1 COLLATE=latin1_swedish_ci;

-- --------------------------------------------------------

--
-- Struktur dari tabel `jawaban_dup`
--

CREATE TABLE `jawaban_dup` (
  `id_jawaban` int(11) NOT NULL,
  `id_siswa` int(11) DEFAULT NULL,
  `id_bank` int(11) NOT NULL DEFAULT 0,
  `id_soal` int(11) NOT NULL DEFAULT 0,
  `id_ujian` int(11) NOT NULL DEFAULT 0,
  `jawaban` varchar(50) DEFAULT NULL,
  `jawabx` varchar(50) DEFAULT NULL,
  `jenis` int(1) NOT NULL,
  `esai` text DEFAULT NULL,
  `jawabmulti` text DEFAULT NULL,
  `jawabbs` text DEFAULT NULL,
  `jawaburut` text DEFAULT NULL,
  `bs1` varchar(5) DEFAULT NULL,
  `bs2` varchar(5) DEFAULT NULL,
  `bs3` varchar(5) DEFAULT NULL,
  `bs4` varchar(5) DEFAULT NULL,
  `bs5` varchar(5) DEFAULT NULL,
  `urut1` text DEFAULT NULL,
  `urut2` text DEFAULT NULL,
  `urut3` text DEFAULT NULL,
  `urut4` text DEFAULT NULL,
  `urut5` text DEFAULT NULL,
  `nilai_esai` int(5) NOT NULL DEFAULT 0,
  `ragu` int(1) NOT NULL DEFAULT 0,
  `status` int(11) DEFAULT NULL
) ENGINE=InnoDB DEFAULT CHARSET=latin1 COLLATE=latin1_swedish_ci;

-- --------------------------------------------------------

--
-- Struktur dari tabel `jenis`
--

CREATE TABLE `jenis` (
  `id_jenis` varchar(30) NOT NULL,
  `nama` varchar(50) NOT NULL,
  `status` varchar(20) DEFAULT NULL
) ENGINE=InnoDB DEFAULT CHARSET=latin1 COLLATE=latin1_swedish_ci;

--
-- Dumping data untuk tabel `jenis`
--

INSERT INTO `jenis` (`id_jenis`, `nama`, `status`) VALUES
('PAS', 'Penilaian Akhir Semester', 'tidak'),
('PAT', 'Peilaian Akhir Tahun', 'aktif'),
('PTS', 'Penilaian Tengah Semester', 'tidak'),
('US', 'Ujian Sekolah', 'tidak');

-- --------------------------------------------------------

--
-- Struktur dari tabel `jenis_sp`
--

CREATE TABLE `jenis_sp` (
  `id_sp` int(11) NOT NULL,
  `jenis` varchar(50) DEFAULT NULL,
  `jenjang` varchar(50) DEFAULT NULL,
  `ket` varchar(50) DEFAULT NULL
) ENGINE=InnoDB DEFAULT CHARSET=utf8mb4 COLLATE=utf8mb4_general_ci;

--
-- Dumping data untuk tabel `jenis_sp`
--

INSERT INTO `jenis_sp` (`id_sp`, `jenis`, `jenjang`, `ket`) VALUES
(1, 'REGULER', 'SD', 'SD/MI'),
(2, 'REGULER', 'SMP', 'SMP/MTs'),
(3, 'REGULER', 'SMA', 'SMA/MA'),
(4, 'REGULER', 'SMK', 'SMK'),
(5, 'PKBM', 'PAKET-A', 'KESETARAAN SD'),
(6, 'PKBM', 'PAKET-B', 'KESETARAAN SMP'),
(7, 'PKBM', 'PAKET-C', 'KESETARAAN SMA');

-- --------------------------------------------------------

--
-- Struktur dari tabel `jodoh`
--

CREATE TABLE `jodoh` (
  `id_jawaban` int(11) NOT NULL,
  `id_siswa` int(11) DEFAULT NULL,
  `id_bank` int(11) NOT NULL DEFAULT 0,
  `id_soal` int(11) NOT NULL DEFAULT 0,
  `id_ujian` int(11) NOT NULL DEFAULT 0,
  `jenis` varchar(50) DEFAULT NULL,
  `jawaburut` text DEFAULT NULL
) ENGINE=InnoDB DEFAULT CHARSET=latin1 COLLATE=latin1_swedish_ci;

-- --------------------------------------------------------

--
-- Struktur dari tabel `kelas`
--

CREATE TABLE `kelas` (
  `id_kelas` varchar(11) NOT NULL,
  `level` varchar(20) NOT NULL,
  `nama` varchar(50) NOT NULL,
  `rombongan_belajar_id` varchar(50) DEFAULT NULL,
  `semester_id` varchar(10) DEFAULT NULL,
  `kurikulum` varchar(50) DEFAULT NULL,
  `model_rapor` varchar(50) DEFAULT NULL,
  `model_kkm` varchar(50) DEFAULT NULL,
  `idpk` varchar(50) DEFAULT NULL,
  `nama_pk` varchar(50) DEFAULT NULL,
  `program_study` varchar(50) DEFAULT NULL
) ENGINE=InnoDB DEFAULT CHARSET=latin1 COLLATE=latin1_swedish_ci;

--
-- Dumping data untuk tabel `kelas`
--

INSERT INTO `kelas` (`id_kelas`, `level`, `nama`, `rombongan_belajar_id`, `semester_id`, `kurikulum`, `model_rapor`, `model_kkm`, `idpk`, `nama_pk`, `program_study`) VALUES
('', '', '', NULL, NULL, NULL, NULL, NULL, 'semua', NULL, NULL),
('0024786315', 'L', '0024786315', NULL, NULL, NULL, NULL, NULL, '0024786315', NULL, NULL),
('0045132819', 'P', '0045132819', NULL, NULL, NULL, NULL, NULL, '0045132819', NULL, NULL),
('0071176685', 'L', '0071176685', NULL, NULL, NULL, NULL, NULL, '0071176685', NULL, NULL),
('0071203670', 'P', '0071203670', NULL, NULL, NULL, NULL, NULL, '0071203670', NULL, NULL),
('0071289375', 'P', '0071289375', NULL, NULL, NULL, NULL, NULL, '0071289375', NULL, NULL),
('0072537499', 'L', '0072537499', NULL, NULL, NULL, NULL, NULL, '0072537499', NULL, NULL),
('0072637743', 'P', '0072637743', NULL, NULL, NULL, NULL, NULL, '0072637743', NULL, NULL),
('0073360346', 'L', '0073360346', NULL, NULL, NULL, NULL, NULL, '0073360346', NULL, NULL),
('0074501802', 'P', '0074501802', NULL, NULL, NULL, NULL, NULL, '0074501802', NULL, NULL),
('0074698512', 'L', '0074698512', NULL, NULL, NULL, NULL, NULL, '0074698512', NULL, NULL),
('0075354328', 'L', '0075354328', NULL, NULL, NULL, NULL, NULL, '0075354328', NULL, NULL),
('0075846972', 'P', '0075846972', NULL, NULL, NULL, NULL, NULL, '0075846972', NULL, NULL),
('0076530063', 'P', '0076530063', NULL, NULL, NULL, NULL, NULL, '0076530063', NULL, NULL),
('0078277028', 'L', '0078277028', NULL, NULL, NULL, NULL, NULL, '0078277028', NULL, NULL),
('0084171030', 'P', '0084171030', NULL, NULL, NULL, NULL, NULL, '0084171030', NULL, NULL),
('0084317284', 'L', '0084317284', NULL, NULL, NULL, NULL, NULL, '0084317284', NULL, NULL),
('0084369727', 'P', '0084369727', NULL, NULL, NULL, NULL, NULL, '0084369727', NULL, NULL),
('0084506296', 'L', '0084506296', NULL, NULL, NULL, NULL, NULL, '0084506296', NULL, NULL),
('0087054907', 'L', '0087054907', NULL, NULL, NULL, NULL, NULL, '0087054907', NULL, NULL),
('0087091251', 'P', '0087091251', NULL, NULL, NULL, NULL, NULL, '0087091251', NULL, NULL),
('0087352851', 'P', '0087352851', NULL, NULL, NULL, NULL, NULL, '0087352851', NULL, NULL),
('0087544122', 'P', '0087544122', NULL, NULL, NULL, NULL, NULL, '0087544122', NULL, NULL),
('0088559310', 'P', '0088559310', NULL, NULL, NULL, NULL, NULL, '0088559310', NULL, NULL),
('0089284708', 'P', '0089284708', NULL, NULL, NULL, NULL, NULL, '0089284708', NULL, NULL),
('0089604827', 'P', '0089604827', NULL, NULL, NULL, NULL, NULL, '0089604827', NULL, NULL),
('0091826451', 'P', '0091826451', NULL, NULL, NULL, NULL, NULL, '0091826451', NULL, NULL),
('0094375482', 'L', '0094375482', NULL, NULL, NULL, NULL, NULL, '0094375482', NULL, NULL),
('0097568702', 'L', '0097568702', NULL, NULL, NULL, NULL, NULL, '0097568702', NULL, NULL),
('0098666702', 'L', '0098666702', NULL, NULL, NULL, NULL, NULL, '0098666702', NULL, NULL),
('IX-A', '9', 'IX-A', NULL, NULL, NULL, NULL, NULL, 'semua', NULL, NULL),
('XI-A', '11', 'XI-A', NULL, NULL, NULL, NULL, NULL, 'semua', NULL, NULL);

-- --------------------------------------------------------

--
-- Struktur dari tabel `kontak`
--

CREATE TABLE `kontak` (
  `id_kontak` int(11) NOT NULL,
  `nama_kontak` varchar(50) DEFAULT NULL,
  `no_kontak` varchar(50) DEFAULT NULL,
  `status` int(1) DEFAULT NULL
) ENGINE=InnoDB DEFAULT CHARSET=latin1 COLLATE=latin1_swedish_ci;

-- --------------------------------------------------------

--
-- Struktur dari tabel `kontakme`
--

CREATE TABLE `kontakme` (
  `id` int(11) NOT NULL,
  `nama_kontak` varchar(50) DEFAULT NULL,
  `nomor` varchar(16) DEFAULT NULL,
  `iduser` int(11) NOT NULL
) ENGINE=InnoDB DEFAULT CHARSET=utf8mb4 COLLATE=utf8mb4_general_ci;

-- --------------------------------------------------------

--
-- Struktur dari tabel `level`
--

CREATE TABLE `level` (
  `kode_level` varchar(5) NOT NULL,
  `keterangan` varchar(50) DEFAULT NULL,
  `rombongan_belajar_id` varchar(50) DEFAULT NULL
) ENGINE=InnoDB DEFAULT CHARSET=latin1 COLLATE=latin1_swedish_ci;

--
-- Dumping data untuk tabel `level`
--

INSERT INTO `level` (`kode_level`, `keterangan`, `rombongan_belajar_id`) VALUES
('', '', NULL),
('11', '11', NULL),
('9', '9', NULL),
('L', 'L', NULL),
('P', 'P', NULL);

-- --------------------------------------------------------

--
-- Struktur dari tabel `log`
--

CREATE TABLE `log` (
  `id_log` int(11) NOT NULL,
  `id_siswa` int(11) NOT NULL,
  `type` varchar(20) NOT NULL,
  `text` varchar(20) NOT NULL,
  `date` varchar(20) NOT NULL
) ENGINE=InnoDB DEFAULT CHARSET=latin1 COLLATE=latin1_swedish_ci;

-- --------------------------------------------------------

--
-- Struktur dari tabel `log_guru`
--

CREATE TABLE `log_guru` (
  `id_log` int(11) NOT NULL,
  `id_user` int(11) NOT NULL,
  `type` varchar(20) NOT NULL,
  `text` varchar(20) NOT NULL,
  `date` varchar(20) NOT NULL
) ENGINE=InnoDB DEFAULT CHARSET=latin1 COLLATE=latin1_swedish_ci;

--
-- Dumping data untuk tabel `log_guru`
--

INSERT INTO `log_guru` (`id_log`, `id_user`, `type`, `text`, `date`) VALUES
(1, 1, 'login', 'masuk', '2024-05-18 14:35:01'),
(2, 1, 'logout', 'keluar', '2024-05-18 14:35:12'),
(3, 1, 'login', 'masuk', '2024-05-18 14:35:51'),
(4, 1, 'logout', 'keluar', '2024-05-18 14:50:20'),
(5, 1, 'login', 'masuk', '2024-05-18 14:54:12'),
(6, 1, 'login', 'masuk', '2024-05-18 14:54:14'),
(7, 1, 'logout', 'keluar', '2024-05-18 15:10:27'),
(8, 1, 'login', 'masuk', '2024-05-18 15:11:34'),
(9, 1, 'logout', 'keluar', '2024-05-18 15:27:59'),
(10, 62, 'login', 'masuk', '2024-05-18 15:28:07'),
(11, 62, 'logout', 'keluar', '2024-05-18 15:29:28'),
(12, 1, 'login', 'masuk', '2024-05-18 15:29:35'),
(13, 1, 'logout', 'keluar', '2024-05-18 15:29:59'),
(14, 1, 'login', 'masuk', '2024-05-18 15:30:21'),
(15, 62, 'login', 'masuk', '2024-05-18 15:30:46'),
(16, 62, 'logout', 'keluar', '2024-05-18 15:35:15'),
(17, 1, 'login', 'masuk', '2024-05-18 15:35:30'),
(18, 1, 'logout', 'keluar', '2024-05-18 15:36:24'),
(19, 62, 'login', 'masuk', '2024-05-18 15:36:43'),
(20, 62, 'logout', 'keluar', '2024-05-18 15:40:52'),
(21, 1, 'login', 'masuk', '2024-05-18 15:40:58'),
(22, 1, 'login', 'masuk', '2024-05-18 16:00:09'),
(23, 1, 'login', 'masuk', '2024-05-18 16:00:11'),
(24, 1, 'login', 'masuk', '2024-05-18 16:00:12'),
(25, 1, 'login', 'masuk', '2024-05-18 16:00:13'),
(26, 1, 'login', 'masuk', '2024-05-18 16:00:15'),
(27, 1, 'logout', 'keluar', '2024-05-18 16:07:53'),
(28, 1, 'login', 'masuk', '2024-05-18 16:08:31'),
(29, 1, 'logout', 'keluar', '2024-05-18 16:09:22'),
(30, 62, 'login', 'masuk', '2024-05-18 16:09:29'),
(31, 1, 'login', 'masuk', '2024-05-18 16:33:17'),
(32, 1, 'logout', 'keluar', '2024-05-18 16:34:50'),
(33, 1, 'login', 'masuk', '2024-05-18 17:09:34'),
(34, 1, 'login', 'masuk', '2024-05-18 17:13:16'),
(35, 1, 'login', 'masuk', '2024-05-18 17:13:44');

-- --------------------------------------------------------

--
-- Struktur dari tabel `mata_pelajaran`
--

CREATE TABLE `mata_pelajaran` (
  `kode_mapel` varchar(20) NOT NULL,
  `nama_mapel` varchar(50) NOT NULL,
  `mata_pelajaran_id` varchar(10) DEFAULT NULL,
  `urut` int(11) DEFAULT NULL,
  `kelompok` varchar(50) DEFAULT NULL
) ENGINE=InnoDB DEFAULT CHARSET=latin1 COLLATE=latin1_swedish_ci;

--
-- Dumping data untuk tabel `mata_pelajaran`
--

INSERT INTO `mata_pelajaran` (`kode_mapel`, `nama_mapel`, `mata_pelajaran_id`, `urut`, `kelompok`) VALUES
('BINDO', 'Bahasa Indonesia', NULL, NULL, NULL),
('BING', 'Bahasa Inggris', NULL, NULL, NULL),
('BSUND', 'Bahasa Sunda', NULL, NULL, NULL),
('IPA', 'Ilmu Pengetahuan Alam', NULL, NULL, NULL),
('IPS', 'Ilmu Pengetahuan Sosial', NULL, NULL, NULL),
('MTK', 'Matematika', NULL, NULL, NULL),
('PABD', 'Penddidikan Agama dan Budi Pekerti', NULL, NULL, NULL),
('PJOK', 'Pendidikan Jasmani Olahraga dan Kesehatan', NULL, NULL, NULL),
('PPKn', 'Pendidikan Pancasila dan Kewarganegaraan', NULL, NULL, NULL),
('PRK', 'Prakarya', NULL, NULL, NULL),
('SB', 'Seni Budaya', NULL, NULL, NULL),
('TIK', 'Teknologi Informasi dan Komunikasi', NULL, NULL, NULL);

-- --------------------------------------------------------

--
-- Struktur dari tabel `menu`
--

CREATE TABLE `menu` (
  `id_menu` int(11) NOT NULL,
  `ujian` int(11) DEFAULT NULL,
  `elearn` int(11) NOT NULL DEFAULT 0,
  `daring` int(11) NOT NULL DEFAULT 0,
  `ulangi` int(11) DEFAULT NULL,
  `kirim` int(11) DEFAULT NULL,
  `tarik` int(11) DEFAULT NULL,
  `soal` varchar(50) DEFAULT NULL,
  `pindah` int(11) NOT NULL,
  `ppdb` int(11) NOT NULL DEFAULT 0,
  `balas` int(11) NOT NULL DEFAULT 0,
  `opsi` int(11) NOT NULL DEFAULT 0,
  `sinkron` int(11) NOT NULL DEFAULT 0,
  `absen_siswa` int(11) NOT NULL DEFAULT 0,
  `absen_guru` int(11) NOT NULL DEFAULT 0,
  `ptm` int(11) NOT NULL DEFAULT 0,
  `rapor` int(11) NOT NULL DEFAULT 0,
  `aplikasi` int(11) NOT NULL DEFAULT 0,
  `register` int(11) NOT NULL DEFAULT 0
) ENGINE=InnoDB DEFAULT CHARSET=latin1 COLLATE=latin1_swedish_ci;

--
-- Dumping data untuk tabel `menu`
--

INSERT INTO `menu` (`id_menu`, `ujian`, `elearn`, `daring`, `ulangi`, `kirim`, `tarik`, `soal`, `pindah`, `ppdb`, `balas`, `opsi`, `sinkron`, `absen_siswa`, `absen_guru`, `ptm`, `rapor`, `aplikasi`, `register`) VALUES
(1, 1, 0, 0, 0, 0, 0, '1', 1, 0, 0, 1, 0, 1, 1, 1, 0, 1, 1);

-- --------------------------------------------------------

--
-- Struktur dari tabel `m_hari`
--

CREATE TABLE `m_hari` (
  `idh` int(11) NOT NULL,
  `hari` varchar(50) NOT NULL,
  `inggris` varchar(50) NOT NULL
) ENGINE=InnoDB DEFAULT CHARSET=latin1 COLLATE=latin1_swedish_ci;

--
-- Dumping data untuk tabel `m_hari`
--

INSERT INTO `m_hari` (`idh`, `hari`, `inggris`) VALUES
(1, 'Senin', 'Mon'),
(2, 'Selasa', 'Tue'),
(3, 'Rabu', 'Wed'),
(4, 'Kamis', 'Thu'),
(5, 'Jumat', 'Fri'),
(6, 'Sabtu', 'Sat');

-- --------------------------------------------------------

--
-- Struktur dari tabel `nilai`
--

CREATE TABLE `nilai` (
  `id_nilai` int(11) NOT NULL,
  `id_ujian` int(11) NOT NULL,
  `id_bank` int(11) NOT NULL,
  `id_siswa` int(11) NOT NULL,
  `kode_ujian` varchar(30) NOT NULL,
  `ujian_mulai` varchar(20) NOT NULL,
  `ujian_berlangsung` varchar(20) DEFAULT NULL,
  `ujian_selesai` varchar(20) DEFAULT NULL,
  `jml_benar` int(10) DEFAULT NULL,
  `benar_esai` int(11) NOT NULL DEFAULT 0,
  `benar_multi` int(11) NOT NULL DEFAULT 0,
  `benar_bs` int(11) NOT NULL DEFAULT 0,
  `benar_urut` int(11) NOT NULL DEFAULT 0,
  `jml_salah` int(10) DEFAULT NULL,
  `salah_esai` int(11) NOT NULL DEFAULT 0,
  `salah_multi` int(11) NOT NULL DEFAULT 0,
  `salah_bs` int(11) NOT NULL DEFAULT 0,
  `salah_urut` int(11) NOT NULL DEFAULT 0,
  `skor` varchar(255) DEFAULT NULL,
  `skor_esai` varchar(255) DEFAULT NULL,
  `skor_multi` varchar(255) DEFAULT NULL,
  `skor_bs` varchar(255) DEFAULT NULL,
  `skor_urut` varchar(255) DEFAULT NULL,
  `total` varchar(255) DEFAULT NULL,
  `status` int(1) DEFAULT NULL,
  `ipaddress` varchar(20) DEFAULT NULL,
  `hasil` int(11) NOT NULL,
  `jawaban` text DEFAULT NULL,
  `jawaban_esai` longtext DEFAULT NULL,
  `jawaban_multi` text DEFAULT NULL,
  `jawaban_bs` text DEFAULT NULL,
  `jawaban_urut` text DEFAULT NULL,
  `nilai_esai` int(11) DEFAULT NULL,
  `nilai_esai2` text DEFAULT NULL,
  `online` int(1) NOT NULL DEFAULT 0,
  `id_soal` longtext DEFAULT NULL,
  `id_opsi` longtext DEFAULT NULL,
  `id_esai` text DEFAULT NULL,
  `blok` int(1) NOT NULL DEFAULT 0,
  `server` varchar(50) DEFAULT NULL
) ENGINE=InnoDB DEFAULT CHARSET=latin1 COLLATE=latin1_swedish_ci;

-- --------------------------------------------------------

--
-- Struktur dari tabel `pengumuman`
--

CREATE TABLE `pengumuman` (
  `id_pengumuman` int(5) NOT NULL,
  `type` varchar(30) NOT NULL,
  `judul` varchar(255) NOT NULL,
  `user` int(3) NOT NULL,
  `text` longtext NOT NULL,
  `date` timestamp NOT NULL DEFAULT current_timestamp() ON UPDATE current_timestamp()
) ENGINE=InnoDB DEFAULT CHARSET=latin1 COLLATE=latin1_swedish_ci;

-- --------------------------------------------------------

--
-- Struktur dari tabel `pesan`
--

CREATE TABLE `pesan` (
  `id` int(11) NOT NULL,
  `nomor` varchar(50) DEFAULT NULL,
  `pesan` text DEFAULT NULL,
  `waktu` varchar(50) DEFAULT NULL
) ENGINE=InnoDB DEFAULT CHARSET=utf8mb4 COLLATE=utf8mb4_general_ci;

--
-- Dumping data untuk tabel `pesan`
--

INSERT INTO `pesan` (`id`, `nomor`, `pesan`, `waktu`) VALUES
(1, '088202173318', 'Nama : Lionel S.Pd. Username : 0089757345 Password : P79127 Ini adalah Akun Untuk Login di Sistem Aplikasi CBT - AKM Multi Sekolah. Silahkan login pada :https://pusat.sam-dik.my.id/', '18-05-2024 15:12:07'),
(2, '088202173318', 'Nama : Lionel S.Pd. Username : 0089757345 Password : P79127 Ini adalah Akun Untuk Login di Sistem Aplikasi CBT - AKM Multi Sekolah. Silahkan login pada :https://pusat.sam-dik.my.id/', '18-05-2024 15:30:40');

-- --------------------------------------------------------

--
-- Struktur dari tabel `pilihan`
--

CREATE TABLE `pilihan` (
  `idbank` varchar(11) DEFAULT NULL,
  `nomor` varchar(5) DEFAULT NULL,
  `pil` text DEFAULT NULL
) ENGINE=InnoDB DEFAULT CHARSET=utf8mb4 COLLATE=utf8mb4_general_ci;

-- --------------------------------------------------------

--
-- Struktur dari tabel `pk`
--

CREATE TABLE `pk` (
  `id_pk` varchar(100) NOT NULL,
  `program_keahlian` varchar(50) NOT NULL,
  `jurusan_id` varchar(10) DEFAULT NULL
) ENGINE=InnoDB DEFAULT CHARSET=latin1 COLLATE=latin1_swedish_ci;

--
-- Dumping data untuk tabel `pk`
--

INSERT INTO `pk` (`id_pk`, `program_keahlian`, `jurusan_id`) VALUES
('0024786315', '0024786315', NULL),
('0045132819', '0045132819', NULL),
('0071176685', '0071176685', NULL),
('0071203670', '0071203670', NULL),
('0071289375', '0071289375', NULL),
('0072537499', '0072537499', NULL),
('0072637743', '0072637743', NULL),
('0073360346', '0073360346', NULL),
('0074501802', '0074501802', NULL),
('0074698512', '0074698512', NULL),
('0075354328', '0075354328', NULL),
('0075846972', '0075846972', NULL),
('0076530063', '0076530063', NULL),
('0078277028', '0078277028', NULL),
('0084171030', '0084171030', NULL),
('0084317284', '0084317284', NULL),
('0084369727', '0084369727', NULL),
('0084506296', '0084506296', NULL),
('0087054907', '0087054907', NULL),
('0087091251', '0087091251', NULL),
('0087352851', '0087352851', NULL),
('0087544122', '0087544122', NULL),
('0088559310', '0088559310', NULL),
('0089284708', '0089284708', NULL),
('0089604827', '0089604827', NULL),
('0091826451', '0091826451', NULL),
('0094375482', '0094375482', NULL),
('0097568702', '0097568702', NULL),
('0098666702', '0098666702', NULL),
('semua', 'semua', NULL);

-- --------------------------------------------------------

--
-- Struktur dari tabel `ruang`
--

CREATE TABLE `ruang` (
  `kode_ruang` varchar(10) NOT NULL,
  `keterangan` varchar(30) NOT NULL
) ENGINE=InnoDB DEFAULT CHARSET=latin1 COLLATE=latin1_swedish_ci;

--
-- Dumping data untuk tabel `ruang`
--

INSERT INTO `ruang` (`kode_ruang`, `keterangan`) VALUES
('', ''),
('11', '11'),
('R1', 'R1');

-- --------------------------------------------------------

--
-- Struktur dari tabel `savsoft_options`
--

CREATE TABLE `savsoft_options` (
  `oid` int(11) NOT NULL,
  `qid` int(11) NOT NULL,
  `q_option` text NOT NULL,
  `q_option_match` varchar(1000) DEFAULT NULL,
  `score` float NOT NULL DEFAULT 0
) ENGINE=InnoDB DEFAULT CHARSET=utf8mb3 COLLATE=utf8mb3_general_ci;

-- --------------------------------------------------------

--
-- Struktur dari tabel `savsoft_qbank`
--

CREATE TABLE `savsoft_qbank` (
  `qid` int(11) NOT NULL,
  `question_type` varchar(100) NOT NULL DEFAULT 'Multiple Choice Single Answer',
  `question` text NOT NULL,
  `description` text NOT NULL,
  `cid` int(11) NOT NULL,
  `lid` int(11) NOT NULL,
  `no_time_served` int(11) NOT NULL DEFAULT 0,
  `no_time_corrected` int(11) NOT NULL DEFAULT 0,
  `no_time_incorrected` int(11) NOT NULL DEFAULT 0,
  `no_time_unattempted` int(11) NOT NULL DEFAULT 0
) ENGINE=InnoDB DEFAULT CHARSET=utf8mb3 COLLATE=utf8mb3_general_ci;

-- --------------------------------------------------------

--
-- Struktur dari tabel `sekolah`
--

CREATE TABLE `sekolah` (
  `id_sekolah` int(11) NOT NULL,
  `aplikasi` varchar(50) DEFAULT NULL,
  `sekolah` varchar(50) DEFAULT NULL,
  `jenis` varchar(50) DEFAULT NULL,
  `jenjang` varchar(50) DEFAULT NULL,
  `kode_sekolah` varchar(50) DEFAULT NULL,
  `npsn` varchar(50) DEFAULT NULL,
  `semester` int(11) NOT NULL DEFAULT 1,
  `tp` varchar(50) DEFAULT NULL,
  `alamat` varchar(50) DEFAULT NULL,
  `desa` varchar(50) DEFAULT NULL,
  `kecamatan` varchar(50) DEFAULT NULL,
  `kabupaten` varchar(50) DEFAULT NULL,
  `propinsi` varchar(50) DEFAULT NULL,
  `kepsek` varchar(50) DEFAULT NULL,
  `nip` varchar(50) DEFAULT NULL,
  `email` varchar(50) DEFAULT NULL,
  `web` varchar(50) DEFAULT NULL,
  `telp` varchar(50) DEFAULT NULL,
  `fax` varchar(50) DEFAULT NULL,
  `kurikulum` int(11) NOT NULL DEFAULT 0,
  `waktu` varchar(50) DEFAULT NULL,
  `url_host` varchar(50) DEFAULT NULL,
  `token_api` text DEFAULT NULL,
  `id_server` varchar(50) DEFAULT NULL,
  `status` int(11) NOT NULL DEFAULT 0,
  `logo` text DEFAULT NULL,
  `versi` varchar(50) DEFAULT NULL,
  `header_kartu` text DEFAULT NULL,
  `header` text DEFAULT NULL,
  `server` varchar(20) DEFAULT NULL,
  `proktor` varchar(50) DEFAULT NULL,
  `tekhnisi` varchar(50) DEFAULT NULL,
  `stempel` text DEFAULT NULL,
  `model` varchar(50) DEFAULT NULL,
  `url_api` varchar(50) DEFAULT NULL,
  `nama_ujian` varchar(50) DEFAULT NULL,
  `kirimabsen` int(11) NOT NULL DEFAULT 0,
  `tanggal_rapor` varchar(50) DEFAULT NULL,
  `background` text DEFAULT NULL
) ENGINE=InnoDB DEFAULT CHARSET=latin1 COLLATE=latin1_swedish_ci;

--
-- Dumping data untuk tabel `sekolah`
--

INSERT INTO `sekolah` (`id_sekolah`, `aplikasi`, `sekolah`, `jenis`, `jenjang`, `kode_sekolah`, `npsn`, `semester`, `tp`, `alamat`, `desa`, `kecamatan`, `kabupaten`, `propinsi`, `kepsek`, `nip`, `email`, `web`, `telp`, `fax`, `kurikulum`, `waktu`, `url_host`, `token_api`, `id_server`, `status`, `logo`, `versi`, `header_kartu`, `header`, `server`, `proktor`, `tekhnisi`, `stempel`, `model`, `url_api`, `nama_ujian`, `kirimabsen`, `tanggal_rapor`, `background`) VALUES
(1, 'NEW SANDIK', 'SMA NUSANTARA', 'REGULER', 'SMA', 'SEK-295', '0089757345', 2, '2022/2023', NULL, NULL, NULL, 'Mutiara', 'Sulawesi Selatan', NULL, NULL, NULL, NULL, NULL, NULL, 0, 'Asia/Jakarta', 'https://pusat.sam-dik.my.id/', 'WKJ9vUTCuZwDvi', 'SR220', 0, 'dist/img/logo68.png', NULL, 'KARTU PESERTA UJIAN', 'DINAS PENDIDIKAN DAN KEBUDAYAAN', 'lokal', 'Lionel S.Pd.', NULL, NULL, NULL, NULL, 'Peilaian Akhir Tahun', 0, NULL, NULL);

-- --------------------------------------------------------

--
-- Struktur dari tabel `server`
--

CREATE TABLE `server` (
  `kode_server` varchar(20) NOT NULL,
  `nama_server` varchar(30) NOT NULL,
  `status` varchar(15) NOT NULL
) ENGINE=InnoDB DEFAULT CHARSET=latin1 COLLATE=latin1_swedish_ci;

--
-- Dumping data untuk tabel `server`
--

INSERT INTO `server` (`kode_server`, `nama_server`, `status`) VALUES
('SR220', 'SR220', 'aktif'),
('', '', 'aktif');

-- --------------------------------------------------------

--
-- Struktur dari tabel `sesi`
--

CREATE TABLE `sesi` (
  `kode_sesi` varchar(10) NOT NULL,
  `nama_sesi` varchar(30) NOT NULL
) ENGINE=InnoDB DEFAULT CHARSET=latin1 COLLATE=latin1_swedish_ci;

--
-- Dumping data untuk tabel `sesi`
--

INSERT INTO `sesi` (`kode_sesi`, `nama_sesi`) VALUES
('', ''),
('1', '1');

-- --------------------------------------------------------

--
-- Struktur dari tabel `session`
--

CREATE TABLE `session` (
  `id` int(11) NOT NULL,
  `session_time` varchar(10) NOT NULL,
  `session_hash` text NOT NULL
) ENGINE=InnoDB DEFAULT CHARSET=latin1 COLLATE=latin1_swedish_ci;

--
-- Dumping data untuk tabel `session`
--

INSERT INTO `session` (`id`, `session_time`, `session_hash`) VALUES
(1, '', '');

-- --------------------------------------------------------

--
-- Struktur dari tabel `sinkron`
--

CREATE TABLE `sinkron` (
  `nama_data` varchar(50) NOT NULL,
  `data` varchar(50) DEFAULT NULL,
  `jumlah` varchar(50) DEFAULT NULL,
  `tanggal` varchar(50) DEFAULT NULL,
  `status_sinkron` int(11) DEFAULT NULL
) ENGINE=InnoDB DEFAULT CHARSET=utf8mb3 COLLATE=utf8mb3_general_ci;

--
-- Dumping data untuk tabel `sinkron`
--

INSERT INTO `sinkron` (`nama_data`, `data`, `jumlah`, `tanggal`, `status_sinkron`) VALUES
('DATA1', 'siswa', '', '', 0),
('DATA2', 'bank soal', '', '', 0),
('DATA3', 'soal', '', '', 0),
('DATA4', 'jadwal', '', '', 0),
('DATA5', 'jenis', '', '', 0),
('DATA7', 'menu', '', '', 0),
('DATA8', 'pengumuman', '', '', 0),
('DATA9', 'mapel', '', '', 0);

-- --------------------------------------------------------

--
-- Struktur dari tabel `soal`
--

CREATE TABLE `soal` (
  `id_soal` int(11) NOT NULL,
  `id_bank` int(11) DEFAULT NULL,
  `nomor` int(5) DEFAULT NULL,
  `soal` longtext DEFAULT NULL,
  `jenis` int(1) DEFAULT NULL,
  `kode` varchar(50) DEFAULT NULL,
  `opsi` int(11) NOT NULL,
  `pilA` longtext DEFAULT NULL,
  `pilB` longtext DEFAULT NULL,
  `pilC` longtext DEFAULT NULL,
  `pilD` longtext DEFAULT NULL,
  `pilE` longtext DEFAULT NULL,
  `perA` text DEFAULT NULL,
  `perB` text DEFAULT NULL,
  `perC` text DEFAULT NULL,
  `perD` text DEFAULT NULL,
  `perE` text DEFAULT NULL,
  `jawaban` text DEFAULT NULL,
  `file` longtext DEFAULT NULL,
  `file1` mediumtext DEFAULT NULL,
  `fileA` mediumtext DEFAULT NULL,
  `fileB` mediumtext DEFAULT NULL,
  `fileC` mediumtext DEFAULT NULL,
  `fileD` mediumtext DEFAULT NULL,
  `fileE` mediumtext DEFAULT NULL,
  `ket` text DEFAULT NULL,
  `sts` int(11) DEFAULT 0,
  `groupsoal` varchar(50) DEFAULT NULL,
  `pembahasan` longtext DEFAULT NULL
) ENGINE=InnoDB DEFAULT CHARSET=utf8mb3 COLLATE=utf8mb3_general_ci;

--
-- Dumping data untuk tabel `soal`
--

INSERT INTO `soal` (`id_soal`, `id_bank`, `nomor`, `soal`, `jenis`, `kode`, `opsi`, `pilA`, `pilB`, `pilC`, `pilD`, `pilE`, `perA`, `perB`, `perC`, `perD`, `perE`, `jawaban`, `file`, `file1`, `fileA`, `fileB`, `fileC`, `fileD`, `fileE`, `ket`, `sts`, `groupsoal`, `pembahasan`) VALUES
(1, 1, 1, 'SPEKTRUM GELOMBANG ELEKTROMAGNETIK\nKenny sedang melihat artikel mengenai Sains dan menemukan gambar sebagai berikutPada gambar, disajikan berbagai macam gelombang elektromagnetik yang disusun berdasarkan frekuensinya dalam satuan Hz.\nWarna yang memiliki frekuensi lebih tinggi daripada warna hijau, tetapi lebih rendah daripada warna ungu adalah .... \n\n', 1, '', 4, 'biru', 'jingga', 'merah', 'kuning', '', '', '', '', '', '', 'A', '9514.jpeg', NULL, NULL, NULL, NULL, NULL, NULL, NULL, 0, NULL, NULL),
(2, 1, 2, 'kompakan, serta semangat kerja sama dalam diri para pemain dapat terasah. Permainan ini juga mengajarkan kita untuk tidak putus asa dan tetap berusaha karena selama bermain, lawan yang berhasil melewati garis tidak boleh langsung membuat pemain putus asa.  \nBerdasarkan teks di atas, permainan gobak sodor ….\n', 1, '', 4, 'berasal dari wilayah di sekitar Jawa Tengah', 'memupuk nilai kehidupan sosial dalam diri pemainnya', 'dimainkan oleh dua tim dan satu tim setidaknya terdiri dari 5 ', 'bermanfaat untuk kesehatan fisik dan mental para pemainnya', '', '', '', '', '', '', 'B', '2864.jpeg', NULL, NULL, NULL, NULL, NULL, NULL, NULL, 0, NULL, NULL),
(3, 1, 3, 'Suatu hari, Mayer sedang berjalan-jalan mengelilingi beberapa titik. Rute perjalanan Mayer terlihat pada gambar di bawah ini. Terdapat 5 titik lokasi Mayer singgah, yaitu titik A, B, C, D, dan E.  Untuk mencapai titik-titik tertentu, Mayer menghabiskan energi setara dengan angka yang ditampilkan pada gambar.\nSebagai ilustrasi: Mayer ingin mencapai titik B dari titik A. Rute ke B membutuhkan 1 energi. Dari titik B ke titik E membutuhkan 2 energi. Jadi, jika Mayer berjalan dari A ke B, lalu ke E, maka ia menghabiskan total 3 energi. Rute ini bisa ditulis sebagai A-B-E.\nSaat ini, Mayer berada di titik A dengan berbekal x energi. Jika kemudian Mayer menempuh rute A-B-C-A-D-E, dan yang tersisa adalah 7 energi, total energi Mayer awal mula-mula adalah ... energi.\n', 2, '', 1, NULL, NULL, NULL, NULL, NULL, NULL, NULL, NULL, NULL, NULL, '32', '1435.jpeg', NULL, NULL, NULL, NULL, NULL, NULL, NULL, 0, NULL, NULL),
(4, 1, 4, 'Ayah Lisa adalah seorang petani. Selain menyikapi dampak negatif datangnya musim penghujan, ayah Lisa juga memanfaatkan dampak positif musim penghujan untuk kelangsungan pertaniannya. Menurut ayah Lisa, La Nina memberikan banyak dampak positif pada sektor pertanian. Kemudian, Lisa mencari tahu apa saja dampak positif dari La Nina.  \nDAMPAK POSITIF LA NINA\nDekan Sekolah Vokasi UGM Agus Maryono yang juga merupakan pakar Ekohidrolik dan pelopor restorasi sungai Indonesia mengatakan bahwa seharusnya tahun basah (musim penghujan) bisa dimanfaatkan. Daerah kering dan semi kering juga dapat memanfaatkan air yang berlimpah. Dengan adanya tahun basah, air tanah bisa terisi secara maksimal, begitu pula dengan danau, situ, serta telaga. Alur sungai pun dapat terbentuk dengan sempurna. Masyarakat di sekitar sungai dapat melakukan susur sungai sehingga mereka akan mengetahui sungai yang bisa digunakan untuk mitigasi serta sungai yang memiliki potensi wisata, potensi sumber air, dan potensi perikanan.\nSelain itu, Rizaldi Boer dari Pusat Pengelolaan Risiko dan Peluang Iklim Institut Pertanian Bogor (IPB) mengatakan, La Nina juga mempunyai manfaat bagi pertanian pangan. La Nina memberi peluang untuk percepatan tanam serta perluasan area tanam padi, baik di lahan sawah irigasi, tadah hujan, maupun ladang. Lebih lanjut, La Nina dapat dimanfaatkan untuk meningkatkan areal tanam pada musim hujan, khususnya untuk daerah lahan kering. Petani disarankan untuk memanfaatkan mundurnya akhir musim hujan dengan menanam tanaman umur pendek dan berekonomi tinggi. Tak hanya itu, petani juga dapat melakukan adaptasi teknik budidaya pada daerah endemik banjir dan pertanian lahan kering di lahan gambut.\nDampak positif La Nina yang lain adalah dapat meningkatkan produksi perluasan lahan pasang surut. Lahan pesisir juga akan berkembang lebih baik karena salinitas dapat dikurangi dan perikanan darat bisa dikembangkan lebih awal. Dari segi sumber daya air, menurut Direktur Bina Teknik SDA Kementerian PU-Pera Eko Winar Irianto, kondisi La Nina dapat memenuhi kapasitas energi maksimum pada operasional waduk, sementara dalam kondisi El Nino energi yang dihasilkan akan berkurang.\nBagaimana dampak positif La Nina dari segi sumber daya air?\n', 2, '', 1, NULL, NULL, NULL, NULL, NULL, NULL, NULL, NULL, NULL, NULL, '10', NULL, NULL, NULL, NULL, NULL, NULL, NULL, NULL, 0, NULL, NULL),
(5, 1, 5, 'Pemerintah melalui Badan Pusat Statistik telah merilis data produktivitas padi dari setiap provinsi di Indonesia. Data tersebut meliputi luas lahan persawahan yang dipanen dan produktivitas lahan panen. Adapun data jumlah produksi per tahun dapat diketahui dengan mengalikan luas lahan panen dan produktivitasnya. Angka produktivitas padi diperoleh melalui survei berupa Gabah Kering Panen (GKP) yang dikonversikan menjadi Gabah Kering Giling (GKG).\n    Pulau Jawa sebagai pulau dengan jumlah penduduk terbanyak masih memerlukan pasokan beras dari daerah lain maupun dari impor. Hal tersebut karena jumlah hasil panen belum dapat mencukupi kebutuhan pangan masyarakat. Berikut data jumlah produksi padi dari perwakilan provinsi di 5 pulau terbesar di Indonesia. \nTentukan urutan provinsi dari yang memiliki jumlah hasil panen tertinggi hingga terendah!\n', 5, '', 4, '92.198.050,77 kuintal', '46.786.971,19 kuintal', '20.763.612,87 kuintal', '11.345.248,95 kuintal', '', 'Sumatra Utara', 'Jawa Barat', 'Kalimantan Selatan', 'Sulawesi Selatan', '', 'C, A, D, B', '910.png', NULL, NULL, NULL, NULL, NULL, NULL, NULL, 0, NULL, NULL),
(6, 1, 6, 'Mina padi adalah suatu bentuk usaha tani gabungan yang memanfaatkan genangan air sawah yang tengah ditanami padi sebagai kolam untuk budidaya ikan. Oleh karena itu, selain mendapat hasil panen yaitu padi, petani yang menerapkan sistem mina padi juga dapat memanen ikan. Pak Made adalah salah satu petani di Bali yang menerapkan sistem mina padi di sawahnya. Pak Made mengatakan bahwa dengan menerapkan sistem mina padi, pendapatan dari hasil panen beliau meningkat. “Akan tetapi, perawatan padi dan ikan pada sistem mina padi memang gampang-gampang susah”, katanya.\nBenih ikan yang ditebar oleh Pak Made di sawah beliau yang seluas 1,5 ha adalah ikan emas dan ikan nila yang masih berukuran 5 cm sampai dengan 8 cm dengan kepadatan 5.000 ekor/ha. Perbandingan benih ikan emas dengan benih ikan nila yang ditebar oleh Pak Made adalah 3 : 2. Harga bibit ikan nila adalah Rp500,00/ekor dan harga bibit ikan emas adalah dua kali lipatnya. Setiap pagi, Pak Made memberi pakan tambahan berupa dedak halus 250 kg/ha untuk ikan yang ada di sawahnya.\nSetelah tujuh puluh hari, Pak Made memanen ikannya tersebut. Total ikan yang dipanen adalah 6.500 kg/ha. Perbandingan hasil panen ikan emas dan ikan nila sama dengan perbandingan benih ikan ketika ditebar. Harga ikan emas dan ikan nila yang dipanen oleh Pak Made berturut-turut adalah Rp30.000,00/kg dan Rp27.000,00/kg. Sekitar 2 bulan kemudian, Pak Made memanen padinya dengan hasil panen 5,7 ton/ha. Pak Made menjualnya dalam bentuk gabah kering panen (GKP) dengan harga Rp5.000,00/kg.\nTentukan benar atau salah pernyataan berikut dengan memberi tanda ✓ pada kolom yang sesuai!\n', 4, '', 4, '• Total benih ikan emas yang ditebar di sawah Pak Made adalah 4.500 ekor', '• Total benih ikan nila yang ditebar di sawah Pak Made adalah 2.000 ekor', '• Total ikan emas yang dipanen Pak Made adalah 3.900 ekor', '• Total ikan nila yang dipanen Pak Made adalah 3.900 ekor', '', '', '', '', '', '', 'B, S, S, B', NULL, NULL, NULL, NULL, NULL, NULL, NULL, NULL, 0, NULL, NULL),
(7, 1, 7, 'Kita sering kali melakukan olahraga. Bahkan, orang-orang di sekitar kita juga sering menyarankan kita untuk melakukan aktivitas tersebut. Rupanya, ada keterkaitan antara berolahraga dengan kesehatan fisik dan mental, misalnya terkait dengan perkembangan tubuh dan interaksi sosial.\n     Perlu diketahui bahwa olahraga bermanfaat dalam mencegah risiko berbagai penyakit. Saat tubuh jarang melakukan olahraga, lemak akan menumpuk di dalam tubuh sehingga dapat berujung pada terjadinya obesitas. Namun, dengan berolahraga secara teratur, tumpukan lemak yang ada di dalam tubuh bisa terbakar. Selain itu, saat berolahraga, terjadi kontraksi otot-otot tubuh yang menyebabkan cairan getah bening dapat mengalir dengan lancar. Cairan getah bening merupakan cairan yang mengandung sel-sel darah putih yang berkaitan dengan sistem pertahanan tubuh. Berbeda dengan pembuluh darah, cairan getah bening ini tidak mengalir karena kontraksi jantung, tetapi karena kontraksi otot-otot yang melekat pada rangka tubuh kita.\n     Selain manfaat tersebut, olahraga juga dapat meningkatkan perkembangan tubuh. Aktivitas yang dilakukan selama olahraga akan membantu tubuh untuk lebih cepat berkembang. Ketika berolahraga, terjadi kontraksi otot-otot yang menyebabkan otot lebih terlatih dan akan berkembang dengan baik. Selain itu, aktivitas olahraga yang diiringi gizi seimbang juga dapat membuat metabolisme tubuh menjadi lebih lancar karena hormon pertumbuhan bekerja lebih maksimal.\n     Selain bermanfaat bagi kesehatan fisik, olahraga juga dapat meningkatkan interaksi sosial. Ketika olahraga dilakukan dalam kelompok, misalnya saat bermain sepak bola, basket, dan futsal, terjadi proses perkenalan dengan orang lain, baik dengan orang di dalam tim maupun di luar tim. Selain itu, terjadi proses saling bekerja sama saat bermain atau bertanding. Adanya kompetisi yang sehat dalam permainan olahraga tersebut juga membuat kita menjadi lebih jujur. Akhirnya, kita menjadi terbiasa dalam melakukan \nSelain berolahraga, hal yang perlu kita lakukan untuk menjaga kesehatan fisik dan mental adalah ....  \n', 3, '', 4, 'Mengurangi makan makanan penyebab obesitas', 'Meningkatkan interaksi sosial dan sikap saling bekerja sama', 'Mengurangi makanan berprotein dan berlemak tinggi', 'Memakan makanan bergizi seimbang', '', '', '', '', '', '', 'A, B, D', '8682.jpeg', NULL, NULL, NULL, NULL, NULL, NULL, NULL, 0, NULL, NULL),
(8, 1, 8, 'Urutkan abjad berikut berikut', 5, 'U', 3, 'C', 'A', 'B', '', '', '', '', '', '', '', 'B, C, A', NULL, NULL, NULL, NULL, NULL, NULL, NULL, NULL, 0, NULL, NULL);

-- --------------------------------------------------------

--
-- Struktur dari tabel `temp_file`
--

CREATE TABLE `temp_file` (
  `id_file` int(11) NOT NULL,
  `id_bank` int(11) DEFAULT 0,
  `nama_file` varchar(50) DEFAULT NULL,
  `status_file` int(1) DEFAULT NULL
) ENGINE=InnoDB DEFAULT CHARSET=utf8mb3 COLLATE=utf8mb3_general_ci;

-- --------------------------------------------------------

--
-- Struktur dari tabel `temp_pil`
--

CREATE TABLE `temp_pil` (
  `id` int(11) NOT NULL,
  `idbank` int(11) NOT NULL,
  `nomor` int(11) NOT NULL
) ENGINE=InnoDB DEFAULT CHARSET=utf8mb4 COLLATE=utf8mb4_general_ci;

-- --------------------------------------------------------

--
-- Struktur dari tabel `temp_soal`
--

CREATE TABLE `temp_soal` (
  `id` int(11) NOT NULL,
  `id_bank` int(11) NOT NULL,
  `nomor` int(11) NOT NULL,
  `idfile` int(11) NOT NULL,
  `file` text NOT NULL
) ENGINE=InnoDB DEFAULT CHARSET=utf8mb4 COLLATE=utf8mb4_general_ci;

-- --------------------------------------------------------

--
-- Struktur dari tabel `wabot`
--

CREATE TABLE `wabot` (
  `id` int(11) NOT NULL,
  `pesan` text DEFAULT NULL,
  `untuk` varchar(50) DEFAULT NULL,
  `status` int(11) NOT NULL
) ENGINE=InnoDB DEFAULT CHARSET=utf8mb4 COLLATE=utf8mb4_general_ci;

--
-- Dumping data untuk tabel `wabot`
--

INSERT INTO `wabot` (`id`, `pesan`, `untuk`, `status`) VALUES
(1, 'tes saja', 'X-A', 0),
(2, 'Untuk yang belum membayar biaya Registrasi ditunggu sampai dengan *Tanggal 15 Mei 2023*', 'daftar', 0);

--
-- Indexes for dumped tables
--

--
-- Indeks untuk tabel `absen`
--
ALTER TABLE `absen`
  ADD PRIMARY KEY (`id`);

--
-- Indeks untuk tabel `aplikasi`
--
ALTER TABLE `aplikasi`
  ADD PRIMARY KEY (`id_aplikasi`);

--
-- Indeks untuk tabel `backup`
--
ALTER TABLE `backup`
  ADD PRIMARY KEY (`id`);

--
-- Indeks untuk tabel `banksoal`
--
ALTER TABLE `banksoal`
  ADD PRIMARY KEY (`id_bank`),
  ADD UNIQUE KEY `kode` (`kode`);

--
-- Indeks untuk tabel `berita`
--
ALTER TABLE `berita`
  ADD PRIMARY KEY (`id`);

--
-- Indeks untuk tabel `bulan`
--
ALTER TABLE `bulan`
  ADD PRIMARY KEY (`id`);

--
-- Indeks untuk tabel `file_pendukung`
--
ALTER TABLE `file_pendukung`
  ADD PRIMARY KEY (`id_file`);

--
-- Indeks untuk tabel `jadwal_mapel`
--
ALTER TABLE `jadwal_mapel`
  ADD PRIMARY KEY (`id_jadwal`);

--
-- Indeks untuk tabel `jawaban`
--
ALTER TABLE `jawaban`
  ADD PRIMARY KEY (`id_jawaban`);

--
-- Indeks untuk tabel `jawaban_dup`
--
ALTER TABLE `jawaban_dup`
  ADD PRIMARY KEY (`id_jawaban`);

--
-- Indeks untuk tabel `jenis`
--
ALTER TABLE `jenis`
  ADD PRIMARY KEY (`id_jenis`);

--
-- Indeks untuk tabel `jenis_sp`
--
ALTER TABLE `jenis_sp`
  ADD PRIMARY KEY (`id_sp`);

--
-- Indeks untuk tabel `jodoh`
--
ALTER TABLE `jodoh`
  ADD PRIMARY KEY (`id_jawaban`);

--
-- Indeks untuk tabel `kelas`
--
ALTER TABLE `kelas`
  ADD PRIMARY KEY (`id_kelas`);

--
-- Indeks untuk tabel `kontak`
--
ALTER TABLE `kontak`
  ADD PRIMARY KEY (`id_kontak`);

--
-- Indeks untuk tabel `kontakme`
--
ALTER TABLE `kontakme`
  ADD PRIMARY KEY (`id`);

--
-- Indeks untuk tabel `level`
--
ALTER TABLE `level`
  ADD PRIMARY KEY (`kode_level`);

--
-- Indeks untuk tabel `log`
--
ALTER TABLE `log`
  ADD PRIMARY KEY (`id_log`);

--
-- Indeks untuk tabel `log_guru`
--
ALTER TABLE `log_guru`
  ADD PRIMARY KEY (`id_log`);

--
-- Indeks untuk tabel `mata_pelajaran`
--
ALTER TABLE `mata_pelajaran`
  ADD PRIMARY KEY (`kode_mapel`);

--
-- Indeks untuk tabel `menu`
--
ALTER TABLE `menu`
  ADD PRIMARY KEY (`id_menu`);

--
-- Indeks untuk tabel `m_hari`
--
ALTER TABLE `m_hari`
  ADD PRIMARY KEY (`idh`);

--
-- Indeks untuk tabel `nilai`
--
ALTER TABLE `nilai`
  ADD PRIMARY KEY (`id_nilai`);

--
-- Indeks untuk tabel `pengumuman`
--
ALTER TABLE `pengumuman`
  ADD PRIMARY KEY (`id_pengumuman`);

--
-- Indeks untuk tabel `pesan`
--
ALTER TABLE `pesan`
  ADD PRIMARY KEY (`id`);

--
-- Indeks untuk tabel `pk`
--
ALTER TABLE `pk`
  ADD PRIMARY KEY (`id_pk`);

--
-- Indeks untuk tabel `ruang`
--
ALTER TABLE `ruang`
  ADD PRIMARY KEY (`kode_ruang`);

--
-- Indeks untuk tabel `savsoft_options`
--
ALTER TABLE `savsoft_options`
  ADD PRIMARY KEY (`oid`);

--
-- Indeks untuk tabel `savsoft_qbank`
--
ALTER TABLE `savsoft_qbank`
  ADD PRIMARY KEY (`qid`);

--
-- Indeks untuk tabel `sekolah`
--
ALTER TABLE `sekolah`
  ADD PRIMARY KEY (`id_sekolah`);

--
-- Indeks untuk tabel `sesi`
--
ALTER TABLE `sesi`
  ADD PRIMARY KEY (`kode_sesi`);

--
-- Indeks untuk tabel `session`
--
ALTER TABLE `session`
  ADD PRIMARY KEY (`id`);

--
-- Indeks untuk tabel `sinkron`
--
ALTER TABLE `sinkron`
  ADD PRIMARY KEY (`nama_data`);

--
-- Indeks untuk tabel `soal`
--
ALTER TABLE `soal`
  ADD PRIMARY KEY (`id_soal`);

--
-- Indeks untuk tabel `temp_file`
--
ALTER TABLE `temp_file`
  ADD PRIMARY KEY (`id_file`);

--
-- Indeks untuk tabel `temp_pil`
--
ALTER TABLE `temp_pil`
  ADD PRIMARY KEY (`id`);

--
-- Indeks untuk tabel `temp_soal`
--
ALTER TABLE `temp_soal`
  ADD PRIMARY KEY (`id`);

--
-- Indeks untuk tabel `wabot`
--
ALTER TABLE `wabot`
  ADD PRIMARY KEY (`id`);

--
-- AUTO_INCREMENT untuk tabel yang dibuang
--

--
-- AUTO_INCREMENT untuk tabel `absen`
--
ALTER TABLE `absen`
  MODIFY `id` int(11) NOT NULL AUTO_INCREMENT, AUTO_INCREMENT=2;

--
-- AUTO_INCREMENT untuk tabel `aplikasi`
--
ALTER TABLE `aplikasi`
  MODIFY `id_aplikasi` int(11) NOT NULL AUTO_INCREMENT, AUTO_INCREMENT=2;

--
-- AUTO_INCREMENT untuk tabel `backup`
--
ALTER TABLE `backup`
  MODIFY `id` int(11) NOT NULL AUTO_INCREMENT;

--
-- AUTO_INCREMENT untuk tabel `banksoal`
--
ALTER TABLE `banksoal`
  MODIFY `id_bank` int(11) NOT NULL AUTO_INCREMENT, AUTO_INCREMENT=2;

--
-- AUTO_INCREMENT untuk tabel `berita`
--
ALTER TABLE `berita`
  MODIFY `id` int(11) NOT NULL AUTO_INCREMENT;

--
-- AUTO_INCREMENT untuk tabel `bulan`
--
ALTER TABLE `bulan`
  MODIFY `id` int(11) NOT NULL AUTO_INCREMENT, AUTO_INCREMENT=13;

--
-- AUTO_INCREMENT untuk tabel `file_pendukung`
--
ALTER TABLE `file_pendukung`
  MODIFY `id_file` int(11) NOT NULL AUTO_INCREMENT, AUTO_INCREMENT=6;

--
-- AUTO_INCREMENT untuk tabel `jadwal_mapel`
--
ALTER TABLE `jadwal_mapel`
  MODIFY `id_jadwal` int(11) NOT NULL AUTO_INCREMENT;

--
-- AUTO_INCREMENT untuk tabel `jawaban`
--
ALTER TABLE `jawaban`
  MODIFY `id_jawaban` int(11) NOT NULL AUTO_INCREMENT;

--
-- AUTO_INCREMENT untuk tabel `jawaban_dup`
--
ALTER TABLE `jawaban_dup`
  MODIFY `id_jawaban` int(11) NOT NULL AUTO_INCREMENT;

--
-- AUTO_INCREMENT untuk tabel `jenis_sp`
--
ALTER TABLE `jenis_sp`
  MODIFY `id_sp` int(11) NOT NULL AUTO_INCREMENT, AUTO_INCREMENT=8;

--
-- AUTO_INCREMENT untuk tabel `jodoh`
--
ALTER TABLE `jodoh`
  MODIFY `id_jawaban` int(11) NOT NULL AUTO_INCREMENT;

--
-- AUTO_INCREMENT untuk tabel `kontak`
--
ALTER TABLE `kontak`
  MODIFY `id_kontak` int(11) NOT NULL AUTO_INCREMENT;

--
-- AUTO_INCREMENT untuk tabel `kontakme`
--
ALTER TABLE `kontakme`
  MODIFY `id` int(11) NOT NULL AUTO_INCREMENT;

--
-- AUTO_INCREMENT untuk tabel `log`
--
ALTER TABLE `log`
  MODIFY `id_log` int(11) NOT NULL AUTO_INCREMENT;

--
-- AUTO_INCREMENT untuk tabel `log_guru`
--
ALTER TABLE `log_guru`
  MODIFY `id_log` int(11) NOT NULL AUTO_INCREMENT, AUTO_INCREMENT=36;

--
-- AUTO_INCREMENT untuk tabel `menu`
--
ALTER TABLE `menu`
  MODIFY `id_menu` int(11) NOT NULL AUTO_INCREMENT, AUTO_INCREMENT=2;

--
-- AUTO_INCREMENT untuk tabel `m_hari`
--
ALTER TABLE `m_hari`
  MODIFY `idh` int(11) NOT NULL AUTO_INCREMENT, AUTO_INCREMENT=8;

--
-- AUTO_INCREMENT untuk tabel `nilai`
--
ALTER TABLE `nilai`
  MODIFY `id_nilai` int(11) NOT NULL AUTO_INCREMENT;

--
-- AUTO_INCREMENT untuk tabel `pengumuman`
--
ALTER TABLE `pengumuman`
  MODIFY `id_pengumuman` int(5) NOT NULL AUTO_INCREMENT;

--
-- AUTO_INCREMENT untuk tabel `pesan`
--
ALTER TABLE `pesan`
  MODIFY `id` int(11) NOT NULL AUTO_INCREMENT, AUTO_INCREMENT=3;

--
-- AUTO_INCREMENT untuk tabel `savsoft_options`
--
ALTER TABLE `savsoft_options`
  MODIFY `oid` int(11) NOT NULL AUTO_INCREMENT;

--
-- AUTO_INCREMENT untuk tabel `savsoft_qbank`
--
ALTER TABLE `savsoft_qbank`
  MODIFY `qid` int(11) NOT NULL AUTO_INCREMENT;

--
-- AUTO_INCREMENT untuk tabel `sekolah`
--
ALTER TABLE `sekolah`
  MODIFY `id_sekolah` int(11) NOT NULL AUTO_INCREMENT, AUTO_INCREMENT=2;

--
-- AUTO_INCREMENT untuk tabel `session`
--
ALTER TABLE `session`
  MODIFY `id` int(11) NOT NULL AUTO_INCREMENT, AUTO_INCREMENT=2;

--
-- AUTO_INCREMENT untuk tabel `soal`
--
ALTER TABLE `soal`
  MODIFY `id_soal` int(11) NOT NULL AUTO_INCREMENT, AUTO_INCREMENT=9;

--
-- AUTO_INCREMENT untuk tabel `temp_file`
--
ALTER TABLE `temp_file`
  MODIFY `id_file` int(11) NOT NULL AUTO_INCREMENT;

--
-- AUTO_INCREMENT untuk tabel `temp_pil`
--
ALTER TABLE `temp_pil`
  MODIFY `id` int(11) NOT NULL AUTO_INCREMENT;

--
-- AUTO_INCREMENT untuk tabel `temp_soal`
--
ALTER TABLE `temp_soal`
  MODIFY `id` int(11) NOT NULL AUTO_INCREMENT;

--
-- AUTO_INCREMENT untuk tabel `wabot`
--
ALTER TABLE `wabot`
  MODIFY `id` int(11) NOT NULL AUTO_INCREMENT, AUTO_INCREMENT=3;
COMMIT;

