-- https://www.phpmyadmin.net/
--
-- Waktu pembuatan: 18 Bulan Mei 2024 pada 17.17
-- Versi server: 10.6.17-MariaDB-cll-lve-log
-- Versi PHP: 8.1.28

START TRANSACTION;



--
-- Database: `quationp1_client`
--

-- --------------------------------------------------------

--
-- Struktur dari tabel `absensi`
--

CREATE TABLE `absensi` (
  `id` int(11) NOT NULL,
  `tanggal` date NOT NULL,
  `ket` varchar(5) DEFAULT NULL,
  `idsiswa` int(11) DEFAULT NULL,
  `kelas` varchar(50) DEFAULT NULL,
  `hapus` varchar(50) DEFAULT NULL,
  `blth` varchar(50) DEFAULT NULL,
  `tahun` varchar(11) DEFAULT NULL,
  `nokartu` varchar(50) DEFAULT NULL,
  `idguru` int(11) DEFAULT NULL,
  `jam_masuk` varchar(50) DEFAULT NULL,
  `jam_pulang` varchar(50) DEFAULT NULL,
  `level` varchar(50) DEFAULT NULL
) ENGINE=InnoDB DEFAULT CHARSET=latin1 COLLATE=latin1_swedish_ci;

-- --------------------------------------------------------

--
-- Struktur dari tabel `absen_daring`
--

CREATE TABLE `absen_daring` (
  `id` int(11) NOT NULL,
  `idsiswa` int(11) DEFAULT NULL,
  `tanggal` date NOT NULL,
  `bulan` varchar(5) DEFAULT NULL,
  `ket` varchar(50) DEFAULT NULL,
  `gambar` text DEFAULT NULL,
  `tahun` varchar(50) DEFAULT NULL,
  `lat` text DEFAULT NULL,
  `lon` text DEFAULT NULL,
  `jam` text DEFAULT NULL
) ENGINE=InnoDB DEFAULT CHARSET=utf8mb4 COLLATE=utf8mb4_general_ci;

-- --------------------------------------------------------

--
-- Struktur dari tabel `absen_daringmapel`
--

CREATE TABLE `absen_daringmapel` (
  `id` int(11) NOT NULL,
  `idmateri` int(11) DEFAULT NULL,
  `mapel` varchar(50) DEFAULT NULL,
  `idsiswa` int(11) DEFAULT NULL,
  `tanggal` date NOT NULL,
  `jam` varchar(50) DEFAULT NULL,
  `bulan` varchar(5) DEFAULT NULL,
  `ket` varchar(50) DEFAULT NULL,
  `guru` int(11) DEFAULT NULL,
  `tahun` varchar(11) DEFAULT NULL
) ENGINE=InnoDB DEFAULT CHARSET=utf8mb4 COLLATE=utf8mb4_general_ci;

-- --------------------------------------------------------

--
-- Struktur dari tabel `absen_mapel`
--

CREATE TABLE `absen_mapel` (
  `id` int(11) NOT NULL,
  `tanggal` date NOT NULL,
  `idjadwal` int(11) DEFAULT NULL,
  `ket` varchar(5) DEFAULT NULL,
  `idsiswa` int(11) DEFAULT NULL,
  `hapus` varchar(20) DEFAULT NULL,
  `blth` varchar(50) DEFAULT NULL,
  `tahun` varchar(11) DEFAULT NULL
) ENGINE=InnoDB DEFAULT CHARSET=latin1 COLLATE=latin1_swedish_ci;

-- --------------------------------------------------------

--
-- Struktur dari tabel `agenda`
--

CREATE TABLE `agenda` (
  `id` int(11) NOT NULL,
  `idjadwal` int(11) NOT NULL,
  `kurikulum` varchar(50) DEFAULT NULL,
  `tanggal` date DEFAULT NULL,
  `kikd` varchar(50) DEFAULT NULL,
  `materi` text DEFAULT NULL,
  `indikator` text DEFAULT NULL,
  `kehadiran` int(11) DEFAULT NULL,
  `bulan` varchar(10) DEFAULT NULL,
  `tahun` varchar(10) DEFAULT NULL,
  `hambatan` text DEFAULT NULL,
  `pemecahan` text DEFAULT NULL,
  `lm` varchar(20) DEFAULT NULL,
  `tp` varchar(20) DEFAULT NULL
) ENGINE=InnoDB DEFAULT CHARSET=latin1 COLLATE=latin1_swedish_ci;

-- --------------------------------------------------------

--
-- Struktur dari tabel `aplikasi`
--

CREATE TABLE `aplikasi` (
  `id_aplikasi` int(11) NOT NULL,
  `aplikasi` varchar(50) DEFAULT NULL,
  `sekolah` varchar(50) DEFAULT NULL,
  `jenis` varchar(50) DEFAULT NULL,
  `jenjang` varchar(50) DEFAULT NULL,
  `kode_sekolah` varchar(50) DEFAULT NULL,
  `npsn` varchar(50) DEFAULT NULL,
  `semester` int(11) NOT NULL DEFAULT 1,
  `tp` varchar(50) DEFAULT NULL,
  `alamat` varchar(50) DEFAULT NULL,
  `desa` varchar(50) DEFAULT NULL,
  `kecamatan` varchar(50) DEFAULT NULL,
  `kabupaten` varchar(50) DEFAULT NULL,
  `propinsi` varchar(50) DEFAULT NULL,
  `kepsek` varchar(50) DEFAULT NULL,
  `nip` varchar(50) DEFAULT NULL,
  `email` varchar(50) DEFAULT NULL,
  `web` varchar(50) DEFAULT NULL,
  `telp` varchar(50) DEFAULT NULL,
  `fax` varchar(50) DEFAULT NULL,
  `kurikulum` int(11) NOT NULL DEFAULT 0,
  `waktu` varchar(50) DEFAULT NULL,
  `url_host` varchar(50) DEFAULT NULL,
  `token_api` text DEFAULT NULL,
  `id_server` varchar(50) DEFAULT NULL,
  `status` int(11) NOT NULL DEFAULT 0,
  `logo` text DEFAULT NULL,
  `logo_kanan` text DEFAULT NULL,
  `versi` varchar(50) DEFAULT NULL,
  `header_kartu` text DEFAULT NULL,
  `header` text DEFAULT NULL,
  `server` varchar(20) DEFAULT NULL,
  `proktor` varchar(50) DEFAULT NULL,
  `tekhnisi` varchar(50) DEFAULT NULL,
  `stempel` text DEFAULT NULL,
  `model` varchar(50) DEFAULT NULL,
  `url_api` varchar(50) DEFAULT NULL,
  `nama_ujian` varchar(50) DEFAULT NULL,
  `kirimabsen` int(11) NOT NULL DEFAULT 0,
  `tanggal_rapor` varchar(50) DEFAULT NULL,
  `background` text DEFAULT NULL
) ENGINE=InnoDB DEFAULT CHARSET=latin1 COLLATE=latin1_swedish_ci;

--
-- Dumping data untuk tabel `aplikasi`
--

INSERT INTO `aplikasi` (`id_aplikasi`, `aplikasi`, `sekolah`, `jenis`, `jenjang`, `kode_sekolah`, `npsn`, `semester`, `tp`, `alamat`, `desa`, `kecamatan`, `kabupaten`, `propinsi`, `kepsek`, `nip`, `email`, `web`, `telp`, `fax`, `kurikulum`, `waktu`, `url_host`, `token_api`, `id_server`, `status`, `logo`, `logo_kanan`, `versi`, `header_kartu`, `header`, `server`, `proktor`, `tekhnisi`, `stempel`, `model`, `url_api`, `nama_ujian`, `kirimabsen`, `tanggal_rapor`, `background`) VALUES
(1, 'NEW SANDIK', 'SMA NUSANTARA', 'REGULER', 'SMA', 'SEK-295', '0089757345', 2, '2023/2024', 'Jln. Merdeka No 04', 'SUkamaju', 'Belajar                           ', 'Barcelona', 'Jawa Timur', 'Sirfando S.Pd.', '-', '', 'smanusantara.com', '081380774602', '-', 0, 'Asia/Jakarta', 'https://pusat.sam-dik.my.id/', 'WKJ9vUTCuZwDvi', 'SR220', 0, 'dist/img/logo95.png', 'dist/img/logokanan.png', NULL, 'KARTU PESERTA UJIAN', 'DINAS PENDIDIKAN PEMUDA DAN OLAHRAGA', 'pusat', 'AAAA', '', 'dist/img/stempel364.png', 'Manual', 'http://localhost:8000', 'Peilaian Akhir Tahun', 0, '23 Juni 2023', 'dist/img/bk.png');

-- --------------------------------------------------------

--
-- Struktur dari tabel `backup`
--

CREATE TABLE `backup` (
  `id` int(11) NOT NULL,
  `file` text DEFAULT NULL
) ENGINE=InnoDB DEFAULT CHARSET=utf8mb4 COLLATE=utf8mb4_general_ci;

-- --------------------------------------------------------

--
-- Struktur dari tabel `banksoal`
--

CREATE TABLE `banksoal` (
  `id_bank` int(11) NOT NULL,
  `kode` varchar(255) DEFAULT NULL,
  `idpk` varchar(255) DEFAULT NULL,
  `idguru` varchar(11) DEFAULT NULL,
  `nama` varchar(50) DEFAULT NULL,
  `jml_soal` int(5) DEFAULT 0,
  `jml_esai` int(5) NOT NULL DEFAULT 0,
  `jml_multi` int(11) NOT NULL DEFAULT 0,
  `jml_bs` int(11) NOT NULL DEFAULT 0,
  `jml_urut` int(11) NOT NULL DEFAULT 0,
  `tampil_pg` int(5) NOT NULL DEFAULT 0,
  `tampil_esai` int(5) NOT NULL DEFAULT 0,
  `tampil_multi` int(11) NOT NULL DEFAULT 0,
  `tampil_bs` int(11) NOT NULL DEFAULT 0,
  `tampil_urut` int(11) NOT NULL DEFAULT 0,
  `bobot_pg` int(5) NOT NULL DEFAULT 0,
  `bobot_esai` int(5) NOT NULL DEFAULT 0,
  `bobot_multi` int(11) NOT NULL DEFAULT 0,
  `bobot_bs` int(11) NOT NULL DEFAULT 0,
  `bobot_urut` int(11) NOT NULL DEFAULT 0,
  `level` varchar(50) DEFAULT NULL,
  `opsi` varchar(5) DEFAULT NULL,
  `kelas` varchar(255) DEFAULT NULL,
  `date` timestamp NOT NULL DEFAULT current_timestamp() ON UPDATE current_timestamp(),
  `status` varchar(2) DEFAULT NULL,
  `kkm` int(3) DEFAULT NULL,
  `soal_agama` varchar(50) DEFAULT NULL,
  `groupsoal` varchar(50) DEFAULT NULL,
  `pembahasan` int(11) DEFAULT NULL,
  `sts` int(11) DEFAULT 0
) ENGINE=InnoDB DEFAULT CHARSET=latin1 COLLATE=latin1_swedish_ci;

--
-- Dumping data untuk tabel `banksoal`
--

INSERT INTO `banksoal` (`id_bank`, `kode`, `idpk`, `idguru`, `nama`, `jml_soal`, `jml_esai`, `jml_multi`, `jml_bs`, `jml_urut`, `tampil_pg`, `tampil_esai`, `tampil_multi`, `tampil_bs`, `tampil_urut`, `bobot_pg`, `bobot_esai`, `bobot_multi`, `bobot_bs`, `bobot_urut`, `level`, `opsi`, `kelas`, `date`, `status`, `kkm`, `soal_agama`, `groupsoal`, `pembahasan`, `sts`) VALUES
(1, 'TIK', 'a:1:{i:0;s:5:\"semua\";}', '49', 'TIK', 2, 2, 1, 1, 2, 2, 2, 1, 1, 2, 20, 20, 20, 20, 20, '9', '', 'a:1:{i:0;s:4:\"IX-A\";}', '2023-06-04 11:46:50', '1', 0, '', 'Literasi', NULL, 0);

-- --------------------------------------------------------

--
-- Struktur dari tabel `barusikap`
--

CREATE TABLE `barusikap` (
  `idp` int(11) NOT NULL,
  `nis` varchar(50) DEFAULT NULL,
  `p_dimensi` int(11) NOT NULL,
  `p_elemen` int(11) NOT NULL,
  `p_sub` int(11) NOT NULL
) ENGINE=InnoDB DEFAULT CHARSET=latin1 COLLATE=latin1_swedish_ci;

-- --------------------------------------------------------

--
-- Struktur dari tabel `bel`
--

CREATE TABLE `bel` (
  `id` int(11) NOT NULL,
  `hari` varchar(50) DEFAULT NULL,
  `haribell` text DEFAULT NULL,
  `jam` int(11) NOT NULL,
  `menit` int(11) NOT NULL DEFAULT 0,
  `lagu` varchar(50) DEFAULT NULL
) ENGINE=InnoDB DEFAULT CHARSET=utf8mb4 COLLATE=utf8mb4_general_ci;

-- --------------------------------------------------------

--
-- Struktur dari tabel `berita`
--

CREATE TABLE `berita` (
  `id_berita` int(10) NOT NULL,
  `id_bank` int(10) NOT NULL,
  `sesi` varchar(10) NOT NULL,
  `ruang` varchar(20) NOT NULL,
  `jenis` varchar(30) NOT NULL,
  `ikut` varchar(10) DEFAULT NULL,
  `susulan` varchar(10) DEFAULT NULL,
  `no_susulan` text DEFAULT NULL,
  `mulai` varchar(10) DEFAULT NULL,
  `selesai` varchar(10) DEFAULT NULL,
  `nama_proktor` varchar(50) DEFAULT NULL,
  `nip_proktor` varchar(50) DEFAULT NULL,
  `nama_pengawas` varchar(50) DEFAULT NULL,
  `nip_pengawas` varchar(50) DEFAULT NULL,
  `catatan` text DEFAULT NULL,
  `tgl_ujian` varchar(20) DEFAULT NULL
) ENGINE=InnoDB DEFAULT CHARSET=latin1 COLLATE=latin1_swedish_ci;

-- --------------------------------------------------------

--
-- Struktur dari tabel `biaya`
--

CREATE TABLE `biaya` (
  `id_biaya` varchar(50) NOT NULL,
  `nama_biaya` varchar(200) NOT NULL,
  `jumlah` int(10) NOT NULL,
  `status` varchar(200) NOT NULL
) ENGINE=InnoDB DEFAULT CHARSET=latin1 COLLATE=latin1_swedish_ci;

-- --------------------------------------------------------

--
-- Struktur dari tabel `binduk_absen`
--

CREATE TABLE `binduk_absen` (
  `id` int(11) NOT NULL,
  `nis` varchar(50) DEFAULT NULL,
  `smt` varchar(50) DEFAULT NULL,
  `tapel` varchar(50) DEFAULT NULL,
  `alpha` int(11) NOT NULL DEFAULT 0,
  `izin` int(11) NOT NULL DEFAULT 0,
  `sakit` int(11) NOT NULL DEFAULT 0
) ENGINE=InnoDB DEFAULT CHARSET=latin1 COLLATE=latin1_swedish_ci;

-- --------------------------------------------------------

--
-- Struktur dari tabel `binduk_nilai`
--

CREATE TABLE `binduk_nilai` (
  `id` int(11) NOT NULL,
  `nis` varchar(50) DEFAULT NULL,
  `mapel` varchar(11) DEFAULT NULL,
  `kkm` int(11) DEFAULT NULL,
  `nilai3` varchar(10) DEFAULT NULL,
  `nilai4` varchar(50) DEFAULT NULL,
  `kelas` varchar(50) DEFAULT NULL,
  `smt` int(11) DEFAULT NULL,
  `tahun` varchar(50) DEFAULT NULL,
  `tapel` varchar(50) DEFAULT NULL,
  `kelompok` varchar(50) DEFAULT NULL,
  `nama_mapel` varchar(50) DEFAULT NULL,
  `urut` int(11) DEFAULT NULL
) ENGINE=InnoDB DEFAULT CHARSET=latin1 COLLATE=latin1_swedish_ci;

-- --------------------------------------------------------

--
-- Struktur dari tabel `binduk_ortu`
--

CREATE TABLE `binduk_ortu` (
  `nis` varchar(50) NOT NULL,
  `ayah` varchar(50) DEFAULT NULL,
  `agama_ayah` varchar(50) DEFAULT NULL,
  `warga_ayah` varchar(50) DEFAULT NULL,
  `pend_ayah` varchar(50) DEFAULT NULL,
  `pek_ayah` varchar(50) DEFAULT NULL,
  `hasil_ayah` varchar(50) DEFAULT NULL,
  `keadaan_ayah` varchar(50) DEFAULT NULL,
  `hp_ayah` varchar(50) DEFAULT NULL,
  `ibu` varchar(50) DEFAULT NULL,
  `agama_ibu` varchar(50) DEFAULT NULL,
  `pend_ibu` varchar(50) DEFAULT NULL,
  `pek_ibu` varchar(50) DEFAULT NULL,
  `hasil_ibu` varchar(50) DEFAULT NULL,
  `hp_ibu` varchar(50) DEFAULT NULL,
  `keadaan_ibu` varchar(50) DEFAULT NULL,
  `warga_ibu` varchar(50) DEFAULT NULL,
  `wali` varchar(50) DEFAULT NULL,
  `agama_wali` varchar(50) DEFAULT NULL,
  `warga_wali` varchar(50) DEFAULT NULL,
  `pend_wali` varchar(50) DEFAULT NULL,
  `pek_wali` varchar(50) DEFAULT NULL,
  `hasil_wali` varchar(50) DEFAULT NULL,
  `alamat_wali` varchar(50) DEFAULT NULL,
  `rt_wali` varchar(6) DEFAULT NULL,
  `rw_wali` varchar(6) DEFAULT NULL,
  `desa_wali` varchar(50) DEFAULT NULL,
  `kec_wali` varchar(50) DEFAULT NULL,
  `kab_wali` varchar(50) DEFAULT NULL,
  `prop_wali` varchar(50) DEFAULT NULL,
  `pos_wali` varchar(50) DEFAULT NULL,
  `hp_wali` varchar(50) DEFAULT NULL
) ENGINE=InnoDB DEFAULT CHARSET=latin1 COLLATE=latin1_swedish_ci;

-- --------------------------------------------------------

--
-- Struktur dari tabel `binduk_siswa`
--

CREATE TABLE `binduk_siswa` (
  `id` int(11) NOT NULL,
  `nis` varchar(50) NOT NULL,
  `nisn` varchar(50) DEFAULT NULL,
  `nama` varchar(50) DEFAULT NULL,
  `panggilan` varchar(50) DEFAULT NULL,
  `t_lahir` varchar(50) DEFAULT NULL,
  `tgl_lahir` varchar(50) DEFAULT NULL,
  `agama` varchar(50) DEFAULT NULL,
  `jk` varchar(50) DEFAULT NULL,
  `warga` varchar(5) DEFAULT NULL,
  `anakke` varchar(5) DEFAULT NULL,
  `sdrkandung` varchar(5) DEFAULT NULL,
  `sdrangkat` varchar(5) DEFAULT NULL,
  `sdrtiri` varchar(5) DEFAULT NULL,
  `status` varchar(50) DEFAULT NULL,
  `bahasa` varchar(50) DEFAULT NULL,
  `alamat` varchar(50) DEFAULT NULL,
  `rt` varchar(6) DEFAULT NULL,
  `rw` varchar(6) DEFAULT NULL,
  `desa` varchar(50) DEFAULT NULL,
  `kecamatan` varchar(50) DEFAULT NULL,
  `kabupaten` varchar(50) DEFAULT NULL,
  `propinsi` varchar(50) DEFAULT NULL,
  `pos` varchar(50) DEFAULT NULL,
  `hp` varchar(20) DEFAULT NULL,
  `tinggal` varchar(50) DEFAULT NULL,
  `jarak` varchar(50) DEFAULT NULL,
  `goldarah` varchar(5) DEFAULT NULL,
  `penyakit` varchar(200) DEFAULT NULL,
  `dis` varchar(50) DEFAULT NULL,
  `tb` varchar(5) DEFAULT NULL,
  `bb` varchar(5) DEFAULT NULL,
  `sebelumnya` varchar(50) DEFAULT NULL,
  `asal` varchar(50) DEFAULT NULL,
  `tglijazah` varchar(50) DEFAULT NULL,
  `noijazah` varchar(50) DEFAULT NULL,
  `dari` varchar(50) DEFAULT NULL,
  `alasanpindah` varchar(255) DEFAULT NULL,
  `dikelas` varchar(50) DEFAULT NULL,
  `kelompok` varchar(50) DEFAULT NULL,
  `jurusan` varchar(50) DEFAULT NULL,
  `tglterima` varchar(50) DEFAULT NULL,
  `tahun1` varchar(6) DEFAULT NULL,
  `tahun2` varchar(6) DEFAULT NULL,
  `tahun3` varchar(6) DEFAULT NULL,
  `tk1` varchar(50) DEFAULT NULL,
  `tk2` varchar(50) DEFAULT NULL,
  `tk3` varchar(50) DEFAULT NULL,
  `dari1` varchar(50) DEFAULT NULL,
  `dari2` varchar(50) DEFAULT NULL,
  `dari3` varchar(50) DEFAULT NULL,
  `tglpindah` varchar(50) DEFAULT NULL,
  `alasan_pindah` varchar(255) DEFAULT NULL,
  `tgl_lulus` varchar(50) DEFAULT NULL,
  `nomorijazah` varchar(50) DEFAULT NULL,
  `lanjutke` varchar(50) DEFAULT NULL,
  `tgl_kerja` date DEFAULT NULL,
  `perusahaan` varchar(50) DEFAULT NULL,
  `hasil_keja` varchar(50) DEFAULT NULL,
  `foto` text DEFAULT NULL
) ENGINE=InnoDB DEFAULT CHARSET=latin1 COLLATE=latin1_swedish_ci;

-- --------------------------------------------------------

--
-- Struktur dari tabel `bk_kategori`
--

CREATE TABLE `bk_kategori` (
  `id` int(11) NOT NULL,
  `kategori` varchar(100) DEFAULT NULL
) ENGINE=InnoDB DEFAULT CHARSET=latin1 COLLATE=latin1_swedish_ci;

--
-- Dumping data untuk tabel `bk_kategori`
--

INSERT INTO `bk_kategori` (`id`, `kategori`) VALUES
(1, 'Kelakuan'),
(2, 'Kerapihan'),
(3, 'Kerajinan');

-- --------------------------------------------------------

--
-- Struktur dari tabel `bk_pelanggaran`
--

CREATE TABLE `bk_pelanggaran` (
  `id` int(11) NOT NULL,
  `idkat` int(11) NOT NULL,
  `idsub` int(11) DEFAULT NULL,
  `pelanggaran` text DEFAULT NULL,
  `poin` int(11) DEFAULT NULL
) ENGINE=InnoDB DEFAULT CHARSET=latin1 COLLATE=latin1_swedish_ci;

--
-- Dumping data untuk tabel `bk_pelanggaran`
--

INSERT INTO `bk_pelanggaran` (`id`, `idkat`, `idsub`, `pelanggaran`, `poin`) VALUES
(1, 1, 1, 'Terlambat hadir di sekolah \r\n', 2),
(2, 1, 1, 'Tidak membawa buku paket/pelajaran', 5),
(3, 1, 1, 'TIdak mengerjakan tugas sesuai dengan batas waktu yang ditentukan\r\n', 5),
(4, 1, 1, 'Mencontek/ menconteki', 10),
(5, 1, 1, 'Keluar kelas tanpa ijin guru/kabur', 10),
(6, 1, 1, 'Makan/ minum/ tidur saat PBM tanpa ijin guru/\r\n', 10),
(7, 1, 1, 'Membuat gaduh di kelas\r\n', 5),
(8, 1, 1, 'Tidak mengikuti ekstrakurikuler wajib di sekolah\r\n', 10),
(9, 1, 1, 'Tidak mengikuti upacara bendera\r\n', 10),
(12, 2, 3, 'Tidak menggunakan seragam sekolah sesuai aturan', 5),
(13, 2, 3, 'Baju tidak dimasukan', 5),
(14, 1, 6, 'Menggunakan Narkoba\r\n', 100);

-- --------------------------------------------------------

--
-- Struktur dari tabel `bk_siswa`
--

CREATE TABLE `bk_siswa` (
  `id` int(11) NOT NULL,
  `nis` varchar(50) DEFAULT NULL,
  `tanggal` date NOT NULL,
  `idkat` int(11) DEFAULT NULL,
  `idsub` int(11) DEFAULT NULL,
  `idpel` int(11) DEFAULT NULL,
  `idpres` int(11) DEFAULT NULL,
  `tapel` varchar(50) DEFAULT NULL,
  `ket` text DEFAULT NULL,
  `poin` int(11) DEFAULT NULL,
  `sts` varchar(11) NOT NULL DEFAULT '0'
) ENGINE=InnoDB DEFAULT CHARSET=latin1 COLLATE=latin1_swedish_ci;

-- --------------------------------------------------------

--
-- Struktur dari tabel `bk_sp`
--

CREATE TABLE `bk_sp` (
  `id` int(11) NOT NULL,
  `nis` varchar(50) DEFAULT NULL,
  `poin` int(11) DEFAULT NULL,
  `ket` varchar(50) DEFAULT NULL,
  `tapel` varchar(50) DEFAULT NULL,
  `sts` varchar(11) NOT NULL DEFAULT '0'
) ENGINE=InnoDB DEFAULT CHARSET=latin1 COLLATE=latin1_swedish_ci;

-- --------------------------------------------------------

--
-- Struktur dari tabel `bk_sub`
--

CREATE TABLE `bk_sub` (
  `id` int(11) NOT NULL,
  `id_kat` int(11) NOT NULL,
  `sub_kategori` varchar(100) DEFAULT NULL
) ENGINE=InnoDB DEFAULT CHARSET=latin1 COLLATE=latin1_swedish_ci;

--
-- Dumping data untuk tabel `bk_sub`
--

INSERT INTO `bk_sub` (`id`, `id_kat`, `sub_kategori`) VALUES
(1, 1, 'Kegiatan Belajar Mengajar'),
(2, 2, 'Rambut'),
(3, 2, 'Pakaian'),
(4, 3, 'Kehadiran'),
(5, 1, 'Merokok'),
(6, 1, 'Minuman keras'),
(7, 1, 'Pornogafi'),
(8, 1, 'Mencuri'),
(9, 1, 'Memeras'),
(10, 1, 'Penghinaan');

-- --------------------------------------------------------

--
-- Struktur dari tabel `bk_surat`
--

CREATE TABLE `bk_surat` (
  `id` int(11) NOT NULL,
  `nosurat` varchar(50) DEFAULT NULL,
  `nis` varchar(50) DEFAULT NULL,
  `tanggal` date NOT NULL,
  `sanksi` text NOT NULL,
  `tapel` varchar(50) DEFAULT NULL,
  `sts` varchar(11) DEFAULT '0',
  `idsp` int(11) DEFAULT NULL
) ENGINE=InnoDB DEFAULT CHARSET=utf8mb4 COLLATE=utf8mb4_general_ci;

-- --------------------------------------------------------

--
-- Struktur dari tabel `bk_tindakan`
--

CREATE TABLE `bk_tindakan` (
  `id` int(11) NOT NULL,
  `tindakan` varchar(50) DEFAULT NULL,
  `ketentuan` text DEFAULT NULL,
  `minpoin` int(11) DEFAULT NULL,
  `maxpoin` int(11) DEFAULT NULL
) ENGINE=InnoDB DEFAULT CHARSET=latin1 COLLATE=latin1_swedish_ci;

--
-- Dumping data untuk tabel `bk_tindakan`
--

INSERT INTO `bk_tindakan` (`id`, `tindakan`, `ketentuan`, `minpoin`, `maxpoin`) VALUES
(2, 'SP1', 'Orang Tua akan dikirim Surat Peringatan ke 1 (SP1) atas tindakan pelanggaan oleh peserta didik', 35, 45),
(3, 'SP2', 'Orang Tua akan dikirim Surat Peringatan ke 2 (SP2) atas tindakan pelanggaan oleh peserta didik', 46, 74),
(4, 'SP3', 'Orang Tua akan dikirim Surat Peringatan ke 13(SP3) atas tindakan pelanggaan oleh peserta didik', 75, 100);

-- --------------------------------------------------------

--
-- Struktur dari tabel `buku`
--

CREATE TABLE `buku` (
  `id_buku` int(11) NOT NULL,
  `idk` int(11) NOT NULL,
  `idrak` int(11) NOT NULL,
  `judul` varchar(50) DEFAULT NULL,
  `pengarang` varchar(50) DEFAULT NULL,
  `penerbit` varchar(50) DEFAULT NULL,
  `jumlah` int(11) DEFAULT NULL,
  `status` varchar(50) DEFAULT NULL
) ENGINE=InnoDB DEFAULT CHARSET=utf8mb4 COLLATE=utf8mb4_general_ci;

-- --------------------------------------------------------

--
-- Struktur dari tabel `buku_kategori`
--

CREATE TABLE `buku_kategori` (
  `id_kategori` int(11) NOT NULL,
  `kode` varchar(50) DEFAULT NULL,
  `kategori` varchar(50) DEFAULT NULL
) ENGINE=InnoDB DEFAULT CHARSET=utf8mb4 COLLATE=utf8mb4_general_ci;

-- --------------------------------------------------------

--
-- Struktur dari tabel `buku_pinjam`
--

CREATE TABLE `buku_pinjam` (
  `id_pinjam` int(11) NOT NULL,
  `idbuku` int(11) DEFAULT NULL,
  `kelas` varchar(50) DEFAULT NULL,
  `idsiswa` int(11) DEFAULT NULL,
  `tgl_pinjam` date DEFAULT NULL,
  `tgl_kembali` date DEFAULT NULL,
  `status` int(11) NOT NULL DEFAULT 1,
  `jumlah` int(11) DEFAULT NULL
) ENGINE=InnoDB DEFAULT CHARSET=utf8mb4 COLLATE=utf8mb4_general_ci;

-- --------------------------------------------------------

--
-- Struktur dari tabel `buku_rak`
--

CREATE TABLE `buku_rak` (
  `id_rak` int(11) NOT NULL,
  `nama_rak` varchar(50) DEFAULT NULL,
  `nomor_box` int(11) DEFAULT NULL
) ENGINE=InnoDB DEFAULT CHARSET=utf8mb4 COLLATE=utf8mb4_general_ci;

-- --------------------------------------------------------

--
-- Struktur dari tabel `bulan`
--

CREATE TABLE `bulan` (
  `id` int(11) NOT NULL,
  `bln` varchar(5) CHARACTER SET utf8mb4 COLLATE utf8mb4_general_ci NOT NULL,
  `ket` varchar(50) CHARACTER SET utf8mb4 COLLATE utf8mb4_general_ci NOT NULL
) ENGINE=InnoDB DEFAULT CHARSET=latin1 COLLATE=latin1_swedish_ci;

--
-- Dumping data untuk tabel `bulan`
--

INSERT INTO `bulan` (`id`, `bln`, `ket`) VALUES
(1, '01', 'Januari'),
(2, '02', 'Februari'),
(3, '03', 'Maret'),
(4, '04', 'April'),
(5, '05', 'Mei'),
(6, '06', 'Juni'),
(7, '07', 'Juli'),
(8, '08', 'Agustus'),
(9, '09', 'September'),
(10, '10', 'Oktober'),
(11, '11', 'Nopember'),
(12, '12', 'Desember');

-- --------------------------------------------------------

--
-- Struktur dari tabel `datapemilihan`
--

CREATE TABLE `datapemilihan` (
  `idpemilihan` int(5) NOT NULL,
  `tipe` varchar(5) DEFAULT NULL,
  `idpemilih` varchar(9) DEFAULT NULL,
  `idkandidat` varchar(2) DEFAULT NULL,
  `waktu` timestamp NOT NULL DEFAULT current_timestamp()
) ENGINE=MyISAM DEFAULT CHARSET=latin1 COLLATE=latin1_general_ci;

-- --------------------------------------------------------

--
-- Struktur dari tabel `datarfid`
--

CREATE TABLE `datarfid` (
  `id` int(11) NOT NULL,
  `idsiswa` int(11) DEFAULT NULL,
  `idpeg` int(11) DEFAULT NULL,
  `nokartu` varchar(50) DEFAULT NULL,
  `nama` varchar(50) DEFAULT NULL,
  `level` varchar(50) DEFAULT NULL
) ENGINE=InnoDB DEFAULT CHARSET=latin1 COLLATE=latin1_swedish_ci;

-- --------------------------------------------------------

--
-- Struktur dari tabel `deskripsi`
--

CREATE TABLE `deskripsi` (
  `id` int(11) NOT NULL,
  `mapel` varchar(100) DEFAULT NULL,
  `kelas` varchar(50) DEFAULT NULL,
  `urut` int(11) DEFAULT NULL,
  `deskripsi` text DEFAULT NULL,
  `smt` int(11) DEFAULT NULL,
  `ki` varchar(11) DEFAULT NULL
) ENGINE=InnoDB DEFAULT CHARSET=latin1 COLLATE=latin1_swedish_ci;

-- --------------------------------------------------------

--
-- Struktur dari tabel `file_pendukung`
--

CREATE TABLE `file_pendukung` (
  `id_file` int(11) NOT NULL,
  `id_bank` int(11) DEFAULT 0,
  `nama_file` varchar(50) DEFAULT NULL,
  `status_file` int(1) DEFAULT NULL
) ENGINE=InnoDB DEFAULT CHARSET=utf8mb3 COLLATE=utf8mb3_general_ci;

--
-- Dumping data untuk tabel `file_pendukung`
--

INSERT INTO `file_pendukung` (`id_file`, `id_bank`, `nama_file`, `status_file`) VALUES
(1, 1, '9514.jpeg', NULL),
(2, 1, '2864.jpeg', NULL),
(3, 1, '1435.jpeg', NULL),
(4, 1, '', NULL),
(5, 1, '910.png', NULL),
(6, 1, '', NULL),
(7, 1, '8682.jpeg', NULL),
(8, 1, '', NULL),
(9, 1, '9514.jpeg', NULL),
(10, 1, '2864.jpeg', NULL),
(11, 1, '1435.jpeg', NULL),
(12, 1, '', NULL),
(13, 1, '910.png', NULL),
(14, 1, '', NULL),
(15, 1, '8682.jpeg', NULL),
(16, 1, '', NULL);

-- --------------------------------------------------------

--
-- Struktur dari tabel `jadwal_mapel`
--

CREATE TABLE `jadwal_mapel` (
  `id_jadwal` int(11) NOT NULL,
  `tingkat` varchar(50) DEFAULT NULL,
  `kelas` varchar(50) DEFAULT NULL,
  `kode` varchar(50) DEFAULT NULL,
  `mapel` varchar(100) DEFAULT NULL,
  `kkm` int(5) DEFAULT 0,
  `ke` text DEFAULT NULL,
  `guru` int(11) DEFAULT NULL,
  `hari` varchar(50) DEFAULT NULL,
  `dari` varchar(50) DEFAULT NULL,
  `sampai` varchar(50) DEFAULT NULL,
  `urut` int(11) DEFAULT NULL,
  `kelompok` varchar(50) DEFAULT NULL,
  `agama` varchar(50) DEFAULT NULL,
  `ppkn` varchar(50) DEFAULT NULL,
  `jp` varchar(30) DEFAULT NULL
) ENGINE=InnoDB DEFAULT CHARSET=latin1 COLLATE=latin1_swedish_ci;

-- --------------------------------------------------------

--
-- Struktur dari tabel `jawaban`
--

CREATE TABLE `jawaban` (
  `id_jawaban` int(11) NOT NULL,
  `id_siswa` int(11) DEFAULT NULL,
  `id_bank` int(11) NOT NULL DEFAULT 0,
  `id_soal` int(11) NOT NULL DEFAULT 0,
  `id_ujian` int(11) NOT NULL DEFAULT 0,
  `jawaban` varchar(50) DEFAULT NULL,
  `jawabx` varchar(50) DEFAULT NULL,
  `jenis` int(1) NOT NULL,
  `esai` text DEFAULT NULL,
  `jawabmulti` text DEFAULT NULL,
  `jawabbs` text DEFAULT NULL,
  `jawaburut` text DEFAULT NULL,
  `bs1` varchar(5) DEFAULT NULL,
  `bs2` varchar(5) DEFAULT NULL,
  `bs3` varchar(5) DEFAULT NULL,
  `bs4` varchar(5) DEFAULT NULL,
  `bs5` varchar(5) DEFAULT NULL,
  `urut1` text DEFAULT NULL,
  `urut2` text DEFAULT NULL,
  `urut3` text DEFAULT NULL,
  `urut4` text DEFAULT NULL,
  `urut5` text DEFAULT NULL,
  `nilai_esai` int(5) NOT NULL DEFAULT 0,
  `ragu` int(1) NOT NULL DEFAULT 0,
  `status` int(11) DEFAULT NULL
) ENGINE=InnoDB DEFAULT CHARSET=latin1 COLLATE=latin1_swedish_ci;

-- --------------------------------------------------------

--
-- Struktur dari tabel `jawaban_dup`
--

CREATE TABLE `jawaban_dup` (
  `id_jawaban` int(11) NOT NULL,
  `id_siswa` int(11) DEFAULT NULL,
  `id_bank` int(11) NOT NULL DEFAULT 0,
  `id_soal` int(11) NOT NULL DEFAULT 0,
  `id_ujian` int(11) NOT NULL DEFAULT 0,
  `jawaban` varchar(50) DEFAULT NULL,
  `jawabx` varchar(50) DEFAULT NULL,
  `jenis` int(1) NOT NULL,
  `esai` text DEFAULT NULL,
  `jawabmulti` text DEFAULT NULL,
  `jawabbs` text DEFAULT NULL,
  `jawaburut` text DEFAULT NULL,
  `bs1` varchar(5) DEFAULT NULL,
  `bs2` varchar(5) DEFAULT NULL,
  `bs3` varchar(5) DEFAULT NULL,
  `bs4` varchar(5) DEFAULT NULL,
  `bs5` varchar(5) DEFAULT NULL,
  `urut1` text DEFAULT NULL,
  `urut2` text DEFAULT NULL,
  `urut3` text DEFAULT NULL,
  `urut4` text DEFAULT NULL,
  `urut5` text DEFAULT NULL,
  `nilai_esai` int(5) NOT NULL DEFAULT 0,
  `ragu` int(1) NOT NULL DEFAULT 0,
  `status` int(11) DEFAULT NULL
) ENGINE=InnoDB DEFAULT CHARSET=latin1 COLLATE=latin1_swedish_ci;

-- --------------------------------------------------------

--
-- Struktur dari tabel `jawaban_quiz`
--

CREATE TABLE `jawaban_quiz` (
  `idjawab` int(11) NOT NULL,
  `iduser` int(11) NOT NULL,
  `materi` int(11) NOT NULL,
  `jenis` int(11) NOT NULL,
  `idsoal` int(11) NOT NULL,
  `jawaban` text NOT NULL
) ENGINE=InnoDB DEFAULT CHARSET=latin1 COLLATE=latin1_swedish_ci;

-- --------------------------------------------------------

--
-- Struktur dari tabel `jawaban_tugas`
--

CREATE TABLE `jawaban_tugas` (
  `id_jawaban` int(11) NOT NULL,
  `id_siswa` int(11) DEFAULT NULL,
  `id_tugas` int(11) DEFAULT NULL,
  `jawaban` longtext CHARACTER SET utf8mb3 COLLATE utf8mb3_general_ci DEFAULT NULL,
  `file` varchar(255) CHARACTER SET utf8mb3 COLLATE utf8mb3_general_ci DEFAULT NULL,
  `tgl_dikerjakan` datetime DEFAULT NULL,
  `tgl_update` timestamp NULL DEFAULT current_timestamp() ON UPDATE current_timestamp(),
  `nilai` varchar(5) CHARACTER SET utf8mb3 COLLATE utf8mb3_general_ci DEFAULT NULL,
  `status` int(1) DEFAULT NULL
) ENGINE=InnoDB DEFAULT CHARSET=latin1 COLLATE=latin1_swedish_ci;

-- --------------------------------------------------------

--
-- Struktur dari tabel `jenis`
--

CREATE TABLE `jenis` (
  `id_jenis` varchar(30) NOT NULL,
  `nama` varchar(50) NOT NULL,
  `status` varchar(20) DEFAULT NULL
) ENGINE=InnoDB DEFAULT CHARSET=latin1 COLLATE=latin1_swedish_ci;

--
-- Dumping data untuk tabel `jenis`
--

INSERT INTO `jenis` (`id_jenis`, `nama`, `status`) VALUES
('PAS', 'Penilaian Akhir Semester', 'tidak'),
('PAT', 'Peilaian Akhir Tahun', 'aktif'),
('PTS', 'Penilaian Tengah Semester', 'tidak'),
('US', 'Ujian Sekolah', 'tidak');

-- --------------------------------------------------------

--
-- Struktur dari tabel `jenis_sp`
--

CREATE TABLE `jenis_sp` (
  `id_sp` int(11) NOT NULL,
  `jenis` varchar(50) DEFAULT NULL,
  `jenjang` varchar(50) DEFAULT NULL,
  `ket` varchar(50) DEFAULT NULL
) ENGINE=InnoDB DEFAULT CHARSET=utf8mb4 COLLATE=utf8mb4_general_ci;

--
-- Dumping data untuk tabel `jenis_sp`
--

INSERT INTO `jenis_sp` (`id_sp`, `jenis`, `jenjang`, `ket`) VALUES
(1, 'REGULER', 'SD', 'SD/MI'),
(2, 'REGULER', 'SMP', 'SMP/MTs'),
(3, 'REGULER', 'SMA', 'SMA/MA'),
(4, 'REGULER', 'SMK', 'SMK'),
(5, 'PKBM', 'PAKET-A', 'KESETARAAN SD'),
(6, 'PKBM', 'PAKET-B', 'KESETARAAN SMP'),
(7, 'PKBM', 'PAKET-C', 'KESETARAAN SMA');

-- --------------------------------------------------------

--
-- Struktur dari tabel `jodoh`
--

CREATE TABLE `jodoh` (
  `id_jawaban` int(11) NOT NULL,
  `id_siswa` int(11) DEFAULT NULL,
  `id_bank` int(11) NOT NULL DEFAULT 0,
  `id_soal` int(11) NOT NULL DEFAULT 0,
  `id_ujian` int(11) NOT NULL DEFAULT 0,
  `jenis` varchar(50) DEFAULT NULL,
  `jawaburut` text DEFAULT NULL
) ENGINE=InnoDB DEFAULT CHARSET=latin1 COLLATE=latin1_swedish_ci;

-- --------------------------------------------------------

--
-- Struktur dari tabel `jurusan`
--

CREATE TABLE `jurusan` (
  `jurusan` varchar(50) NOT NULL,
  `nama_jurusan` varchar(100) DEFAULT NULL,
  `jenjang` varchar(50) DEFAULT NULL,
  `jumlah` int(10) DEFAULT NULL,
  `status` int(1) DEFAULT 1
) ENGINE=InnoDB DEFAULT CHARSET=latin1 COLLATE=latin1_swedish_ci;

-- --------------------------------------------------------

--
-- Struktur dari tabel `kandidat`
--

CREATE TABLE `kandidat` (
  `id` int(11) NOT NULL,
  `idsiswa` int(11) DEFAULT NULL,
  `wakil` int(11) DEFAULT NULL,
  `nomor` int(11) DEFAULT NULL,
  `suara` int(11) NOT NULL DEFAULT 0,
  `visi` text DEFAULT NULL,
  `misi` text DEFAULT NULL,
  `gambar` text DEFAULT NULL
) ENGINE=InnoDB DEFAULT CHARSET=utf8mb4 COLLATE=utf8mb4_general_ci;

-- --------------------------------------------------------

--
-- Struktur dari tabel `karpel`
--

CREATE TABLE `karpel` (
  `id` int(11) NOT NULL,
  `gambar` text DEFAULT NULL,
  `level` varchar(50) DEFAULT NULL
) ENGINE=InnoDB DEFAULT CHARSET=utf8mb4 COLLATE=utf8mb4_general_ci;

--
-- Dumping data untuk tabel `karpel`
--

INSERT INTO `karpel` (`id`, `gambar`, `level`) VALUES
(3, 'bismillah.png', '7'),
(6, 'kpel.png', '8'),
(8, 'bg-kp.png', '9');

-- --------------------------------------------------------

--
-- Struktur dari tabel `kelas`
--

CREATE TABLE `kelas` (
  `id_kelas` varchar(11) NOT NULL,
  `level` varchar(20) NOT NULL,
  `nama` varchar(50) NOT NULL,
  `rombongan_belajar_id` varchar(50) DEFAULT NULL,
  `semester_id` varchar(10) DEFAULT NULL,
  `kurikulum` varchar(50) DEFAULT NULL,
  `model_rapor` varchar(50) DEFAULT NULL,
  `model_kkm` varchar(50) DEFAULT NULL,
  `idpk` varchar(50) DEFAULT NULL,
  `nama_pk` varchar(50) DEFAULT NULL,
  `program_study` varchar(50) DEFAULT NULL
) ENGINE=InnoDB DEFAULT CHARSET=latin1 COLLATE=latin1_swedish_ci;

--
-- Dumping data untuk tabel `kelas`
--

INSERT INTO `kelas` (`id_kelas`, `level`, `nama`, `rombongan_belajar_id`, `semester_id`, `kurikulum`, `model_rapor`, `model_kkm`, `idpk`, `nama_pk`, `program_study`) VALUES
('IX-A', '9', 'IX-A', NULL, NULL, NULL, NULL, NULL, NULL, NULL, NULL),
('XI-A', '11', 'XI-A', NULL, NULL, NULL, NULL, NULL, NULL, NULL, NULL);

-- --------------------------------------------------------

--
-- Struktur dari tabel `kodekd`
--

CREATE TABLE `kodekd` (
  `idkd` int(11) NOT NULL,
  `ki3` varchar(50) CHARACTER SET utf8mb4 COLLATE utf8mb4_general_ci DEFAULT NULL,
  `ki4` varchar(50) CHARACTER SET utf8mb4 COLLATE utf8mb4_general_ci DEFAULT NULL
) ENGINE=InnoDB DEFAULT CHARSET=latin1 COLLATE=latin1_swedish_ci;

--
-- Dumping data untuk tabel `kodekd`
--

INSERT INTO `kodekd` (`idkd`, `ki3`, `ki4`) VALUES
(1, 'KD-3.1', 'KD-4.1'),
(2, 'KD-3.2', 'KD-4.2'),
(3, 'KD-3.3', 'KD-4.3'),
(4, 'KD-3.4', 'KD-4.4'),
(5, 'KD-3.5', 'KD-4.5'),
(6, 'KD-3.6', 'KD-4.6'),
(7, 'KD-3.7', 'KD-4.7'),
(8, 'KD-3.8', 'KD-4.8'),
(9, 'KD-3.9', 'KD-4.9'),
(10, 'KD-3.10', 'KD-4.10'),
(11, 'KD-3.11', 'KD-4.11'),
(12, 'KD-3.12', 'KD-4.12');

-- --------------------------------------------------------

--
-- Struktur dari tabel `komentar`
--

CREATE TABLE `komentar` (
  `id` int(11) NOT NULL,
  `id_user` int(11) DEFAULT NULL,
  `id_materi` int(11) DEFAULT NULL,
  `komentar` text CHARACTER SET utf8mb3 COLLATE utf8mb3_general_ci DEFAULT NULL,
  `jenis` tinyint(2) DEFAULT NULL,
  `tgl` timestamp NOT NULL DEFAULT current_timestamp() ON UPDATE current_timestamp(),
  `guru` int(11) DEFAULT NULL
) ENGINE=InnoDB DEFAULT CHARSET=latin1 COLLATE=latin1_swedish_ci;

-- --------------------------------------------------------

--
-- Struktur dari tabel `kontak`
--

CREATE TABLE `kontak` (
  `id_kontak` int(11) NOT NULL,
  `nama_kontak` varchar(50) DEFAULT NULL,
  `no_kontak` varchar(50) DEFAULT NULL,
  `status` int(1) DEFAULT NULL
) ENGINE=InnoDB DEFAULT CHARSET=latin1 COLLATE=latin1_swedish_ci;

-- --------------------------------------------------------

--
-- Struktur dari tabel `kontakme`
--

CREATE TABLE `kontakme` (
  `id` int(11) NOT NULL,
  `nama_kontak` varchar(50) DEFAULT NULL,
  `nomor` varchar(16) DEFAULT NULL,
  `iduser` int(11) NOT NULL
) ENGINE=InnoDB DEFAULT CHARSET=utf8mb4 COLLATE=utf8mb4_general_ci;

-- --------------------------------------------------------

--
-- Struktur dari tabel `level`
--

CREATE TABLE `level` (
  `kode_level` varchar(5) NOT NULL,
  `keterangan` varchar(50) DEFAULT NULL,
  `rombongan_belajar_id` varchar(50) DEFAULT NULL
) ENGINE=InnoDB DEFAULT CHARSET=latin1 COLLATE=latin1_swedish_ci;

--
-- Dumping data untuk tabel `level`
--

INSERT INTO `level` (`kode_level`, `keterangan`, `rombongan_belajar_id`) VALUES
('11', '11', NULL),
('9', '9', NULL);

-- --------------------------------------------------------

--
-- Struktur dari tabel `lingkup`
--

CREATE TABLE `lingkup` (
  `id` int(11) NOT NULL,
  `lm` varchar(50) CHARACTER SET utf8mb4 COLLATE utf8mb4_general_ci DEFAULT NULL,
  `idjadwal` int(11) DEFAULT NULL,
  `materi` text CHARACTER SET utf8mb4 COLLATE utf8mb4_general_ci DEFAULT NULL
) ENGINE=InnoDB DEFAULT CHARSET=latin1 COLLATE=latin1_swedish_ci;

-- --------------------------------------------------------

--
-- Struktur dari tabel `log`
--

CREATE TABLE `log` (
  `id_log` int(11) NOT NULL,
  `id_siswa` int(11) NOT NULL,
  `type` varchar(20) NOT NULL,
  `text` varchar(20) NOT NULL,
  `date` varchar(20) NOT NULL
) ENGINE=InnoDB DEFAULT CHARSET=latin1 COLLATE=latin1_swedish_ci;

--
-- Dumping data untuk tabel `log`
--

INSERT INTO `log` (`id_log`, `id_siswa`, `type`, `text`, `date`) VALUES
(1, 34, 'login', 'masuk', '2024-05-18 15:40:02'),
(2, 34, 'testongoing', 'sedang ujian', '2024-05-18 15:46:02'),
(3, 34, 'login', 'Selesai Ujian', '2024-05-18 15:47:22'),
(4, 33, 'login', 'masuk', '2024-05-18 16:37:01'),
(5, 33, 'testongoing', 'sedang ujian', '2024-05-18 16:38:00'),
(6, 33, 'login', 'Selesai Ujian', '2024-05-18 16:39:20'),
(7, 33, 'logout', 'keluar', '2024-05-18 16:39:40');

-- --------------------------------------------------------

--
-- Struktur dari tabel `log_guru`
--

CREATE TABLE `log_guru` (
  `id_log` int(11) NOT NULL,
  `id_user` int(11) NOT NULL,
  `type` varchar(20) NOT NULL,
  `text` varchar(20) NOT NULL,
  `date` varchar(20) NOT NULL
) ENGINE=InnoDB DEFAULT CHARSET=latin1 COLLATE=latin1_swedish_ci;

--
-- Dumping data untuk tabel `log_guru`
--

INSERT INTO `log_guru` (`id_log`, `id_user`, `type`, `text`, `date`) VALUES
(1, 1, 'login', 'masuk', '2024-05-18 15:07:17'),
(2, 1, 'login', 'masuk', '2024-05-18 15:18:49'),
(3, 1, 'login', 'masuk', '2024-05-18 16:01:32'),
(4, 1, 'logout', 'keluar', '2024-05-18 16:09:55'),
(5, 1, 'login', 'masuk', '2024-05-18 16:11:11'),
(6, 1, 'logout', 'keluar', '2024-05-18 16:12:04'),
(7, 1, 'login', 'masuk', '2024-05-18 16:40:16');

-- --------------------------------------------------------

--
-- Struktur dari tabel `mapel_ijazah`
--

CREATE TABLE `mapel_ijazah` (
  `idmapel` int(11) NOT NULL,
  `tingkat` varchar(50) DEFAULT NULL,
  `jurusan` varchar(50) DEFAULT NULL,
  `kode` varchar(50) DEFAULT NULL,
  `namamapel` varchar(100) DEFAULT NULL,
  `kelompok` varchar(50) DEFAULT NULL,
  `urut` int(11) DEFAULT NULL
) ENGINE=InnoDB DEFAULT CHARSET=utf8mb4 COLLATE=utf8mb4_general_ci;

-- --------------------------------------------------------

--
-- Struktur dari tabel `mata_pelajaran`
--

CREATE TABLE `mata_pelajaran` (
  `kode_mapel` varchar(20) NOT NULL,
  `nama_mapel` varchar(50) NOT NULL,
  `mata_pelajaran_id` varchar(10) DEFAULT NULL,
  `urut` int(11) DEFAULT NULL,
  `kelompok` varchar(50) DEFAULT NULL
) ENGINE=InnoDB DEFAULT CHARSET=latin1 COLLATE=latin1_swedish_ci;

--
-- Dumping data untuk tabel `mata_pelajaran`
--

INSERT INTO `mata_pelajaran` (`kode_mapel`, `nama_mapel`, `mata_pelajaran_id`, `urut`, `kelompok`) VALUES
('BINDO', 'Bahasa Indonesia', NULL, NULL, NULL),
('BING', 'Bahasa Inggris', NULL, NULL, NULL),
('BSUND', 'Bahasa Sunda', NULL, NULL, NULL),
('IPA', 'Ilmu Pengetahuan Alam', NULL, NULL, NULL),
('IPS', 'Ilmu Pengetahuan Sosial', NULL, NULL, NULL),
('MTK', 'Matematika', NULL, NULL, NULL),
('PABD', 'Penddidikan Agama dan Budi Pekerti', NULL, NULL, NULL),
('PJOK', 'Pendidikan Jasmani Olahraga dan Kesehatan', NULL, NULL, NULL),
('PPKn', 'Pendidikan Pancasila dan Kewarganegaraan', NULL, NULL, NULL),
('PRK', 'Prakarya', NULL, NULL, NULL),
('SB', 'Seni Budaya', NULL, NULL, NULL),
('TIK', 'Teknologi Informasi dan Komunikasi', NULL, NULL, NULL);

-- --------------------------------------------------------

--
-- Struktur dari tabel `materi`
--

CREATE TABLE `materi` (
  `id_materi` int(255) NOT NULL,
  `id_guru` int(255) DEFAULT NULL,
  `kelas` text DEFAULT NULL,
  `mapel` varchar(255) DEFAULT NULL,
  `judul` text DEFAULT NULL,
  `tujuan` longtext DEFAULT NULL,
  `lingkup` text DEFAULT NULL,
  `materi` longtext DEFAULT NULL,
  `quiz` varchar(50) DEFAULT NULL,
  `file` varchar(255) DEFAULT NULL,
  `tgl_mulai` datetime NOT NULL,
  `youtube` varchar(255) DEFAULT NULL,
  `tgl` timestamp NOT NULL DEFAULT current_timestamp() ON UPDATE current_timestamp(),
  `status` int(11) DEFAULT NULL,
  `ki` varchar(50) DEFAULT NULL,
  `kd` varchar(50) DEFAULT NULL
) ENGINE=InnoDB DEFAULT CHARSET=utf8mb3 COLLATE=utf8mb3_general_ci;

-- --------------------------------------------------------

--
-- Struktur dari tabel `menu`
--

CREATE TABLE `menu` (
  `id_menu` int(11) NOT NULL,
  `ujian` int(11) DEFAULT NULL,
  `elearn` int(11) NOT NULL DEFAULT 0,
  `daring` int(11) NOT NULL DEFAULT 0,
  `ulangi` int(11) DEFAULT NULL,
  `kirim` int(11) DEFAULT NULL,
  `tarik` int(11) DEFAULT NULL,
  `soal` varchar(50) DEFAULT NULL,
  `pindah` int(11) NOT NULL,
  `ppdb` int(11) NOT NULL DEFAULT 0,
  `balas` int(11) NOT NULL DEFAULT 0,
  `opsi` int(11) NOT NULL DEFAULT 0,
  `sinkron` int(11) NOT NULL DEFAULT 0,
  `absen_siswa` int(11) NOT NULL DEFAULT 0,
  `absen_guru` int(11) NOT NULL DEFAULT 0,
  `ptm` int(11) NOT NULL DEFAULT 0,
  `rapor` int(11) NOT NULL DEFAULT 0,
  `vote` int(11) NOT NULL DEFAULT 0,
  `realtime` int(11) NOT NULL DEFAULT 0,
  `aplikasi` int(11) NOT NULL DEFAULT 0
) ENGINE=InnoDB DEFAULT CHARSET=latin1 COLLATE=latin1_swedish_ci;

--
-- Dumping data untuk tabel `menu`
--

INSERT INTO `menu` (`id_menu`, `ujian`, `elearn`, `daring`, `ulangi`, `kirim`, `tarik`, `soal`, `pindah`, `ppdb`, `balas`, `opsi`, `sinkron`, `absen_siswa`, `absen_guru`, `ptm`, `rapor`, `vote`, `realtime`, `aplikasi`) VALUES
(1, 1, 0, 0, 0, 0, 0, '1', 1, 0, 0, 1, 0, 0, 0, 0, 0, 0, 0, 1);

-- --------------------------------------------------------

--
-- Struktur dari tabel `m_bayar`
--

CREATE TABLE `m_bayar` (
  `idb` int(11) NOT NULL,
  `kode` varchar(50) DEFAULT NULL,
  `nama_pembayaran` varchar(100) DEFAULT NULL,
  `besar` int(11) DEFAULT NULL,
  `mode` varchar(50) DEFAULT NULL,
  `total_bayar` int(11) DEFAULT NULL,
  `banyak_angsur` int(11) DEFAULT NULL
) ENGINE=InnoDB DEFAULT CHARSET=latin1 COLLATE=latin1_swedish_ci;

-- --------------------------------------------------------

--
-- Struktur dari tabel `m_dimensi`
--

CREATE TABLE `m_dimensi` (
  `id_dimensi` int(11) NOT NULL,
  `dimensi` text DEFAULT NULL
) ENGINE=InnoDB DEFAULT CHARSET=latin1 COLLATE=latin1_swedish_ci;

--
-- Dumping data untuk tabel `m_dimensi`
--

INSERT INTO `m_dimensi` (`id_dimensi`, `dimensi`) VALUES
(1, 'Beriman, Bertakwa Kepada Tuhan Yang Maha Esa, dan Berakhlak Mulia'),
(2, 'Berkebhinekaan Global'),
(3, 'Bergotong-Royong'),
(4, 'Mandiri'),
(5, 'Bernalar Kritis'),
(6, 'Kreatif');

-- --------------------------------------------------------

--
-- Struktur dari tabel `m_elemen`
--

CREATE TABLE `m_elemen` (
  `id_elemen` int(11) NOT NULL,
  `iddimensi` int(11) NOT NULL,
  `elemen` varchar(100) NOT NULL
) ENGINE=InnoDB DEFAULT CHARSET=latin1 COLLATE=latin1_swedish_ci;

--
-- Dumping data untuk tabel `m_elemen`
--

INSERT INTO `m_elemen` (`id_elemen`, `iddimensi`, `elemen`) VALUES
(1, 1, 'Akhlak Beragama'),
(2, 1, 'Akhlak Pribadi'),
(3, 1, 'Akhlak Kepada Manusia'),
(4, 1, 'Akhlak Kepada Alam'),
(5, 1, 'Akhlak Bernegara'),
(6, 2, 'Mengenal dan menghargai budaya'),
(7, 2, 'Komunikasi dan interaksi antar budaya'),
(8, 2, 'Refleksi dan bertanggung jawab terhadap pengalaman kebinekaan'),
(9, 2, 'Berkeadilan Sosial'),
(10, 3, 'Kolaborasi'),
(11, 3, 'Kepedulian'),
(12, 3, 'Berbagi'),
(13, 4, 'Pemahaman diri dan situasi yang dihadap'),
(14, 4, 'Regulasi Diri'),
(15, 5, 'Memperoleh dan memproses informasi dan gagasan'),
(16, 5, 'Menganalisis dan mengevaluasi penalaran dan prosedurnya'),
(17, 5, 'Refleksi pemikiran dan proses berpikir'),
(18, 6, 'Menghasilkan gagasan yang orisinal'),
(19, 6, 'Menghasilkan karya dan tindakan yang orisinal'),
(20, 6, 'Memiliki keluwesan berpikir dalam mencari alternatif solusi permasalahan');

-- --------------------------------------------------------

--
-- Struktur dari tabel `m_eskul`
--

CREATE TABLE `m_eskul` (
  `id` int(11) NOT NULL,
  `ekstra` text DEFAULT NULL,
  `idguru` int(11) DEFAULT NULL
) ENGINE=InnoDB DEFAULT CHARSET=latin1 COLLATE=latin1_swedish_ci;

-- --------------------------------------------------------

--
-- Struktur dari tabel `m_hari`
--

CREATE TABLE `m_hari` (
  `idh` int(11) NOT NULL,
  `hari` varchar(50) NOT NULL,
  `inggris` varchar(50) NOT NULL
) ENGINE=InnoDB DEFAULT CHARSET=latin1 COLLATE=latin1_swedish_ci;

--
-- Dumping data untuk tabel `m_hari`
--

INSERT INTO `m_hari` (`idh`, `hari`, `inggris`) VALUES
(1, 'Senin', 'Mon'),
(2, 'Selasa', 'Tue'),
(3, 'Rabu', 'Wed'),
(4, 'Kamis', 'Thu'),
(5, 'Jumat', 'Fri'),
(6, 'Sabtu', 'Sat');

-- --------------------------------------------------------

--
-- Struktur dari tabel `m_jam`
--

CREATE TABLE `m_jam` (
  `id` int(11) NOT NULL,
  `ke` int(11) NOT NULL
) ENGINE=InnoDB DEFAULT CHARSET=utf8mb4 COLLATE=utf8mb4_general_ci;

--
-- Dumping data untuk tabel `m_jam`
--

INSERT INTO `m_jam` (`id`, `ke`) VALUES
(1, 1),
(2, 2),
(3, 3),
(4, 4),
(5, 5),
(6, 6),
(7, 7),
(8, 8),
(9, 9),
(10, 10),
(11, 11),
(12, 12),
(13, 13),
(14, 14),
(15, 15);

-- --------------------------------------------------------

--
-- Struktur dari tabel `m_kurikulum`
--

CREATE TABLE `m_kurikulum` (
  `id` int(11) NOT NULL,
  `kurikulum` varchar(50) NOT NULL,
  `rapor` varchar(50) NOT NULL
) ENGINE=InnoDB DEFAULT CHARSET=utf8mb4 COLLATE=utf8mb4_general_ci;

--
-- Dumping data untuk tabel `m_kurikulum`
--

INSERT INTO `m_kurikulum` (`id`, `kurikulum`, `rapor`) VALUES
(1, 'K-13', 'Model 2016'),
(2, 'K-13', 'Model 2022'),
(3, 'Merdeka', 'Merdeka Model 2022');

-- --------------------------------------------------------

--
-- Struktur dari tabel `m_nilai_proyek`
--

CREATE TABLE `m_nilai_proyek` (
  `nilai` varchar(3) NOT NULL,
  `ket` varchar(50) DEFAULT NULL
) ENGINE=InnoDB DEFAULT CHARSET=latin1 COLLATE=latin1_swedish_ci;

--
-- Dumping data untuk tabel `m_nilai_proyek`
--

INSERT INTO `m_nilai_proyek` (`nilai`, `ket`) VALUES
('BB', 'Belum Berkembang'),
('BSH', 'Berkembang Sesuai Harapan'),
('MB', 'Mulai Berkembang'),
('SB', 'Sangat Berkembang');

-- --------------------------------------------------------

--
-- Struktur dari tabel `m_prasarana`
--

CREATE TABLE `m_prasarana` (
  `id` int(11) NOT NULL,
  `nama_prasarana` varchar(50) DEFAULT NULL
) ENGINE=InnoDB DEFAULT CHARSET=utf8mb4 COLLATE=utf8mb4_general_ci;

--
-- Dumping data untuk tabel `m_prasarana`
--

INSERT INTO `m_prasarana` (`id`, `nama_prasarana`) VALUES
(1, 'Tanah'),
(2, 'Bangunan'),
(3, 'Ruang');

-- --------------------------------------------------------

--
-- Struktur dari tabel `m_produktif`
--

CREATE TABLE `m_produktif` (
  `idt` int(11) NOT NULL,
  `pk` varchar(50) DEFAULT NULL,
  `kode` varchar(50) DEFAULT NULL,
  `sku` text NOT NULL,
  `jjm` int(11) NOT NULL DEFAULT 0
) ENGINE=InnoDB DEFAULT CHARSET=utf8mb4 COLLATE=utf8mb4_general_ci;

-- --------------------------------------------------------

--
-- Struktur dari tabel `m_proyek`
--

CREATE TABLE `m_proyek` (
  `id` int(11) NOT NULL,
  `ke` varchar(50) NOT NULL,
  `tingkat` varchar(50) DEFAULT NULL,
  `fase` varchar(1) DEFAULT NULL,
  `kelas` varchar(50) DEFAULT NULL,
  `judul` text DEFAULT NULL,
  `deskripsi` text DEFAULT NULL,
  `semester` int(11) DEFAULT NULL
) ENGINE=InnoDB DEFAULT CHARSET=latin1 COLLATE=latin1_swedish_ci;

-- --------------------------------------------------------

--
-- Struktur dari tabel `m_ruang`
--

CREATE TABLE `m_ruang` (
  `id` int(11) NOT NULL,
  `nama_ruang` varchar(50) DEFAULT NULL
) ENGINE=InnoDB DEFAULT CHARSET=utf8mb4 COLLATE=utf8mb4_general_ci;

--
-- Dumping data untuk tabel `m_ruang`
--

INSERT INTO `m_ruang` (`id`, `nama_ruang`) VALUES
(1, 'Ruang Aula/Serbaguna'),
(2, 'Ruang Olahraga'),
(3, 'Ruang Keterampilan'),
(4, 'Ruang Komputer'),
(5, 'Ruang Laboratorium Bahasa'),
(6, 'Ruang Laboratorium IPA'),
(7, 'Ruang TU'),
(8, 'Ruang Koperasi'),
(9, 'Ruang OSIS'),
(10, 'Ruang Ibadah'),
(11, 'Ruang UKS'),
(12, 'Ruang Kepala Sekolah'),
(13, 'Ruang Guru'),
(14, 'Ruang Perpustakaan'),
(15, 'Ruang Laboratorium'),
(16, 'Ruang Kelas/Teori');

-- --------------------------------------------------------

--
-- Struktur dari tabel `m_sarana`
--

CREATE TABLE `m_sarana` (
  `id` int(11) NOT NULL,
  `nama_sarana` varchar(50) DEFAULT NULL
) ENGINE=InnoDB DEFAULT CHARSET=utf8mb4 COLLATE=utf8mb4_general_ci;

--
-- Dumping data untuk tabel `m_sarana`
--

INSERT INTO `m_sarana` (`id`, `nama_sarana`) VALUES
(1, 'Perabot Kantor'),
(2, 'Peralatan Kantor'),
(3, 'Perbekalan Kantor');

-- --------------------------------------------------------

--
-- Struktur dari tabel `m_spiritual`
--

CREATE TABLE `m_spiritual` (
  `id` int(11) NOT NULL,
  `ket` text DEFAULT NULL
) ENGINE=InnoDB DEFAULT CHARSET=latin1 COLLATE=latin1_swedish_ci;

--
-- Dumping data untuk tabel `m_spiritual`
--

INSERT INTO `m_spiritual` (`id`, `ket`) VALUES
(1, 'berdoa sebelum dan sesudah melakukan kegiatan'),
(2, 'menjalankan ibadah sesuai dengan agamanya'),
(3, 'memberi salam pada saat awal dan akhir kegiatan'),
(4, 'bersyukur atas nikmat dan karunia Tuhan Yang Maha Esa'),
(5, 'bersyukur ketika berhasil mengerjakan sesuatu'),
(6, 'berserah diri (tawakal) kepada Tuhan setelah berikhtiar atau melakukan usaha'),
(7, 'memelihara hubungan baik dengan sesama umat');

-- --------------------------------------------------------

--
-- Struktur dari tabel `m_sub_elemen`
--

CREATE TABLE `m_sub_elemen` (
  `id_sub` int(11) NOT NULL,
  `iddimensi` int(11) NOT NULL,
  `idelemen` int(11) NOT NULL,
  `sub_elemen` varchar(100) NOT NULL,
  `A` text DEFAULT NULL,
  `B` text DEFAULT NULL,
  `C` text DEFAULT NULL,
  `D` text DEFAULT NULL,
  `E` text DEFAULT NULL
) ENGINE=InnoDB DEFAULT CHARSET=latin1 COLLATE=latin1_swedish_ci;

--
-- Dumping data untuk tabel `m_sub_elemen`
--

INSERT INTO `m_sub_elemen` (`id_sub`, `iddimensi`, `idelemen`, `sub_elemen`, `A`, `B`, `C`, `D`, `E`) VALUES
(1, 1, 1, 'Mengenal dan Mencintai Tuhan Yang Maha Esa', 'Mengenali sifat-sifat utama Tuhan bahwa Ia Maha Esa dan Ia adalah Sang Pencipta yang Maha Pengasih dan Maha Penyayang dan mengenali kebaikan dirinya sebagai cerminan sifat Tuhan', 'Memahami sifat-sifat Tuhan utama lainnya dan mengaitkan sifatsifat tersebut dengan konsep dirinya dan ciptaan-Nya', 'Memahami berbagai kualitas atau sifat-sifat Tuhan yang diutarakan dalam kitab suci agama masing-masing dan menghubungkan kualitas-kualitas positif Tuhan dengan sikap pribadinya, serta meyakini firman Tuhan sebagai kebenaran', 'Memahami kehadiran Tuhan dalam kehidupan sehari-hari serta mengaitkan pemahamannya tentang kualitas atau sifat-sifat Tuhan dengan konsep peran manusia di bumi sebagai makhluk Tuhan yang bertanggung jawab', 'Menerapkan pemahamannya tentang kualitas atau sifat-sifat Tuhan dalam ritual ibadahnya baik ibadah yang bersifat personal maupun sosial.'),
(2, 1, 1, 'Pemahaman Agama/Kepercayaan', 'Mengenali unsur-unsur utama agama/kepercayaan (ajaran, ritual keagamaan, kitab suci, dan orang suci/ utusan Tuhan YME).', 'Mengenali unsur-unsur utama agama/kepercayaan (simbol-simbol keagamaan dan sejarah agama/ kepercayaan)', 'Memahami berbagai kualitas atau sifat-sifat Tuhan yang diutarakan dalam kitab suci agama masing-masing dan menghubungkan kualitas-kualitas positif Tuhan dengan sikap pribadinya, serta meyakini firman Tuhan sebagai kebenaran', 'Memahami kehadiran Tuhan dalam kehidupan sehari-hari serta mengaitkan pemahamannya tentang kualitas atau sifat-sifat Tuhan dengan konsep peran manusia di bumi sebagai makhluk Tuhan yang bertanggung jawab', 'Memahami struktur organisasi, unsur-unsur utama agama /kepercayaan dalam konteks Indonesia, memahami kontribusi agama/kepercayaan terhadap peradaban dunia.'),
(3, 1, 1, 'Pelaksanaan Ritual Ibadah', 'Terbiasa melaksanakan ibadah sesuai ajaran agama/kepercayaannya', 'Terbiasa melaksanakan ibadah wajib sesuai tuntunan agama/kepercayaannya', 'Melaksanakan ibadah secara rutin sesuai dengan tuntunan agama/kepercayaan, berdoa mandiri, merayakan, dan memahami makna hari-hari besarnya', 'Melaksanakan ibadah secara rutin dan mandiri sesuai dengan tuntunan agama/kepercayaan, serta berpartisipasi pada perayaan hari-hari besarnya\r\n', 'Melaksanakan ibadah secara rutin dan mandiri serta menyadari arti penting ibadah tersebut dan berpartisipasi aktif pada kegiatan keagamaan atau kepercayaan'),
(4, 1, 2, 'Integritas', 'Membiasakan bersikap jujur terhadap diri sendiri dan orang lain dan berani menyampaikan kebenaran atau fakta', 'Membiasakan melakukan refleksi tentang pentingnya bersikap jujur dan berani menyampaikan kebenaran atau fakta', 'Berani dan konsisten menyampaikan kebenaran atau fakta serta memahami konsekuensi-konsekuensinya untuk diri sendiri', 'Berani dan konsisten menyampaikan kebenaran atau fakta serta memahami konsekuensi-konsekuensinya untuk diri sendiri dan orang lain', 'Menyadari bahwa aturan agama dan sosial merupakan aturan yang baik dan menjadi bagian dari diri sehingga bisa menerapkannya secara bijak dan kontekstual'),
(5, 1, 2, 'Merawat Diri secara Fisik, Mental dan Spiritual', 'Memiliki rutinitas sederhana yang diatur secara mandiri dan dijalankan sehari-hari serta menjaga kesehatan dan keselamatan/keamanan diri dalam semua aktivitas kesehariannya.\r\n', 'Mulai membiasakan diri untuk disiplin, rapi, membersihkan dan merawat tubuh, menjaga tingkah laku dan perkataan dalam semua aktivitas kesehariannya', 'Memperhatikan kesehatan jasmani, mental, dan rohani dengan melakukan aktivitas fisik, sosial, dan ibadah', 'Mengidentifikasi pentingnya menjaga keseimbangan kesehatan jasmani, mental, dan rohani serta berupaya menyeimbangkan aktivitas fisik, sosial dan ibadah', 'Melakukan aktivitas fisik, sosial, dan ibadah secara seimbang.'),
(6, 1, 3, 'Mengutamakan persamaan dengan orang lain dan menghargai perbedaan', 'Mengenali hal-hal yang sama dan berbeda yang dimiliki diri dan temannya dalam berbagai hal, serta memberikan respon secara positif.', 'Terbiasa mengidentifikasi hal-hal yang sama dan berbeda yang dimiliki diri dan temannya dalam berbagai hal serta memberikan respon secara positif.', 'Mengidentifikasi kesamaan dengan orang lain sebagai perekat hubungan sosial dan mewujudkannya dalam aktivitas kelompok. Mulai mengenal berbagai kemungkinan interpretasi dan cara pandang yang berbeda ketika dihadapkan dengan dilema.', 'Mengenal perspektif dan emosi/perasaan dari sudut pandang orang atau kelompok lain yang tidak pernah dijumpai atau dikenalnya. Mengutamakan persamaan dan menghargai perbedaan sebagai alat pemersatu dalam keadaan konflik atau perdebatan.', 'Mengidentifikasi hal yang menjadi permasalahan bersama, memberikan alternatif solusi untuk menjembatani perbedaan dengan mengutamakan kemanusiaan.'),
(7, 1, 3, 'Berempati kepada orang lain', 'Mengidentifikasi emosi, minat dan kebutuhan orang-orang terdekat dan meresponnya secara positif.', 'Terbiasa memberikan apresiasi di lingkungan sekolah dan masyarakat', 'Mulai memandang sesuatu dari perspektif orang lain serta mengidentifikasi kebaikan dan kelebihan orang sekitarnya.', 'Memahami perasaan dan sudut pandang orang dan/atau kelompok lain yang tidak pernah dikenalnya', 'Memahami dan menghargai perasaan dan sudut pandang orang dan/atau kelompok lain.'),
(8, 1, 4, 'Memahami Keterhubungan Ekosistem Bumi', 'Mengidentifikasi berbagai ciptaan Tuhan', 'Memahami keterhubungan antara satu ciptaan dengan ciptaan Tuhan yang lainnya', 'Memahami konsep harmoni dan mengidentifikasi adanya saling ketergantungan antara berbagai ciptaan Tuhan', 'Memahami konsep sebab-akibat di antara berbagai ciptaan Tuhan dan mengidentifikasi berbagai sebab yang mempunyai dampak baik atau buruk, langsung maupun tidak langsung, terhadap alam semesta.\r\n', 'Mengidentifikasi masalah lingkungan hidup di tempat ia tinggal dan melakukan langkah-langkah konkrit yang bisa dilakukan untuk menghindari kerusakan dan menjaga keharmonisan ekosistem yang ada di lingkungannya.'),
(9, 1, 4, 'Menjaga Lingkungan Alam Sekitar', 'Membiasakan bersyukur atas lingkungan alam sekitar dan berlatih untuk menjaganya\r\n', 'Terbiasa memahami tindakan-tindakan yang ramah dan tidak ramah lingkungan serta membiasakan diri untuk berperilaku ramah lingkungan\r\n', 'Mewujudkan rasa syukur dengan terbiasa berperilaku ramah lingkungan dan memahami akibat perbuatan tidak ramah lingkungan dalam lingkup kecil maupun besar.\r\n', 'Mewujudkan rasa syukur dengan berinisiatif untuk menyelesaikan permasalahan lingkungan alam sekitarnya dengan mengajukan alternatif solusi dan mulai menerapkan solusi tersebut.\r\n', 'Mewujudkan rasa syukur dengan membangun kesadaran peduli lingkungan alam dengan menciptakan dan mengimplementasikan solusi dari permasalahan lingkungan yang ada.'),
(10, 1, 5, 'Melaksanakan Hak dan Kewajiban sebagai Warga Negara Indonesia', 'Mengidentifikasi hak dan tanggung jawabnya di rumah, sekolah, dan lingkungan sekitar serta kaitannya dengan keimanan kepada Tuhan YME.\r\n\r\n', 'Mengidentifikasi hak dan tanggung jawab orang-orang di sekitarnya serta kaitannya dengan keimanan kepada Tuhan YME.\r\n', 'Mengidentifikasi dan memahami peran, hak, dan kewajiban dasar sebagai warga negara serta kaitannya dengan keimanan kepada Tuhan YME dan secara sadar mempraktikkannya dalam kehidupan sehari-hari.\r\n', 'Menganalisa peran, hak, dan kewajiban sebagai warga negara, memahami perlunya mengutamakan kepentingan umum di atas kepentingan pribadi sebagai wujud dari keimanannya kepada Tuhan YME.\r\n', 'Memperoleh hak dan melaksanakan kewajiban kewarganegaraan dan terbiasa mendahulukan kepentingan umum di atas kepentingan pribadi sebagai wujud dari keimanannya kepada Tuhan YME.'),
(11, 2, 6, 'Mendalami budaya dan identitas budaya', 'Mengidentifikasi dan mendeskripsikan ide-ide tentang dirinya dan beberapa macam kelompok di lingkungan sekitarnya\r\n', 'Mengidentifikasi dan mendeskripsikan ide-ide tentang dirinya dan berbagai macam kelompok di lingkungan sekitarnya, serta cara orang lain berperilaku dan berkomunikasi dengannya.\r\n', 'Mengidentifikasi dan mendeskripsikan keragaman budaya di sekitarnya; serta menjelaskan peran budaya dan Bahasa dalam membentuk identitas dirinya.\r\n', 'Menjelaskan perubahan budaya seiring waktu dan sesuai konteks, baik dalam skala lokal, regional, dan nasional. Menjelaskan identitas diri yang terbentuk dari budaya bangsa.\r\n', 'Menganalisis pengaruh keanggotaan kelompok lokal, regional, nasional, dan global terhadap pembentukan identitas, termasuk identitas dirinya. Mulai menginternalisasi identitas diri sebagai bagian dari budaya bangsa.'),
(12, 2, 6, 'Mengeksplorasi dan membandingkan pengetahuan budaya, kepercayaan, serta praktiknya', 'Mengidentifikasi dan mendeskripsikan praktik keseharian diri dan budayanya\r\n', 'Mengidentifikasi dan membandingkan praktik keseharian diri dan budayanya dengan orang lain di tempat dan waktu/era yang berbeda.\r\n', 'Mendeskripsikan dan membandingkan pengetahuan, kepercayaan, dan praktik dari berbagai kelompok budaya.\r\n', 'Memahami dinamika budaya yang mencakup pemahaman, kepercayaan, dan praktik keseharian dalam konteks personal dan sosial.\r\n', 'Menganalisis dinamika budaya yang mencakup pemahaman, kepercayaan, dan praktik keseharian dalam rentang waktu yang panjang dan konteks yang luas.'),
(13, 2, 6, 'Menumbuhkan rasa menghormati terhadap keanekaragaman budaya', 'Mendeskripsikan pengalaman dan pemahaman hidup bersama-sama dalam kemajemukan.\r\n', 'Memahami bahwa kemajemukan dapat memberikan kesempatan untuk mendapatkan pengalaman dan pemahaman yang baru.\r\n', 'Mengidentifikasi peluang dan tantangan yang muncul dari keragaman budaya di Indonesia.\r\n', 'Memahami pentingnya melestarikan dan merayakan tradisi budaya untuk mengembangkan identitas pribadi, sosial, dan bangsa Indonesia serta mulai berupaya melestarikan budaya dalam kehidupan sehari-hari.\r\n', 'Memahami pentingnya saling menghormati dalam mempromosikan pertukaran budaya dan kolaborasi dalam dunia yang saling terhubung serta menunjukkannya dalam perilaku.'),
(14, 2, 7, 'Berkomunikasi antar budaya', 'Mengenali bahwa diri dan orang lain menggunakan kata, gambar, dan bahasa tubuh yang dapat memiliki makna yang berbeda di lingkungan sekitarnya\r\n', 'Mendeskripsikan penggunaan kata, tulisan dan bahasa tubuh yang memiliki makna yang berbeda di lingkungan sekitarnya dan dalam suatu budaya tertentu.\r\n', 'Memahami persamaan dan perbedaan cara komunikasi baik di dalam maupun antar kelompok budaya.\r\n', 'Mengeksplorasi pengaruh budaya terhadap penggunaan bahasa serta dapat mengenali risiko dalam berkomunikasi antar budaya.\r\n', 'Menganalisis hubungan antara bahasa, pikiran, dan konteks untuk memahami dan meningkatkan komunikasi antar budaya yang berbeda-beda.'),
(15, 2, 7, 'Mempertimbangkan dan menumbuhkan berbagai perspektif', 'Mengekspresikan pandangannya terhadap topik yang umum dan mendengarkan sudut pandang orang lain yang berbeda dari dirinya dalam lingkungan keluarga dan sekolah\r\n', 'Mengekspresikan pandangannya terhadap topik yang umum dan dapat mengidentifikasi sudut pandang orang lain. Mendengarkan dan membayangkan sudut pandang orang lain yang berbeda dari dirinya pada situasi di ranah sekolah, keluarga, dan lingkungan sekitar.\r\n', 'Membandingkan beragam perspektif untuk memahami permasalahan sehari-hari. Membayangkan dan mendeskripsikan situasi komunitas yang berbeda dengan dirinya ke dalam situasi dirinya dalam konteks lokal dan regional.\r\n', 'Menjelaskan asumsi-asumsi yang mendasari perspektif tertentu. Membayangkan dan mendeskripsikan perasaan serta motivasi komunitas yang berbeda dengan dirinya yang berada dalam situasi yang sulit.\r\n', 'Menyajikan pandangan yang seimbang mengenai permasalahan yang dapat menimbulkan pertentangan pendapat. Memperlakukan orang lain dan budaya yang berbeda darinya dalam posisi setara dengan diri dan budayanya, serta bersedia memberikan pertolongan ketika orang lain berada dalam situasi sulit.'),
(16, 2, 8, 'Refleksi terhadap pengalaman kebinekaan', 'Menyebutkan apa yang telah dipelajari tentang orang lain dari interaksinya dengan kemajemukan budaya di lingkungan sekolah dan rumah\r\n', 'Menyebutkan apa yang telah dipelajari tentang orang lain dari interaksinya dengan kemajemukan budaya di lingkungan sekitar.\r\n', 'Menjelaskan apa yang telah dipelajari dari interaksi dan pengalaman dirinya dalam lingkungan yang beragam.\r\n', 'Merefleksikan secara kritis gambaran berbagai kelompok budaya yang ditemui dan cara meresponnya.\r\n', 'Merefleksikan secara kritis dampak dari pengalaman hidup di lingkungan yang beragam terkait dengan perilaku, kepercayaan serta tindakannya terhadap orang lain.'),
(17, 2, 8, 'Menghilangkan stereotip dan prasangka', 'Mengenali perbedaan tiap orang atau kelompok dan menganggapnya sebagai kewajaran\r\n', 'Mengkonfirmasi dan mengklarifikasi stereotip dan prasangka yang dimilikinya tentang orang atau kelompokdi sekitarnya untuk mendapatkan pemahaman yang lebih baik\r\n', 'Mengkonfirmasi dan mengklarifikasi stereotip dan prasangka yang dimilikinya tentang orang atau kelompok di sekitarnya untuk mendapatkan pemahaman yang lebih baik serta mengidentifikasi pengaruhnya terhadap individu dan kelompok di lingkungan sekitarnya\r\n', 'Mengkonfirmasi, mengklarifikasi dan menunjukkan sikapmenolak stereotip serta prasangka tentang gambaran identitas kelompok dan suku bangsa.\r\n', 'Mengkritik dan menolak stereotip serta prasangka tentang gambaran identitas kelompok dan suku bangsa serta berinisiatif mengajak orang lain untuk menolak stereotip dan prasangka.'),
(18, 2, 8, 'Menyelaraskan perbedaan budaya', 'Mengidentifikasi perbedaan-perbedaan budaya yang konkrit di lingkungan sekitar\r\n', 'Mengenali bahwa perbedaan budaya mempengaruhi pemahaman antarindividu.\r\n', 'Mencari titik temu nilai budaya yang beragam untuk menyelesaikan permasalahan bersama.\r\n', 'Mengkonfirmasi, mengklarifikasi dan menunjukkan sikapmenolak stereotip serta prasangka tentang gambaran identitas kelompok dan suku bangsa.\r\n', 'Mengetahui tantangan dan keuntungan hidup dalam lingkungan dengan budaya yang beragam, serta memahami pentingnya kerukunan antar budaya dalam kehidupan bersama yang harmonis.'),
(19, 2, 9, 'Aktif membangun masyarakat yang inklusif, adil, dan berkelanjutan\r\n', 'Menjalin pertemanan tanpa memandang perbedaan agama, suku, ras, jenis kelamin, dan perbedaan lainnya, dan mengenal masalah-masalah sosial, ekonomi, dan lingkungan di lingkungan sekitarnya\r\n', 'Mengidentifikasi cara berkontribusi terhadap lingkungan sekolah, rumah dan lingkungan sekitarnya yang inklusif, adil dan berkelanjutan\r\n', 'Membandingkan beberapa tindakan dan praktik perbaikan lingkungan sekolah yang inklusif, adil, dan berkelanjutan, dengan mempertimbangkan dampaknya secara jangka panjang terhadap manusia, alam, dan masyarakat\r\n', 'Mengidentifikasi masalah yang ada di sekitarnya sebagai akibat dari pilihan yang dilakukan oleh manusia, serta dampak masalah tersebut terhadap sistem ekonomi, sosial dan lingkungan, serta mencari solusi yang memperhatikan prinsip-prinsip keadilan terhadap manusia, alam dan masyarakat\r\n', 'Berinisiatif melakukan suatu tindakan berdasarkan identifikasi masalah untuk mempromosikan keadilan, keamanan ekonomi, menopang ekologi dan demokrasi sambil menghindari kerugian jangka panjang terhadap manusia, alam ataupun masyarakat.\r\n'),
(20, 2, 9, 'Berpartisipasi dalam proses pengambilan keputusan bersama', 'Mengidentifikasi pilihan-pilihan berdasarkan kebutuhan dirinya dan orang lain ketika membuat keputusan\r\n', 'Berpartisipasi menentukan beberapa pilihan untuk keperluan bersama berdasarkan kriteria sederhana\r\n', 'Berpartisipasi dalam menentukan kriteria yang disepakati bersama untuk menentukan pilihan dan keputusan untuk kepentingan bersama\r\n', 'Berpartisipasi dalam menentukan kriteria dan metode yang disepakati bersama untuk menentukan pilihan dan keputusan untuk kepentingan bersama melalui proses bertukar pikiran secara cermat dan terbuka dengan panduan pendidik\r\n', 'Berpartisipasi menentukan pilihan dan keputusan untuk kepentingan bersama melalui proses bertukar pikiran secara cermat dan terbuka secara mandiri\r\n'),
(21, 2, 9, 'Memahami peran individu dalam demokrasi', 'Mengidentifikasi peran, hak dan kewajiban warga dalam masyarakat demokratis\r\n', 'Memahami konsep hak dan kewajiban, serta implikasinya terhadap perilakunya.\r\n', 'Memahami konsep hak dan kewajiban, serta implikasinya terhadap perilakunya. Menggunakan konsep ini untuk menjelaskan perilaku diri dan orang sekitarnya\r\n', 'Memahami konsep hak dan kewajiban serta implikasinya terhadap ekspresi dan perilakunya. Mulai aktif mengambil sikap dan langkah untuk melindungi hak orang/kelompok lain.\r\n', 'Memahami konsep hak dan kewajiban, serta implikasinya terhadap ekspresi dan perilakunya. Mulai mencari solusi untuk dilema terkait konsep hak dan kewajibannya.\r\n'),
(22, 3, 10, 'Kerja sama', 'Menerima dan melaksanakan tugas serta peran yang diberikan kelompok dalam sebuah kegiatan bersama.\r\n', 'Menampilkan tindakan yang sesuai dengan harapan dan tujuan kelompok.\r\n', 'Menunjukkan ekspektasi (harapan) positif kepada orang lain dalam rangka mencapai tujuan kelompok di lingkungan sekitar (sekolah dan rumah).\r\n', 'Menyelaraskan tindakan sendiri dengan tindakan orang lain untuk melaksanakan kegiatan dan mencapai tujuan kelompok di lingkungan sekitar, serta memberi semangat kepada orang lain untuk bekerja efektif dan mencapai tujuan bersama.\r\n', 'Membangun tim dan mengelola kerjasama untuk mencapai tujuan bersama sesuai dengan target yang sudah ditentukan.\r\n'),
(23, 3, 10, 'Komunikasi untuk mencapai tujuan bersama', 'Memahami informasi sederhana dari orang lain dan menyampaikan informasi sederhana kepada orang lain menggunakan kata-katanya sendiri.\r\n', 'Memahami informasi yang disampaikan (ungkapan pikiran, perasaan, dan keprihatinan) orang lain dan menyampaikan informasi secara akurat menggunakan berbagai simbol dan media\r\n', 'Memahami informasi dari berbagai sumber dan menyampaikan pesan menggunakan berbagai simbol dan media secara efektif kepada orang lain untuk mencapai tujuan bersama\r\n', 'Memahami informasi, gagasan, emosi, keterampilan dan keprihatinan yang diungkapkan oleh orang lain menggunakan berbagai simbol dan media secara efektif, serta memanfaatkannya untuk meningkatkan kualitas hubungan interpersonal guna mencapai tujuan bersama.\r\n', 'Aktif menyimak untuk memahami dan menganalisis informasi, gagasan, emosi, keterampilan dan keprihatinan yang disampaikan oleh orang lain dan kelompok menggunakan berbagai simbol dan media secara efektif, serta menggunakan berbagai strategi komunikasi untuk menyelesaikan masalah guna mencapai berbagai tujuan bersama.\r\n'),
(24, 3, 10, 'Saling-ketergantungan positif', 'Mengenali kebutuhan-kebutuhan diri sendiri yang memerlukan orang lain dalam pemenuhannya.\r\n', 'Menyadari bahwa setiap orang membutuhkan orang lain dalam memenuhi kebutuhannya dan perlunya saling membantu\r\n', 'Menyadari bahwa meskipun setiap orang memiliki otonominya masing-masing, setiap orang membutuhkan orang lain dalam memenuhi kebutuhannya.\r\n', 'Mendemonstrasikan kegiatan kelompok yang menunjukkan bahwa anggota kelompok dengan kelebihan dan kekurangannya masing-masing perlu dan dapat saling membantu memenuhi kebutuhan.\r\n', 'Menyelaraskan kapasitas kelompok agar para anggota kelompok dapat saling membantu satu sama lain memenuhi kebutuhan mereka baik secara individual maupun kolektif.\r\n'),
(25, 3, 10, 'Koordinasi Sosial', 'Melaksanakan aktivitas kelompok sesuai dengan kesepakatan bersama dengan bimbingan, dan saling mengingatkan adanya kesepakatan tersebut.\r\n', 'Menyadari bahwa dirinya memiliki peran yang berbeda dengan orang lain/temannya, serta mengetahui konsekuensi perannya terhadap ketercapaian tujuan.\r\n', 'Menyelaraskan tindakannya sesuai dengan perannya dan mempertimbangkan peran orang lain untuk mencapai tujuan bersama.\r\n', 'Membagi peran dan menyelaraskan tindakan dalam kelompok serta menjaga tindakan agar selaras untuk mencapai tujuan bersama.\r\n', 'Menyelaraskan dan menjaga tindakan diri dan anggota kelompok agar sesuai antara satu dengan lainnya serta menerima konsekuensi tindakannya dalam rangka mencapai tujuan bersama.\r\n'),
(26, 3, 11, 'Tanggap terhadap lingkungan Sosial', 'Peka dan mengapresiasi orang-orang di lingkungan sekitar, kemudian melakukan tindakan sederhana untuk mengungkapkannya.\r\n', 'Peka dan mengapresiasi orang-orang di lingkungan sekitar, kemudian melakukan tindakan untuk menjaga keselarasan dalam berelasi dengan orang lain.\r\n', 'Tanggap terhadap lingkungan sosial sesuai dengan tuntutan peran sosialnya dan menjaga keselarasan dalam berelasi dengan orang lain.\r\n', 'Tanggap terhadap lingkungan sosial sesuai dengan tuntutan peran sosialnya dan berkontribusi sesuai dengan kebutuhan masyarakat.\r\n', 'Tanggap terhadap lingkungan sosial sesuai dengan tuntutan peran sosialnya dan berkontribusi sesuai dengan kebutuhan masyarakat untuk menghasilkan keadaan yang lebih baik.\r\n'),
(27, 3, 11, 'Persepsi sosial', 'Mengenali berbagai reaksi orang lain di lingkungan sekitar dan penyebabnya.\r\n', 'Memahami berbagai alasan orang lain menampilkan respon tertentu\r\n', 'Menerapkan pengetahuan mengenai berbagai reaksi orang lain dan penyebabnya dalam konteks keluarga, sekolah, serta pertemanan dengan sebaya.\r\n', 'Menggunakan pengetahuan tentang sebab dan alasan orang lain menampilkan reaksi tertentu untuk menentukan tindakan yang tepat agar orang lain menampilkan respon yang diharapkan.\r\n', 'Melakukan tindakan yang tepat agar orang lain merespon sesuai dengan yang diharapkan dalam rangka penyelesaian pekerjaan dan pencapaian tujuan.\r\n'),
(28, 3, 12, 'Berbagi', 'Memberi dan menerima hal yang dianggap berharga dan penting kepada/dari orang-orang di lingkungan sekitar.\r\n', '\"\r\nMemberi dan menerima hal yang dianggap penting dan berharga kepada/dari orang-orang di lingkungan sekitar baik yang dikenal maupun tidak dikenal.\"\r\n', 'Memberi dan menerima hal yang dianggap penting dan berharga kepada/dari orang-orang di lingkungan luas/masyarakat baik yang dikenal maupun tidak dikenal.\r\n', '\"\r\nMengupayakan memberi hal yang dianggap penting dan berharga kepada masyarakat yang membutuhkan bantuan di sekitar tempat tinggal\"\r\n', 'Mengupayakan memberi hal yang dianggap penting dan berharga kepada orang-orang yang membutuhkan di masyarakat yang lebih luas (negara, dunia).\r\n'),
(29, 4, 13, 'Mengenali kualitas dan minat diri serta tantangan yang dihadapi', 'Mengidentifikasi dan menggambarkan kemampuan, prestasi, dan ketertarikannya secara subjektif\r\n', 'Mengidentifikasi kemampuan, prestasi, dan ketertarikannya serta tantangan yang dihadapi berdasarkan kejadian-kejadian yang dialaminya dalam kehidupan sehari-hari.\r\n', 'Menggambarkan pengaruh kualitas dirinya terhadap pelaksanaan dan hasil belajar; serta mengidentifikasi kemampuan yang ingin dikembangkan dengan mempertimbangkan tantangan yang dihadapinya dan umpan balik dari orang dewasa\r\n', 'Membuat penilaian yang realistis terhadap kemampuan dan minat , serta prioritas pengembangan diri berdasarkan pengalaman belajar dan aktivitas lain yang dilakukannya.\r\n', 'Mengidentifikasi kekuatan dan tantangan-tantangan yang akan dihadapi pada konteks pembelajaran, sosial dan pekerjaan yang akan dipilihnya di masa depan.\r\n'),
(30, 4, 13, 'Mengembangkan refleksi diri', 'Melakukan refleksi untuk mengidentifikasi kekuatan dan kelemahan, serta prestasi dirinya.\r\n', 'Melakukan refleksi untuk mengidentifikasi kekuatan, kelemahan, dan prestasi dirinya, serta situasi yang dapat mendukung dan menghambat pembelajaran dan pengembangan dirinya\r\n', 'Melakukan refleksi untuk mengidentifikasi faktor-faktor di dalam maupun di luar dirinya yang dapat mendukung/menghambatnya dalam belajar dan mengembangkan diri; serta mengidentifikasi cara-cara untuk mengatasi kekurangannya.\r\n', 'Memonitor kemajuan belajar yang dicapai serta memprediksi tantangan pribadi dan akademik yang akan muncul berlandaskan pada pengalamannya untuk mempertimbangkan strategi belajar yang sesuai.\r\n', 'Melakukan refleksi terhadap umpan balik dari teman, guru, dan orang dewasa lainnya, serta informasi-informasi karir yang akan dipilihnya untuk menganalisis karakteristik dan keterampilan yang dibutuhkan dalam menunjang atau menghambat karirnya di masa depan.\r\n'),
(31, 4, 14, 'Regulasi emosi', 'Mengidentifikasi perbedaan emosi yang dirasakannya dan situasi-situasi yang menyebabkan-nya; serta mengekspresi-kan secara wajar\r\n', 'Mengetahui adanya pengaruh orang lain, situasi, dan peristiwa yang terjadi terhadap emosi yang dirasakannya; serta berupaya untuk mengekspresikan emosi secara tepat dengan mempertimbangkan perasaan dan kebutuhan orang lain disekitarnya\r\n', 'Memahami perbedaan emosi yang dirasakan dan dampaknya terhadap proses belajar dan interaksinya dengan orang lain; serta mencoba cara-cara yang sesuai untuk mengelola emosi agar dapat menunjang aktivitas belajar dan interaksinya dengan orang lain.\r\n', 'Memahami dan memprediksi konsekuensi dari emosi dan pengekspresiannya dan menyusun langkah-langkah untuk mengelola emosinya dalam pelaksanaan belajar dan berinteraksi dengan orang lain.\r\n', 'Mengendalikan dan menyesuaikan emosi yang dirasakannya secara tepat ketika menghadapi situasi yang menantang dan menekan pada konteks belajar, relasi, dan pekerjaan.\r\n'),
(32, 4, 14, 'Penetapan tujuan belajar, prestasi, dan pengembangan diri serta rencana strategis untuk mencapainya', 'Menetapkan target belajar dan merencanakan waktu dan tindakan belajar yang akan dilakukannya.\r\n', 'Menjelaskan pentingnya memiliki tujuan dan berkomitmen dalam mencapainya serta mengeksplorasi langkah-langkah yang sesuai untuk mencapainya\r\n', 'Menilai faktor-faktor (kekuatan dan kelemahan) yang ada pada dirinya dalam upaya mencapai tujuan belajar, prestasi, dan pengembangan dirinya serta mencoba berbagai strategi untuk mencapainya.\r\n', 'Merancang strategi yang sesuai untuk menunjang pencapaian tujuan belajar, prestasi, dan pengembangan diri dengan mempertimbangkan kekuatan dan kelemahan dirinya, serta situasi yang dihadapi.\r\n', 'Mengevaluasi efektivitas strategi pembelajaran digunakannya, serta menetapkan tujuan belajar, prestasi, dan pengembangan diri secara spesifik dan merancang strategi yang sesuai untuk menghadapi tantangan-tantangan yang akan dihadapi pada konteks pembelajaran, sosial dan pekerjaan yang akan dipilihnya di masa depan.\r\n'),
(33, 4, 14, 'Menunjukkan inisiatif dan bekerja secara mandiri', 'Berinisiatif untuk mengerjakan tugas-tugas rutin secara mandiri dibawah pengawasan dan dukungan orang dewasa\r\n', 'Mempertimbangkan, memilih dan mengadopsi berbagai strategi dan mengidentifikasi sumber bantuan yang diperlukan serta berinisiatif menjalankannya untuk mendapatkan hasil belajar yang diinginkan.\r\n', 'Memahami arti penting bekerja secara mandiri serta inisiatif untuk melakukannya dalam menunjang pembelajaran dan pengembangan dirinya\r\n', 'Mengkritisi efektivitas dirinya dalam bekerja secara mandiri dengan mengidentifikasi hal-hal yang menunjang maupun menghambat dalam mencapai tujuan.\r\n', 'Menentukan prioritas pribadi, berinisiatif mencari dan mengembangkan pengetahuan dan keterampilan yang spesifik sesuai tujuan di masa depan.\r\n'),
(34, 4, 14, 'Mengembangkan pengendalian dan disiplin diri', 'Melaksanakan kegiatan belajar di kelas dan menyelesaikan tugas-tugas dalam waktu yang telah disepakati.\r\n', 'Menjelaskan pentingnya mengatur diri secara mandiri dan mulai menjalankan kegiatan dan tugas yang telah sepakati secara mandiri\r\n', 'Mengidentifikasi faktor-faktor yang dapat mempengaruhi kemampuan dalam mengelola diri dalam pelaksanaan aktivitas belajar dan pengembangan dirinya.\r\n', 'Berkomitmen dan menjaga konsistensi pencapaian tujuan yang telah direncanakannya untuk mencapai tujuan belajar dan pengembangan diri yang diharapkannya\r\n', 'Melakukan tindakan-tindakan secara konsisten guna mencapai tujuan karir dan pengembangan dirinya di masa depan, serta berusaha mencari dan melakukan alternatif tindakan lain yang dapat dilakukan ketika menemui hambatan.\r\n'),
(35, 4, 14, 'Percaya diri, tangguh (resilient), dan adaptif', 'Berani mencoba dan adaptif menghadapi situasi baru serta bertahan mengerjakan tugas-tugas yang disepakati hingga tuntas\r\n', 'Tetap bertahan mengerjakan tugas ketika dihadapkan dengan tantangan dan berusaha menyesuaikan strateginya ketika upaya sebelumnya tidak berhasil.\r\n', 'Menyusun, menyesuaikan, dan mengujicobakan berbagai strategi dan cara kerjanya untuk membantu dirinya dalam penyelesaian tugas yang menantang\r\n', 'Membuat rencana baru dengan mengadaptasi, dan memodifikasi strategi yang sudah dibuat ketika upaya sebelumnya tidak berhasil, serta menjalankan kembali tugasnya dengan keyakinan baru.\r\n', 'Menyesuaikan dan mulai menjalankan rencana dan strategi pengembangan dirinya dengan mempertimbangkan minat dan tuntutan pada konteks belajar maupun pekerjaan yang akan dijalaninya di masa depan, serta berusaha untuk mengatasi tantangan-tantangan yang ditemui.\r\n\r\n\r\nProfil Pelajar Pancasila\r\nPilih Fase\r\n\r\n\r\nFase E\r\n\r\nDimensi & Elemen\r\nBeriman, Bertakwa Kepada Tuhan Yang Maha Esa, dan Berakhlak Mulia\r\nBerkebinekaan Global\r\nBergotong-Royong\r\nMandiri\r\nElemen\r\n\r\n\r\nPemahaman diri dan situasi yang dihadapi\r\n\r\n\r\nRegulasi Diri\r\n\r\nBernalar Kritis\r\nKreatif\"\r\n'),
(36, 5, 15, 'Mengajukan pertanyaan', 'Mengajukan pertanyaan untuk menjawab keingintahuannya dan untuk mengidentifikasi suatu permasalahan mengenai dirinya dan lingkungan sekitarnya.\r\n', 'Mengajukan pertanyaan untuk mengidentifikasi suatu permasalahan dan mengkonfirmasi pemahaman terhadap suatu permasalahan mengenai dirinya dan lingkungan sekitarnya.\r\n', 'Mengajukan pertanyaan untuk membandingkan berbagai informasi dan untuk menambah pengetahuannya.\r\n', 'Mengajukan pertanyaan untuk klarifikasi dan interpretasi informasi, serta mencari tahu penyebab dan konsekuensi dari informasi tersebut.\r\n', 'Mengajukan pertanyaan untuk menganalisis secara kritis permasalahan yang kompleks dan abstrak.\r\n'),
(37, 5, 15, 'Mengidentifikasi, mengklarifikasi, dan mengolah informasi dan gagasan', 'Mengidentifikasi dan mengolah informasi dan gagasan\r\n', 'Mengumpulkan, mengklasifikasikan, membandingkan dan memilih informasi dan gagasan dari berbagai sumber.\r\n', 'Mengumpulkan, mengklasifikasikan, membandingkan, dan memilih informasi dari berbagai sumber, serta memperjelas informasi dengan bimbingan orang dewasa.\r\n', 'Mengidentifikasi, mengklarifikasi, dan menganalisis informasi yang relevan serta memprioritaskan beberapa gagasan tertentu.\r\n', 'Secara kritis mengklarifikasi serta menganalisis gagasan dan informasi yang kompleks dan abstrak dari berbagai sumber. Memprioritaskan suatu gagasan yang paling relevan dari hasil klarifikasi dan analisis.\r\n'),
(38, 5, 16, 'Menganalisis dan mengevaluasi penalaran dan prosedurnya', 'Melakukan penalaran konkrit dan memberikan alasan dalam menyelesaikan masalah dan mengambil keputusan\r\n', 'Menjelaskan alasan yang relevan dalam penyelesaian masalah dan pengambilan keputusan\r\n', 'Menjelaskan alasan yang relevan dan akurat dalam penyelesaian masalah dan pengambilan keputusan\r\n', 'Membuktikan penalaran dengan berbagai argumen dalam mengambil suatu simpulan atau keputusan.\r\n', 'Menganalisis dan mengevaluasi penalaran yang digunakannya dalam menemukan dan mencari solusi serta mengambil keputusan.\r\n'),
(39, 5, 17, 'Merefleksi dan mengevaluasi pemikirannya sendiri', 'Menyampaikan apa yang sedang dipikirkan secara terperinci\r\n', 'Menyampaikan apa yang sedang dipikirkan dan menjelaskan alasan dari hal yang dipikirkan\r\n', 'Memberikan alasan dari hal yang dipikirkan, serta menyadari kemungkinan adanya bias pada pemikirannya sendiri\r\n\r\nProfil Pelajar Pancasila\r\nPilih Fase\r\n\r\n\r\nFase C\r\n\r\nDimensi & Elemen\"\r\n', 'Menjelaskan asumsi yang digunakan, menyadari kecenderungan dan konsekuensi bias pada pemikirannya, serta berusaha mempertimbangkan perspektif yang berbeda.\r\n', 'Menjelaskan alasan untuk mendukung pemikirannya dan memikirkan pandangan yang mungkin berlawanan dengan pemikirannya dan mengubah pemikirannya jika diperlukan.\r\n'),
(40, 6, 18, 'Menghasilkan gagasan yang orisinal', 'Menggabungkan beberapa gagasan menjadi ide atau gagasan imajinatif yang bermakna untuk mengekspresikan pikiran dan/atau perasaannya.\r\n', 'Memunculkan gagasan imajinatif baru yang bermakna dari beberapa gagasan yang berbeda sebagai ekspresi pikiran dan/atau perasaannya.\r\n', 'Mengembangkan gagasan yang ia miliki untuk membuat kombinasi hal yang baru dan imajinatif untuk mengekspresikan pikiran dan/atau perasaannya.\r\n', 'Menghubungkan gagasan yang ia miliki dengan informasi atau gagasan baru untuk menghasilkan kombinasi gagasan baru dan imajinatif untuk mengekspresikan pikiran dan/atau perasaannya.\r\n', 'Menghasilkan gagasan yang beragam untuk mengekspresikan pikiran dan/atau perasaannya, menilai gagasannya, serta memikirkan segala risikonya dengan mempertimbangkan banyak perspektif seperti etika dan nilai kemanusiaan ketika gagasannya direalisasikan.\r\n'),
(41, 6, 19, 'Menghasilkan karya dan tindakan yang orisinal', 'Mengeksplorasi dan mengekspresikan pikiran dan/atau perasaannya dalam bentuk karya dan/atau tindakan serta mengapresiasi karya dan tindakan yang dihasilkan\r\n', 'Mengeksplorasi dan mengekspresikan pikiran dan/atau perasaannya sesuai dengan minat dan kesukaannya dalam bentuk karya dan/atau tindakan serta mengapresiasi karya dan tindakan yang dihasilkan\r\n', 'Mengeksplorasi dan mengekspresikan pikiran dan/atau perasaannya sesuai dengan minat dan kesukaannya dalam bentuk karya dan/atau tindakan serta mengapresiasi dan mengkritik karya dan tindakan yang dihasilkan\r\n', 'Mengeksplorasi dan mengekspresikan pikiran dan/atau perasaannya dalam bentuk karya dan/atau tindakan, serta mengevaluasinya dan mempertimbangkan dampaknya bagi orang lain\r\n', 'Mengeksplorasi dan mengekspresikan pikiran dan/atau perasaannya dalam bentuk karya dan/atau tindakan, serta mengevaluasinya dan mempertimbangkan dampak dan risikonya bagi diri dan lingkungannya dengan menggunakan berbagai perspektif.\r\n'),
(42, 6, 20, 'Memiliki keluwesan berpikir dalam mencari alternatif solusi permasalahan', 'Mengidentifikasi gagasan-gagasan kreatif untuk menghadapi situasi dan permasalahan.\r\n', 'Membandingkan gagasan-gagasan kreatif untuk menghadapi situasi dan permasalahan.\r\n', 'berupaya mencari solusi alternatif saat pendekatan yang diambil tidak berhasil berdasarkan identifikasi terhadap situasi\r\n', 'Menghasilkan solusi alternatif dengan mengadaptasi berbagai gagasan dan umpan balik untuk menghadapi situasi dan permasalahan\r\n', 'Bereksperimen dengan berbagai pilihan secara kreatif untuk memodifikasi gagasan sesuai dengan perubahan situasi.\r\n');

-- --------------------------------------------------------

--
-- Struktur dari tabel `nadabel`
--

CREATE TABLE `nadabel` (
  `idnada` int(11) NOT NULL,
  `nama` varchar(50) DEFAULT NULL
) ENGINE=InnoDB DEFAULT CHARSET=utf8mb4 COLLATE=utf8mb4_general_ci;

--
-- Dumping data untuk tabel `nadabel`
--

INSERT INTO `nadabel` (`idnada`, `nama`) VALUES
(1, 'Jam Pertama'),
(2, 'Jam Kedua'),
(3, 'Jam Ketiga'),
(4, 'Jam Keempat'),
(5, 'Jam Kelima'),
(6, 'Jam Keenam'),
(7, 'Jam Ketujuh'),
(8, 'Jam Kedelapan'),
(9, 'Jam Kesembilan'),
(10, 'Jam Kesepuluh'),
(11, 'Jam Kesebelas'),
(12, 'Jam Keduabelas'),
(13, 'Akhir Pelajaran Hari ini'),
(14, 'Akhir Pelajaran Akhir Pekan'),
(15, 'Istirahat Pertama'),
(16, 'Istirahat Pertama Selesai'),
(17, 'Istirahat Kedua'),
(18, 'Istirahat Kedua Selesai'),
(19, 'Waktu Ibadah Sholat'),
(20, 'Upacara Bendera 5 Menit Lagi'),
(21, 'Saatnya Upacara Bendera'),
(22, 'Waktu Sholat Jumat'),
(23, 'Peserta & Pengawas Ujian Memasuki Ruangan'),
(24, 'Peserta Ujian dipersilahkan Mengerjakan Soal'),
(25, 'Waktu Ujian 5 Menit Lagi'),
(26, 'Waktu Ujian Selesai'),
(27, 'Senam dimulai 5 Menit Lagi'),
(28, 'Waktu Senam Dimulai');

-- --------------------------------------------------------

--
-- Struktur dari tabel `nilai`
--

CREATE TABLE `nilai` (
  `id_nilai` int(11) NOT NULL,
  `id_ujian` int(11) NOT NULL,
  `id_bank` int(11) NOT NULL,
  `id_siswa` int(11) NOT NULL,
  `kode_ujian` varchar(30) NOT NULL,
  `ujian_mulai` varchar(20) NOT NULL,
  `ujian_berlangsung` varchar(20) DEFAULT NULL,
  `ujian_selesai` varchar(20) DEFAULT NULL,
  `jml_benar` int(10) DEFAULT NULL,
  `benar_esai` int(11) NOT NULL DEFAULT 0,
  `benar_multi` int(11) NOT NULL DEFAULT 0,
  `benar_bs` int(11) NOT NULL DEFAULT 0,
  `benar_urut` int(11) NOT NULL DEFAULT 0,
  `jml_salah` int(10) DEFAULT NULL,
  `salah_esai` int(11) NOT NULL DEFAULT 0,
  `salah_multi` int(11) NOT NULL DEFAULT 0,
  `salah_bs` int(11) NOT NULL DEFAULT 0,
  `salah_urut` int(11) NOT NULL DEFAULT 0,
  `skor` varchar(255) DEFAULT NULL,
  `skor_esai` varchar(255) DEFAULT NULL,
  `skor_multi` varchar(255) DEFAULT NULL,
  `skor_bs` varchar(255) DEFAULT NULL,
  `skor_urut` varchar(255) DEFAULT NULL,
  `total` varchar(255) DEFAULT NULL,
  `status` int(1) DEFAULT NULL,
  `ipaddress` varchar(20) DEFAULT NULL,
  `hasil` int(11) NOT NULL,
  `jawaban` text DEFAULT NULL,
  `jawaban_esai` longtext DEFAULT NULL,
  `jawaban_multi` text DEFAULT NULL,
  `jawaban_bs` text DEFAULT NULL,
  `jawaban_urut` text DEFAULT NULL,
  `nilai_esai` int(11) DEFAULT NULL,
  `nilai_esai2` text DEFAULT NULL,
  `online` int(1) NOT NULL DEFAULT 0,
  `id_soal` longtext DEFAULT NULL,
  `id_opsi` longtext DEFAULT NULL,
  `id_esai` text DEFAULT NULL,
  `blok` int(1) NOT NULL DEFAULT 0,
  `server` varchar(50) DEFAULT NULL
) ENGINE=InnoDB DEFAULT CHARSET=latin1 COLLATE=latin1_swedish_ci;

--
-- Dumping data untuk tabel `nilai`
--

INSERT INTO `nilai` (`id_nilai`, `id_ujian`, `id_bank`, `id_siswa`, `kode_ujian`, `ujian_mulai`, `ujian_berlangsung`, `ujian_selesai`, `jml_benar`, `benar_esai`, `benar_multi`, `benar_bs`, `benar_urut`, `jml_salah`, `salah_esai`, `salah_multi`, `salah_bs`, `salah_urut`, `skor`, `skor_esai`, `skor_multi`, `skor_bs`, `skor_urut`, `total`, `status`, `ipaddress`, `hasil`, `jawaban`, `jawaban_esai`, `jawaban_multi`, `jawaban_bs`, `jawaban_urut`, `nilai_esai`, `nilai_esai2`, `online`, `id_soal`, `id_opsi`, `id_esai`, `blok`, `server`) VALUES
(1, 1, 1, 34, 'PAT', '2024-05-18 15:46:02', '2024-05-18 15:47:04', '2024-05-18 15:47:22', 0, 0, 0, 0, 0, 2, 2, 1, 1, 2, '0', '0', '0', '0', '0', '0', NULL, '103.10.65.100', 1, 'a:2:{i:1;s:1:\"D\";i:2;s:1:\"C\";}', 'a:2:{i:3;s:3:\"tes\";i:4;s:1:\"s\";}', 'a:1:{i:7;s:4:\"B, C\";}', 'a:1:{i:6;s:10:\"B, B, S, B\";}', 'a:2:{i:5;s:0:\"\";i:8;s:7:\"B, A, C\";}', NULL, NULL, 0, '2,1,3,4,7,6,8,5,', NULL, NULL, 0, 'SR220'),
(2, 1, 1, 33, 'PAT', '2024-05-18 16:38:00', '2024-05-18 16:39:08', '2024-05-18 16:39:20', 1, 0, 0, 0, 0, 1, 2, 1, 1, 2, '10', '0', '0', '0', '0', '10', NULL, '103.144.227.251', 1, 'a:2:{i:1;s:1:\"A\";i:2;s:1:\"A\";}', 'a:2:{i:3;s:3:\"iya\";i:4;s:3:\"iya\";}', 'a:1:{i:7;s:1:\"A\";}', 'a:1:{i:6;s:0:\"\";}', 'a:2:{i:5;s:1:\"A\";i:8;s:7:\"B, C, C\";}', NULL, NULL, 0, '1,2,4,3,7,6,5,8,', NULL, NULL, 0, 'SR220');

-- --------------------------------------------------------

--
-- Struktur dari tabel `nilai_formatif`
--

CREATE TABLE `nilai_formatif` (
  `id` int(11) NOT NULL,
  `idsiswa` int(11) DEFAULT NULL,
  `kelas` varchar(50) DEFAULT NULL,
  `mapel` varchar(50) DEFAULT NULL,
  `nilai` int(11) DEFAULT NULL,
  `ket` varchar(50) DEFAULT NULL
) ENGINE=InnoDB DEFAULT CHARSET=latin1 COLLATE=latin1_swedish_ci;

-- --------------------------------------------------------

--
-- Struktur dari tabel `nilai_harian`
--

CREATE TABLE `nilai_harian` (
  `idn` int(11) NOT NULL,
  `tanggal` date NOT NULL,
  `idjadwal` int(11) DEFAULT NULL,
  `idsiswa` int(11) DEFAULT NULL,
  `nilai` varchar(11) DEFAULT NULL,
  `kd` varchar(50) DEFAULT NULL,
  `kurikulum` varchar(50) DEFAULT NULL,
  `kode` varchar(50) DEFAULT NULL
) ENGINE=InnoDB DEFAULT CHARSET=latin1 COLLATE=latin1_swedish_ci;

-- --------------------------------------------------------

--
-- Struktur dari tabel `nilai_proses`
--

CREATE TABLE `nilai_proses` (
  `idpros` int(11) NOT NULL,
  `idsiswa` int(11) DEFAULT NULL,
  `kelas` varchar(50) DEFAULT NULL,
  `proyek_ke` varchar(50) DEFAULT NULL,
  `catatan` text DEFAULT NULL
) ENGINE=InnoDB DEFAULT CHARSET=latin1 COLLATE=latin1_swedish_ci;

-- --------------------------------------------------------

--
-- Struktur dari tabel `nilai_proyek`
--

CREATE TABLE `nilai_proyek` (
  `idn` int(11) NOT NULL,
  `kelas` varchar(50) DEFAULT NULL,
  `idsiswa` int(11) DEFAULT NULL,
  `idproyek` int(11) DEFAULT NULL,
  `proyek` int(11) DEFAULT NULL,
  `nilai` varchar(5) DEFAULT NULL
) ENGINE=InnoDB DEFAULT CHARSET=latin1 COLLATE=latin1_swedish_ci;

-- --------------------------------------------------------

--
-- Struktur dari tabel `nilai_rapor`
--

CREATE TABLE `nilai_rapor` (
  `id` int(11) NOT NULL,
  `nis` varchar(50) DEFAULT NULL,
  `mapel` varchar(11) DEFAULT NULL,
  `nilai` varchar(10) DEFAULT NULL,
  `ket` varchar(50) DEFAULT NULL,
  `kelas` varchar(50) DEFAULT NULL,
  `ki` varchar(5) DEFAULT NULL,
  `smt` int(11) DEFAULT NULL,
  `tahun` varchar(50) DEFAULT NULL
) ENGINE=InnoDB DEFAULT CHARSET=latin1 COLLATE=latin1_swedish_ci;

-- --------------------------------------------------------

--
-- Struktur dari tabel `nilai_skl`
--

CREATE TABLE `nilai_skl` (
  `id` int(11) NOT NULL,
  `kelas` varchar(50) DEFAULT NULL,
  `nis` varchar(50) DEFAULT NULL,
  `mapel` varchar(50) DEFAULT NULL,
  `semester` varchar(11) DEFAULT NULL,
  `ki` varchar(50) DEFAULT NULL,
  `nilai` int(11) DEFAULT NULL,
  `jenis` varchar(50) DEFAULT NULL
) ENGINE=InnoDB DEFAULT CHARSET=utf8mb4 COLLATE=utf8mb4_general_ci;

-- --------------------------------------------------------

--
-- Struktur dari tabel `nilai_sku`
--

CREATE TABLE `nilai_sku` (
  `id_sku` int(11) NOT NULL,
  `kelas` varchar(50) DEFAULT NULL,
  `nis` varchar(50) DEFAULT NULL,
  `idpk` varchar(50) DEFAULT NULL,
  `kode` varchar(50) DEFAULT NULL,
  `nilai` int(11) NOT NULL
) ENGINE=InnoDB DEFAULT CHARSET=utf8mb4 COLLATE=utf8mb4_general_ci;

-- --------------------------------------------------------

--
-- Struktur dari tabel `nilai_sumatif`
--

CREATE TABLE `nilai_sumatif` (
  `id` int(11) NOT NULL,
  `idsiswa` int(11) DEFAULT NULL,
  `kelas` varchar(50) DEFAULT NULL,
  `mapel` varchar(50) DEFAULT NULL,
  `nilai` int(11) DEFAULT NULL,
  `ket` varchar(50) DEFAULT NULL,
  `khp` varchar(50) DEFAULT NULL
) ENGINE=InnoDB DEFAULT CHARSET=latin1 COLLATE=latin1_swedish_ci;

-- --------------------------------------------------------

--
-- Struktur dari tabel `penabung`
--

CREATE TABLE `penabung` (
  `id` int(11) NOT NULL,
  `idsiswa` int(11) NOT NULL,
  `id_tab` varchar(50) DEFAULT NULL,
  `kelas` varchar(50) DEFAULT NULL,
  `nama` varchar(50) DEFAULT NULL,
  `wa` varchar(12) DEFAULT NULL
) ENGINE=InnoDB DEFAULT CHARSET=utf8mb4 COLLATE=utf8mb4_general_ci;

-- --------------------------------------------------------

--
-- Struktur dari tabel `pengumuman`
--

CREATE TABLE `pengumuman` (
  `id_pengumuman` int(5) NOT NULL,
  `type` varchar(30) NOT NULL,
  `judul` varchar(255) NOT NULL,
  `user` int(3) NOT NULL,
  `text` longtext NOT NULL,
  `date` timestamp NOT NULL DEFAULT current_timestamp() ON UPDATE current_timestamp()
) ENGINE=InnoDB DEFAULT CHARSET=latin1 COLLATE=latin1_swedish_ci;

-- --------------------------------------------------------

--
-- Struktur dari tabel `pesan`
--

CREATE TABLE `pesan` (
  `id` int(11) NOT NULL,
  `nomor` varchar(50) DEFAULT NULL,
  `pesan` text DEFAULT NULL,
  `waktu` varchar(50) DEFAULT NULL
) ENGINE=InnoDB DEFAULT CHARSET=utf8mb4 COLLATE=utf8mb4_general_ci;

-- --------------------------------------------------------

--
-- Struktur dari tabel `pilihan`
--

CREATE TABLE `pilihan` (
  `idbank` varchar(11) DEFAULT NULL,
  `nomor` varchar(5) DEFAULT NULL,
  `pil` text DEFAULT NULL
) ENGINE=InnoDB DEFAULT CHARSET=utf8mb4 COLLATE=utf8mb4_general_ci;

-- --------------------------------------------------------

--
-- Struktur dari tabel `pk`
--

CREATE TABLE `pk` (
  `id_pk` varchar(100) NOT NULL,
  `program_keahlian` varchar(50) NOT NULL,
  `jurusan_id` varchar(10) DEFAULT NULL
) ENGINE=InnoDB DEFAULT CHARSET=latin1 COLLATE=latin1_swedish_ci;

-- --------------------------------------------------------

--
-- Struktur dari tabel `pkl`
--

CREATE TABLE `pkl` (
  `id` int(11) NOT NULL,
  `kelas` varchar(50) DEFAULT NULL,
  `nis` varchar(50) DEFAULT NULL,
  `mitra` varchar(255) DEFAULT NULL,
  `lokasi` varchar(255) DEFAULT NULL,
  `lama` varchar(50) DEFAULT NULL,
  `ket` varchar(50) DEFAULT NULL
) ENGINE=InnoDB DEFAULT CHARSET=utf8mb4 COLLATE=utf8mb4_general_ci;

-- --------------------------------------------------------

--
-- Struktur dari tabel `proyek`
--

CREATE TABLE `proyek` (
  `idp` int(11) NOT NULL,
  `kelas` varchar(50) DEFAULT NULL,
  `p_proyek` int(11) NOT NULL,
  `p_dimensi` int(11) NOT NULL,
  `p_elemen` int(11) NOT NULL,
  `p_sub` int(11) NOT NULL
) ENGINE=InnoDB DEFAULT CHARSET=latin1 COLLATE=latin1_swedish_ci;

-- --------------------------------------------------------

--
-- Struktur dari tabel `ruang`
--

CREATE TABLE `ruang` (
  `kode_ruang` varchar(10) NOT NULL,
  `keterangan` varchar(30) NOT NULL
) ENGINE=InnoDB DEFAULT CHARSET=latin1 COLLATE=latin1_swedish_ci;

--
-- Dumping data untuk tabel `ruang`
--

INSERT INTO `ruang` (`kode_ruang`, `keterangan`) VALUES
('R1', 'R1');

-- --------------------------------------------------------

--
-- Struktur dari tabel `sapras`
--

CREATE TABLE `sapras` (
  `id_sapras` int(11) NOT NULL,
  `jenis` varchar(50) DEFAULT NULL,
  `kelompok` varchar(50) DEFAULT NULL,
  `kode` varchar(50) DEFAULT NULL,
  `nama` varchar(50) DEFAULT NULL,
  `no_sertifikat` varchar(50) DEFAULT NULL,
  `lebar` int(11) DEFAULT NULL,
  `panjang` int(11) DEFAULT NULL,
  `luas` int(11) DEFAULT NULL,
  `kepemilikan` varchar(50) DEFAULT NULL,
  `kapasitas` int(11) DEFAULT NULL,
  `lantai` int(11) DEFAULT NULL,
  `noreg` varchar(50) DEFAULT NULL,
  `foto` text DEFAULT NULL,
  `atap` int(11) DEFAULT 0,
  `plafon` int(11) DEFAULT 0,
  `dinding` int(11) DEFAULT 0,
  `kusen` int(11) DEFAULT 0,
  `pondasi` int(11) DEFAULT 0,
  `utilitas` int(11) DEFAULT 0,
  `lante` int(11) DEFAULT NULL,
  `ket_atap` text DEFAULT NULL,
  `ket_plafon` text DEFAULT NULL,
  `ket_dinding` text DEFAULT NULL,
  `ket_kusen` text DEFAULT NULL,
  `ket_pondasi` text DEFAULT NULL,
  `ket_utilitas` text DEFAULT NULL,
  `ket_lante` text DEFAULT NULL,
  `foto_kerusakan` text DEFAULT NULL
) ENGINE=InnoDB DEFAULT CHARSET=utf8mb4 COLLATE=utf8mb4_general_ci;

-- --------------------------------------------------------

--
-- Struktur dari tabel `sapras_reg`
--

CREATE TABLE `sapras_reg` (
  `id` int(11) NOT NULL,
  `noreg` varchar(50) DEFAULT NULL,
  `kode` varchar(50) DEFAULT NULL
) ENGINE=InnoDB DEFAULT CHARSET=utf8mb4 COLLATE=utf8mb4_general_ci;

-- --------------------------------------------------------

--
-- Struktur dari tabel `sarana`
--

CREATE TABLE `sarana` (
  `id_sarana` int(11) NOT NULL,
  `jenis` varchar(50) DEFAULT NULL,
  `kode` varchar(50) DEFAULT NULL,
  `nama` varchar(50) DEFAULT NULL,
  `noreg` varchar(50) DEFAULT NULL,
  `lokasi` varchar(50) DEFAULT NULL,
  `keperluan` varchar(50) DEFAULT NULL,
  `kondisi` varchar(50) DEFAULT NULL,
  `foto` text DEFAULT NULL
) ENGINE=InnoDB DEFAULT CHARSET=utf8mb4 COLLATE=utf8mb4_general_ci;

-- --------------------------------------------------------

--
-- Struktur dari tabel `savsoft_options`
--

CREATE TABLE `savsoft_options` (
  `oid` int(11) NOT NULL,
  `qid` int(11) NOT NULL,
  `q_option` text NOT NULL,
  `q_option_match` varchar(1000) DEFAULT NULL,
  `score` float NOT NULL DEFAULT 0
) ENGINE=InnoDB DEFAULT CHARSET=utf8mb3 COLLATE=utf8mb3_general_ci;

-- --------------------------------------------------------

--
-- Struktur dari tabel `savsoft_qbank`
--

CREATE TABLE `savsoft_qbank` (
  `qid` int(11) NOT NULL,
  `question_type` varchar(100) NOT NULL DEFAULT 'Multiple Choice Single Answer',
  `question` text NOT NULL,
  `description` text NOT NULL,
  `cid` int(11) NOT NULL,
  `lid` int(11) NOT NULL,
  `no_time_served` int(11) NOT NULL DEFAULT 0,
  `no_time_corrected` int(11) NOT NULL DEFAULT 0,
  `no_time_incorrected` int(11) NOT NULL DEFAULT 0,
  `no_time_unattempted` int(11) NOT NULL DEFAULT 0
) ENGINE=InnoDB DEFAULT CHARSET=utf8mb3 COLLATE=utf8mb3_general_ci;

-- --------------------------------------------------------

--
-- Struktur dari tabel `server`
--

CREATE TABLE `server` (
  `kode_server` varchar(20) NOT NULL,
  `nama_server` varchar(30) NOT NULL,
  `status` varchar(15) NOT NULL
) ENGINE=InnoDB DEFAULT CHARSET=latin1 COLLATE=latin1_swedish_ci;

--
-- Dumping data untuk tabel `server`
--

INSERT INTO `server` (`kode_server`, `nama_server`, `status`) VALUES
('SR570', 'SR570', 'aktif'),
('SR220', 'SR220', 'aktif');

-- --------------------------------------------------------

--
-- Struktur dari tabel `sesi`
--

CREATE TABLE `sesi` (
  `kode_sesi` varchar(10) NOT NULL,
  `nama_sesi` varchar(30) NOT NULL
) ENGINE=InnoDB DEFAULT CHARSET=latin1 COLLATE=latin1_swedish_ci;

--
-- Dumping data untuk tabel `sesi`
--

INSERT INTO `sesi` (`kode_sesi`, `nama_sesi`) VALUES
('1', '1');

-- --------------------------------------------------------

--
-- Struktur dari tabel `session`
--

CREATE TABLE `session` (
  `id` int(11) NOT NULL,
  `session_time` varchar(10) NOT NULL,
  `session_hash` text NOT NULL
) ENGINE=InnoDB DEFAULT CHARSET=latin1 COLLATE=latin1_swedish_ci;

--
-- Dumping data untuk tabel `session`
--

INSERT INTO `session` (`id`, `session_time`, `session_hash`) VALUES
(1, '', '');

-- --------------------------------------------------------

--
-- Struktur dari tabel `sinkron`
--

CREATE TABLE `sinkron` (
  `nama_data` varchar(50) NOT NULL,
  `data` varchar(50) DEFAULT NULL,
  `jumlah` varchar(50) DEFAULT NULL,
  `tanggal` varchar(50) DEFAULT NULL,
  `status_sinkron` int(11) DEFAULT NULL
) ENGINE=InnoDB DEFAULT CHARSET=utf8mb3 COLLATE=utf8mb3_general_ci;

--
-- Dumping data untuk tabel `sinkron`
--

INSERT INTO `sinkron` (`nama_data`, `data`, `jumlah`, `tanggal`, `status_sinkron`) VALUES
('DATA1', 'siswa', '2', '2024-05-18 15:45:03', 1),
('DATA2', 'bank soal', '0', '2024-05-18 15:45:03', 1),
('DATA3', 'soal', '8', '2024-05-18 15:45:03', 1),
('DATA4', 'jadwal', '1', '2024-05-18 15:45:03', 1),
('DATA5', 'jenis', '4', '2024-05-18 15:45:03', 1),
('DATA7', 'menu', '1', '2024-05-18 15:45:03', 1),
('DATA8', 'pengumuman', '0', '2024-05-18 15:45:03', 1),
('DATA9', 'mapel', '12', '2024-05-18 15:45:03', 1);

-- --------------------------------------------------------

--
-- Struktur dari tabel `siswa_eskul`
--

CREATE TABLE `siswa_eskul` (
  `id` int(11) NOT NULL,
  `idsiswa` int(11) NOT NULL,
  `idguru` int(11) DEFAULT NULL,
  `eskul` varchar(50) DEFAULT NULL,
  `ket` text DEFAULT NULL,
  `nilai` varchar(50) DEFAULT NULL
) ENGINE=InnoDB DEFAULT CHARSET=latin1 COLLATE=latin1_swedish_ci;

-- --------------------------------------------------------

--
-- Struktur dari tabel `skkb`
--

CREATE TABLE `skkb` (
  `id` int(11) NOT NULL,
  `header` text NOT NULL,
  `fungsi` int(11) DEFAULT NULL,
  `file` text DEFAULT NULL,
  `fungsi2` int(11) DEFAULT NULL,
  `isi` longtext NOT NULL,
  `foter` text NOT NULL,
  `nosurat` text DEFAULT NULL
) ENGINE=InnoDB DEFAULT CHARSET=utf8mb4 COLLATE=utf8mb4_general_ci;

--
-- Dumping data untuk tabel `skkb`
--

INSERT INTO `skkb` (`id`, `header`, `fungsi`, `file`, `fungsi2`, `isi`, `foter`, `nosurat`) VALUES
(1, 'DINAS PENDIDIKAN KABUPATEN CIANJUR', 0, 'dist/img/header/header53.jpg', 1, '<p>Adalah benar siswa SMP Taruna Bakti Cikadu dan sepanjang pengetahuan kami anak tersebut <strong>Berkelakuan Baik dan tidak pernah terlibat Narkoba</strong>.</p>', '<p>Demikian Surat Keterangan ini kami buat dengan sesungguhnya dan sebenarnya, dan agar dapat dipergunakan sesuai peruntukkannya.</p>', '432.1/STBC/IV/2022');

-- --------------------------------------------------------

--
-- Struktur dari tabel `skl`
--

CREATE TABLE `skl` (
  `id_skl` int(11) NOT NULL,
  `tingkat` varchar(50) DEFAULT NULL,
  `no_surat` varchar(50) NOT NULL,
  `nama_surat` varchar(50) NOT NULL,
  `tgl_surat` varchar(50) NOT NULL,
  `header` text NOT NULL,
  `pembuka` text NOT NULL,
  `isi_surat` text NOT NULL,
  `penutup` text NOT NULL,
  `sttd` int(1) NOT NULL,
  `sstempel` int(1) NOT NULL,
  `nilai` int(1) NOT NULL,
  `kelompok` int(1) NOT NULL
) ENGINE=InnoDB DEFAULT CHARSET=latin1 COLLATE=latin1_swedish_ci;

--
-- Dumping data untuk tabel `skl`
--

INSERT INTO `skl` (`id_skl`, `tingkat`, `no_surat`, `nama_surat`, `tgl_surat`, `header`, `pembuka`, `isi_surat`, `penutup`, `sttd`, `sstempel`, `nilai`, `kelompok`) VALUES
(1, '9', '/STBC/SKL/VI/', 'SURAT KETERANGAN LULUS', '8 Juni 2023', 'dist/img/header921.jpg', '<p>Berdasarkan hasil Rapat Dewan Guru SMP Taruna Bakti Cikadu tanggal 29 Mei 2023, Kepala SMP Taruna Bakti Cikadu Kabupaten Cianjur, dengan ini menerangkan bahwa :</p>', '<p>Bahwa nama yang tersebut diatas adalah benar Siswa/Siswi SMP Taruna Bakti Cikadu dan telah melaksanakan Ujian Sekolah serta dinyatakan :</p>', '<p>Demikian Surat Keterangan Lulus (SKL) ini dibuat dengan sebenarnya untuk dapat digunakan sebagaimana mestinya menjelang diterbitkannya ijazah yang bersangkutan.</p>', 0, 0, 1, 1);

-- --------------------------------------------------------

--
-- Struktur dari tabel `soal`
--

CREATE TABLE `soal` (
  `id_soal` int(11) NOT NULL,
  `id_bank` int(11) DEFAULT NULL,
  `nomor` int(5) DEFAULT NULL,
  `soal` longtext DEFAULT NULL,
  `jenis` int(1) DEFAULT NULL,
  `kode` varchar(50) DEFAULT NULL,
  `opsi` int(11) NOT NULL,
  `pilA` longtext DEFAULT NULL,
  `pilB` longtext DEFAULT NULL,
  `pilC` longtext DEFAULT NULL,
  `pilD` longtext DEFAULT NULL,
  `pilE` longtext DEFAULT NULL,
  `perA` text DEFAULT NULL,
  `perB` text DEFAULT NULL,
  `perC` text DEFAULT NULL,
  `perD` text DEFAULT NULL,
  `perE` text DEFAULT NULL,
  `jawaban` text DEFAULT NULL,
  `file` longtext DEFAULT NULL,
  `file1` mediumtext DEFAULT NULL,
  `fileA` mediumtext DEFAULT NULL,
  `fileB` mediumtext DEFAULT NULL,
  `fileC` mediumtext DEFAULT NULL,
  `fileD` mediumtext DEFAULT NULL,
  `fileE` mediumtext DEFAULT NULL,
  `ket` text DEFAULT NULL,
  `sts` int(11) DEFAULT 0,
  `groupsoal` varchar(50) DEFAULT NULL,
  `pembahasan` longtext DEFAULT NULL
) ENGINE=InnoDB DEFAULT CHARSET=utf8mb3 COLLATE=utf8mb3_general_ci;

--
-- Dumping data untuk tabel `soal`
--

INSERT INTO `soal` (`id_soal`, `id_bank`, `nomor`, `soal`, `jenis`, `kode`, `opsi`, `pilA`, `pilB`, `pilC`, `pilD`, `pilE`, `perA`, `perB`, `perC`, `perD`, `perE`, `jawaban`, `file`, `file1`, `fileA`, `fileB`, `fileC`, `fileD`, `fileE`, `ket`, `sts`, `groupsoal`, `pembahasan`) VALUES
(1, 1, 1, 'SPEKTRUM GELOMBANG ELEKTROMAGNETIK\nKenny sedang melihat artikel mengenai Sains dan menemukan gambar sebagai berikutPada gambar, disajikan berbagai macam gelombang elektromagnetik yang disusun berdasarkan frekuensinya dalam satuan Hz.\nWarna yang memiliki frekuensi lebih tinggi daripada warna hijau, tetapi lebih rendah daripada warna ungu adalah .... \n\n', 1, '', 4, 'biru', 'jingga', 'merah', 'kuning', '', '', '', '', '', '', 'A', '9514.jpeg', '', '', '', '', '', '', '', 0, '', ''),
(2, 1, 2, 'kompakan, serta semangat kerja sama dalam diri para pemain dapat terasah. Permainan ini juga mengajarkan kita untuk tidak putus asa dan tetap berusaha karena selama bermain, lawan yang berhasil melewati garis tidak boleh langsung membuat pemain putus asa.  \nBerdasarkan teks di atas, permainan gobak sodor ….\n', 1, '', 4, 'berasal dari wilayah di sekitar Jawa Tengah', 'memupuk nilai kehidupan sosial dalam diri pemainnya', 'dimainkan oleh dua tim dan satu tim setidaknya terdiri dari 5 ', 'bermanfaat untuk kesehatan fisik dan mental para pemainnya', '', '', '', '', '', '', 'B', '2864.jpeg', '', '', '', '', '', '', '', 0, '', ''),
(3, 1, 3, 'Suatu hari, Mayer sedang berjalan-jalan mengelilingi beberapa titik. Rute perjalanan Mayer terlihat pada gambar di bawah ini. Terdapat 5 titik lokasi Mayer singgah, yaitu titik A, B, C, D, dan E.  Untuk mencapai titik-titik tertentu, Mayer menghabiskan energi setara dengan angka yang ditampilkan pada gambar.\nSebagai ilustrasi: Mayer ingin mencapai titik B dari titik A. Rute ke B membutuhkan 1 energi. Dari titik B ke titik E membutuhkan 2 energi. Jadi, jika Mayer berjalan dari A ke B, lalu ke E, maka ia menghabiskan total 3 energi. Rute ini bisa ditulis sebagai A-B-E.\nSaat ini, Mayer berada di titik A dengan berbekal x energi. Jika kemudian Mayer menempuh rute A-B-C-A-D-E, dan yang tersisa adalah 7 energi, total energi Mayer awal mula-mula adalah ... energi.\n', 2, '', 1, '', '', '', '', '', '', '', '', '', '', '32', '1435.jpeg', '', '', '', '', '', '', '', 0, '', ''),
(4, 1, 4, 'Ayah Lisa adalah seorang petani. Selain menyikapi dampak negatif datangnya musim penghujan, ayah Lisa juga memanfaatkan dampak positif musim penghujan untuk kelangsungan pertaniannya. Menurut ayah Lisa, La Nina memberikan banyak dampak positif pada sektor pertanian. Kemudian, Lisa mencari tahu apa saja dampak positif dari La Nina.  \nDAMPAK POSITIF LA NINA\nDekan Sekolah Vokasi UGM Agus Maryono yang juga merupakan pakar Ekohidrolik dan pelopor restorasi sungai Indonesia mengatakan bahwa seharusnya tahun basah (musim penghujan) bisa dimanfaatkan. Daerah kering dan semi kering juga dapat memanfaatkan air yang berlimpah. Dengan adanya tahun basah, air tanah bisa terisi secara maksimal, begitu pula dengan danau, situ, serta telaga. Alur sungai pun dapat terbentuk dengan sempurna. Masyarakat di sekitar sungai dapat melakukan susur sungai sehingga mereka akan mengetahui sungai yang bisa digunakan untuk mitigasi serta sungai yang memiliki potensi wisata, potensi sumber air, dan potensi perikanan.\nSelain itu, Rizaldi Boer dari Pusat Pengelolaan Risiko dan Peluang Iklim Institut Pertanian Bogor (IPB) mengatakan, La Nina juga mempunyai manfaat bagi pertanian pangan. La Nina memberi peluang untuk percepatan tanam serta perluasan area tanam padi, baik di lahan sawah irigasi, tadah hujan, maupun ladang. Lebih lanjut, La Nina dapat dimanfaatkan untuk meningkatkan areal tanam pada musim hujan, khususnya untuk daerah lahan kering. Petani disarankan untuk memanfaatkan mundurnya akhir musim hujan dengan menanam tanaman umur pendek dan berekonomi tinggi. Tak hanya itu, petani juga dapat melakukan adaptasi teknik budidaya pada daerah endemik banjir dan pertanian lahan kering di lahan gambut.\nDampak positif La Nina yang lain adalah dapat meningkatkan produksi perluasan lahan pasang surut. Lahan pesisir juga akan berkembang lebih baik karena salinitas dapat dikurangi dan perikanan darat bisa dikembangkan lebih awal. Dari segi sumber daya air, menurut Direktur Bina Teknik SDA Kementerian PU-Pera Eko Winar Irianto, kondisi La Nina dapat memenuhi kapasitas energi maksimum pada operasional waduk, sementara dalam kondisi El Nino energi yang dihasilkan akan berkurang.\nBagaimana dampak positif La Nina dari segi sumber daya air?\n', 2, '', 1, '', '', '', '', '', '', '', '', '', '', '10', '', '', '', '', '', '', '', '', 0, '', ''),
(5, 1, 5, 'Pemerintah melalui Badan Pusat Statistik telah merilis data produktivitas padi dari setiap provinsi di Indonesia. Data tersebut meliputi luas lahan persawahan yang dipanen dan produktivitas lahan panen. Adapun data jumlah produksi per tahun dapat diketahui dengan mengalikan luas lahan panen dan produktivitasnya. Angka produktivitas padi diperoleh melalui survei berupa Gabah Kering Panen (GKP) yang dikonversikan menjadi Gabah Kering Giling (GKG).\n    Pulau Jawa sebagai pulau dengan jumlah penduduk terbanyak masih memerlukan pasokan beras dari daerah lain maupun dari impor. Hal tersebut karena jumlah hasil panen belum dapat mencukupi kebutuhan pangan masyarakat. Berikut data jumlah produksi padi dari perwakilan provinsi di 5 pulau terbesar di Indonesia. \nTentukan urutan provinsi dari yang memiliki jumlah hasil panen tertinggi hingga terendah!\n', 5, '', 4, '92.198.050,77 kuintal', '46.786.971,19 kuintal', '20.763.612,87 kuintal', '11.345.248,95 kuintal', '', 'Sumatra Utara', 'Jawa Barat', 'Kalimantan Selatan', 'Sulawesi Selatan', '', 'C, A, D, B', '910.png', '', '', '', '', '', '', '', 0, '', ''),
(6, 1, 6, 'Mina padi adalah suatu bentuk usaha tani gabungan yang memanfaatkan genangan air sawah yang tengah ditanami padi sebagai kolam untuk budidaya ikan. Oleh karena itu, selain mendapat hasil panen yaitu padi, petani yang menerapkan sistem mina padi juga dapat memanen ikan. Pak Made adalah salah satu petani di Bali yang menerapkan sistem mina padi di sawahnya. Pak Made mengatakan bahwa dengan menerapkan sistem mina padi, pendapatan dari hasil panen beliau meningkat. “Akan tetapi, perawatan padi dan ikan pada sistem mina padi memang gampang-gampang susah”, katanya.\nBenih ikan yang ditebar oleh Pak Made di sawah beliau yang seluas 1,5 ha adalah ikan emas dan ikan nila yang masih berukuran 5 cm sampai dengan 8 cm dengan kepadatan 5.000 ekor/ha. Perbandingan benih ikan emas dengan benih ikan nila yang ditebar oleh Pak Made adalah 3 : 2. Harga bibit ikan nila adalah Rp500,00/ekor dan harga bibit ikan emas adalah dua kali lipatnya. Setiap pagi, Pak Made memberi pakan tambahan berupa dedak halus 250 kg/ha untuk ikan yang ada di sawahnya.\nSetelah tujuh puluh hari, Pak Made memanen ikannya tersebut. Total ikan yang dipanen adalah 6.500 kg/ha. Perbandingan hasil panen ikan emas dan ikan nila sama dengan perbandingan benih ikan ketika ditebar. Harga ikan emas dan ikan nila yang dipanen oleh Pak Made berturut-turut adalah Rp30.000,00/kg dan Rp27.000,00/kg. Sekitar 2 bulan kemudian, Pak Made memanen padinya dengan hasil panen 5,7 ton/ha. Pak Made menjualnya dalam bentuk gabah kering panen (GKP) dengan harga Rp5.000,00/kg.\nTentukan benar atau salah pernyataan berikut dengan memberi tanda ✓ pada kolom yang sesuai!\n', 4, '', 4, '• Total benih ikan emas yang ditebar di sawah Pak Made adalah 4.500 ekor', '• Total benih ikan nila yang ditebar di sawah Pak Made adalah 2.000 ekor', '• Total ikan emas yang dipanen Pak Made adalah 3.900 ekor', '• Total ikan nila yang dipanen Pak Made adalah 3.900 ekor', '', '', '', '', '', '', 'B, S, S, B', '', '', '', '', '', '', '', '', 0, '', ''),
(7, 1, 7, 'Kita sering kali melakukan olahraga. Bahkan, orang-orang di sekitar kita juga sering menyarankan kita untuk melakukan aktivitas tersebut. Rupanya, ada keterkaitan antara berolahraga dengan kesehatan fisik dan mental, misalnya terkait dengan perkembangan tubuh dan interaksi sosial.\n     Perlu diketahui bahwa olahraga bermanfaat dalam mencegah risiko berbagai penyakit. Saat tubuh jarang melakukan olahraga, lemak akan menumpuk di dalam tubuh sehingga dapat berujung pada terjadinya obesitas. Namun, dengan berolahraga secara teratur, tumpukan lemak yang ada di dalam tubuh bisa terbakar. Selain itu, saat berolahraga, terjadi kontraksi otot-otot tubuh yang menyebabkan cairan getah bening dapat mengalir dengan lancar. Cairan getah bening merupakan cairan yang mengandung sel-sel darah putih yang berkaitan dengan sistem pertahanan tubuh. Berbeda dengan pembuluh darah, cairan getah bening ini tidak mengalir karena kontraksi jantung, tetapi karena kontraksi otot-otot yang melekat pada rangka tubuh kita.\n     Selain manfaat tersebut, olahraga juga dapat meningkatkan perkembangan tubuh. Aktivitas yang dilakukan selama olahraga akan membantu tubuh untuk lebih cepat berkembang. Ketika berolahraga, terjadi kontraksi otot-otot yang menyebabkan otot lebih terlatih dan akan berkembang dengan baik. Selain itu, aktivitas olahraga yang diiringi gizi seimbang juga dapat membuat metabolisme tubuh menjadi lebih lancar karena hormon pertumbuhan bekerja lebih maksimal.\n     Selain bermanfaat bagi kesehatan fisik, olahraga juga dapat meningkatkan interaksi sosial. Ketika olahraga dilakukan dalam kelompok, misalnya saat bermain sepak bola, basket, dan futsal, terjadi proses perkenalan dengan orang lain, baik dengan orang di dalam tim maupun di luar tim. Selain itu, terjadi proses saling bekerja sama saat bermain atau bertanding. Adanya kompetisi yang sehat dalam permainan olahraga tersebut juga membuat kita menjadi lebih jujur. Akhirnya, kita menjadi terbiasa dalam melakukan \nSelain berolahraga, hal yang perlu kita lakukan untuk menjaga kesehatan fisik dan mental adalah ....  \n', 3, '', 4, 'Mengurangi makan makanan penyebab obesitas', 'Meningkatkan interaksi sosial dan sikap saling bekerja sama', 'Mengurangi makanan berprotein dan berlemak tinggi', 'Memakan makanan bergizi seimbang', '', '', '', '', '', '', 'A, B, D', '8682.jpeg', '', '', '', '', '', '', '', 0, '', ''),
(8, 1, 8, 'Urutkan abjad berikut berikut', 5, 'U', 3, 'C', 'A', 'B', '', '', '', '', '', '', '', 'B, C, A', '', '', '', '', '', '', '', '', 0, '', '');

-- --------------------------------------------------------

--
-- Struktur dari tabel `soal_quiz`
--

CREATE TABLE `soal_quiz` (
  `id_bank` int(11) NOT NULL,
  `idmateri` int(11) DEFAULT NULL,
  `nomor` int(11) DEFAULT NULL,
  `kode` int(11) DEFAULT NULL,
  `soal` longtext DEFAULT NULL,
  `pilA` text DEFAULT NULL,
  `pilB` text DEFAULT NULL,
  `pilC` text DEFAULT NULL,
  `pilD` text DEFAULT NULL,
  `pilE` text DEFAULT NULL,
  `jawaban` text DEFAULT NULL
) ENGINE=InnoDB DEFAULT CHARSET=latin1 COLLATE=latin1_swedish_ci;

-- --------------------------------------------------------

--
-- Struktur dari tabel `sosial`
--

CREATE TABLE `sosial` (
  `ids` int(11) NOT NULL,
  `niss` varchar(50) DEFAULT NULL,
  `keter` text DEFAULT NULL,
  `keter2` text DEFAULT NULL,
  `pred` varchar(5) DEFAULT NULL,
  `smt` int(11) DEFAULT NULL,
  `tahun` varchar(11) DEFAULT NULL
) ENGINE=InnoDB DEFAULT CHARSET=latin1 COLLATE=latin1_swedish_ci;

-- --------------------------------------------------------

--
-- Struktur dari tabel `spiritual`
--

CREATE TABLE `spiritual` (
  `ids` int(11) NOT NULL,
  `niss` varchar(50) DEFAULT NULL,
  `keter` text DEFAULT NULL,
  `keter2` text DEFAULT NULL,
  `pred` varchar(5) DEFAULT NULL,
  `smt` int(11) DEFAULT NULL,
  `tahun` varchar(11) DEFAULT NULL
) ENGINE=InnoDB DEFAULT CHARSET=latin1 COLLATE=latin1_swedish_ci;

-- --------------------------------------------------------

--
-- Struktur dari tabel `status`
--

CREATE TABLE `status` (
  `mode` int(11) NOT NULL
) ENGINE=InnoDB DEFAULT CHARSET=latin1 COLLATE=latin1_swedish_ci;

--
-- Dumping data untuk tabel `status`
--

INSERT INTO `status` (`mode`) VALUES
(1);

-- --------------------------------------------------------

--
-- Struktur dari tabel `tabungan`
--

CREATE TABLE `tabungan` (
  `id` int(11) NOT NULL,
  `bukti` varchar(50) NOT NULL,
  `idsiswa` int(11) DEFAULT NULL,
  `tanggal` date DEFAULT NULL,
  `bulan` varchar(5) DEFAULT NULL,
  `tahun` varchar(50) DEFAULT NULL,
  `setoran` text DEFAULT NULL,
  `penarikan` text DEFAULT NULL,
  `saldo` text DEFAULT NULL,
  `ket` varchar(50) DEFAULT NULL
) ENGINE=InnoDB DEFAULT CHARSET=utf8mb4 COLLATE=utf8mb4_general_ci;

-- --------------------------------------------------------

--
-- Struktur dari tabel `tartib`
--

CREATE TABLE `tartib` (
  `nomor` int(11) NOT NULL,
  `isi` text DEFAULT NULL
) ENGINE=InnoDB DEFAULT CHARSET=utf8mb4 COLLATE=utf8mb4_general_ci;

--
-- Dumping data untuk tabel `tartib`
--

INSERT INTO `tartib` (`nomor`, `isi`) VALUES
(1, 'Bertakqwa kepada Tuhan Yang Maha Esa'),
(2, 'Menggalang kesatuan kerukunan pelajar'),
(3, 'Belajar hidup berorganisasi untuk menyiapkan diri dalam mental, moral budi pekerti yang luhur, meningkatkan kecerdasan dan keterampilan'),
(4, 'Dapat menduduki fungsinya sebagai pewaris, penerus perjuangan bangsa dan pancasila yang penuh dengan kreatif, aktif dan disiplin Nasional demi suksesnya program pendidikan sekolah');

-- --------------------------------------------------------

--
-- Struktur dari tabel `temp_file`
--

CREATE TABLE `temp_file` (
  `id_file` int(11) NOT NULL,
  `id_bank` int(11) DEFAULT 0,
  `nama_file` varchar(50) DEFAULT NULL,
  `status_file` int(1) DEFAULT NULL
) ENGINE=InnoDB DEFAULT CHARSET=utf8mb3 COLLATE=utf8mb3_general_ci;

-- --------------------------------------------------------

--
-- Struktur dari tabel `temp_pil`
--

CREATE TABLE `temp_pil` (
  `id` int(11) NOT NULL,
  `idbank` int(11) NOT NULL,
  `nomor` int(11) NOT NULL
) ENGINE=InnoDB DEFAULT CHARSET=utf8mb4 COLLATE=utf8mb4_general_ci;

-- --------------------------------------------------------

--
-- Struktur dari tabel `temp_soal`
--

CREATE TABLE `temp_soal` (
  `id` int(11) NOT NULL,
  `id_bank` int(11) NOT NULL,
  `nomor` int(11) NOT NULL,
  `idfile` int(11) NOT NULL,
  `file` text NOT NULL
) ENGINE=InnoDB DEFAULT CHARSET=utf8mb4 COLLATE=utf8mb4_general_ci;

-- --------------------------------------------------------

--
-- Struktur dari tabel `tmprfid`
--

CREATE TABLE `tmprfid` (
  `nokartu` varchar(20) NOT NULL
) ENGINE=InnoDB DEFAULT CHARSET=latin1 COLLATE=latin1_swedish_ci;

-- --------------------------------------------------------

--
-- Struktur dari tabel `trx`
--

CREATE TABLE `trx` (
  `idt` int(11) NOT NULL,
  `bukti` text DEFAULT NULL,
  `tanggal` date DEFAULT NULL,
  `idsiswa` int(11) DEFAULT NULL,
  `kode` text DEFAULT NULL,
  `untuk` varchar(5) DEFAULT NULL,
  `bulan` varchar(5) DEFAULT NULL,
  `tahun` varchar(10) DEFAULT NULL
) ENGINE=InnoDB DEFAULT CHARSET=latin1 COLLATE=latin1_swedish_ci;

-- --------------------------------------------------------

--
-- Struktur dari tabel `tugas`
--

CREATE TABLE `tugas` (
  `id_tugas` int(255) NOT NULL,
  `id_guru` int(255) DEFAULT NULL,
  `kelas` text DEFAULT NULL,
  `mapel` varchar(255) DEFAULT NULL,
  `ki` varchar(50) DEFAULT NULL,
  `kd` varchar(50) DEFAULT NULL,
  `judul` varchar(50) DEFAULT NULL,
  `tugas` longtext DEFAULT NULL,
  `file` varchar(255) DEFAULT NULL,
  `tgl_mulai` datetime NOT NULL,
  `tgl_selesai` datetime NOT NULL,
  `tgl` timestamp NOT NULL DEFAULT current_timestamp() ON UPDATE current_timestamp(),
  `status` int(11) DEFAULT NULL
) ENGINE=InnoDB DEFAULT CHARSET=latin1 COLLATE=latin1_swedish_ci;

-- --------------------------------------------------------

--
-- Struktur dari tabel `tujuan`
--

CREATE TABLE `tujuan` (
  `id_tujuan` int(11) NOT NULL,
  `idjadwal` int(11) DEFAULT NULL,
  `tp` varchar(50) DEFAULT NULL,
  `tujuan` longtext DEFAULT NULL
) ENGINE=InnoDB DEFAULT CHARSET=latin1 COLLATE=latin1_swedish_ci;

-- --------------------------------------------------------

--
-- Struktur dari tabel `wabot`
--

CREATE TABLE `wabot` (
  `id` int(11) NOT NULL,
  `pesan` text DEFAULT NULL,
  `untuk` varchar(50) DEFAULT NULL,
  `status` int(11) NOT NULL
) ENGINE=InnoDB DEFAULT CHARSET=utf8mb4 COLLATE=utf8mb4_general_ci;

--
-- Dumping data untuk tabel `wabot`
--

INSERT INTO `wabot` (`id`, `pesan`, `untuk`, `status`) VALUES
(1, 'tes saja', 'X-A', 0),
(2, 'Untuk yang belum membayar biaya Registrasi ditunggu sampai dengan *Tanggal 15 Mei 2023*', 'daftar', 0);

--
-- Indexes for dumped tables
--

--
-- Indeks untuk tabel `absensi`
--
ALTER TABLE `absensi`
  ADD PRIMARY KEY (`id`);

--
-- Indeks untuk tabel `absen_daring`
--
ALTER TABLE `absen_daring`
  ADD PRIMARY KEY (`id`);

--
-- Indeks untuk tabel `absen_daringmapel`
--
ALTER TABLE `absen_daringmapel`
  ADD PRIMARY KEY (`id`);

--
-- Indeks untuk tabel `absen_mapel`
--
ALTER TABLE `absen_mapel`
  ADD PRIMARY KEY (`id`);

--
-- Indeks untuk tabel `agenda`
--
ALTER TABLE `agenda`
  ADD PRIMARY KEY (`id`);

--
-- Indeks untuk tabel `aplikasi`
--
ALTER TABLE `aplikasi`
  ADD PRIMARY KEY (`id_aplikasi`);

--
-- Indeks untuk tabel `backup`
--
ALTER TABLE `backup`
  ADD PRIMARY KEY (`id`);

--
-- Indeks untuk tabel `banksoal`
--
ALTER TABLE `banksoal`
  ADD PRIMARY KEY (`id_bank`),
  ADD UNIQUE KEY `kode` (`kode`);

--
-- Indeks untuk tabel `barusikap`
--
ALTER TABLE `barusikap`
  ADD PRIMARY KEY (`idp`);

--
-- Indeks untuk tabel `bel`
--
ALTER TABLE `bel`
  ADD PRIMARY KEY (`id`);

--
-- Indeks untuk tabel `berita`
--
ALTER TABLE `berita`
  ADD PRIMARY KEY (`id_berita`);

--
-- Indeks untuk tabel `biaya`
--
ALTER TABLE `biaya`
  ADD PRIMARY KEY (`id_biaya`);

--
-- Indeks untuk tabel `binduk_absen`
--
ALTER TABLE `binduk_absen`
  ADD PRIMARY KEY (`id`);

--
-- Indeks untuk tabel `binduk_nilai`
--
ALTER TABLE `binduk_nilai`
  ADD PRIMARY KEY (`id`);

--
-- Indeks untuk tabel `binduk_ortu`
--
ALTER TABLE `binduk_ortu`
  ADD PRIMARY KEY (`nis`);

--
-- Indeks untuk tabel `binduk_siswa`
--
ALTER TABLE `binduk_siswa`
  ADD PRIMARY KEY (`id`),
  ADD UNIQUE KEY `nis` (`nis`) USING BTREE;

--
-- Indeks untuk tabel `bk_kategori`
--
ALTER TABLE `bk_kategori`
  ADD PRIMARY KEY (`id`);

--
-- Indeks untuk tabel `bk_pelanggaran`
--
ALTER TABLE `bk_pelanggaran`
  ADD PRIMARY KEY (`id`);

--
-- Indeks untuk tabel `bk_siswa`
--
ALTER TABLE `bk_siswa`
  ADD PRIMARY KEY (`id`);

--
-- Indeks untuk tabel `bk_sp`
--
ALTER TABLE `bk_sp`
  ADD PRIMARY KEY (`id`);

--
-- Indeks untuk tabel `bk_sub`
--
ALTER TABLE `bk_sub`
  ADD PRIMARY KEY (`id`);

--
-- Indeks untuk tabel `bk_surat`
--
ALTER TABLE `bk_surat`
  ADD PRIMARY KEY (`id`);

--
-- Indeks untuk tabel `bk_tindakan`
--
ALTER TABLE `bk_tindakan`
  ADD PRIMARY KEY (`id`),
  ADD UNIQUE KEY `tindakan` (`tindakan`);

--
-- Indeks untuk tabel `buku`
--
ALTER TABLE `buku`
  ADD PRIMARY KEY (`id_buku`);

--
-- Indeks untuk tabel `buku_kategori`
--
ALTER TABLE `buku_kategori`
  ADD PRIMARY KEY (`id_kategori`);

--
-- Indeks untuk tabel `buku_pinjam`
--
ALTER TABLE `buku_pinjam`
  ADD PRIMARY KEY (`id_pinjam`);

--
-- Indeks untuk tabel `buku_rak`
--
ALTER TABLE `buku_rak`
  ADD PRIMARY KEY (`id_rak`);

--
-- Indeks untuk tabel `bulan`
--
ALTER TABLE `bulan`
  ADD PRIMARY KEY (`id`);

--
-- Indeks untuk tabel `datapemilihan`
--
ALTER TABLE `datapemilihan`
  ADD PRIMARY KEY (`idpemilihan`);

--
-- Indeks untuk tabel `datarfid`
--
ALTER TABLE `datarfid`
  ADD PRIMARY KEY (`id`);

--
-- Indeks untuk tabel `deskripsi`
--
ALTER TABLE `deskripsi`
  ADD PRIMARY KEY (`id`);

--
-- Indeks untuk tabel `file_pendukung`
--
ALTER TABLE `file_pendukung`
  ADD PRIMARY KEY (`id_file`);

--
-- Indeks untuk tabel `jadwal_mapel`
--
ALTER TABLE `jadwal_mapel`
  ADD PRIMARY KEY (`id_jadwal`);

--
-- Indeks untuk tabel `jawaban`
--
ALTER TABLE `jawaban`
  ADD PRIMARY KEY (`id_jawaban`);

--
-- Indeks untuk tabel `jawaban_dup`
--
ALTER TABLE `jawaban_dup`
  ADD PRIMARY KEY (`id_jawaban`);

--
-- Indeks untuk tabel `jawaban_quiz`
--
ALTER TABLE `jawaban_quiz`
  ADD PRIMARY KEY (`idjawab`);

--
-- Indeks untuk tabel `jawaban_tugas`
--
ALTER TABLE `jawaban_tugas`
  ADD PRIMARY KEY (`id_jawaban`);

--
-- Indeks untuk tabel `jenis`
--
ALTER TABLE `jenis`
  ADD PRIMARY KEY (`id_jenis`);

--
-- Indeks untuk tabel `jenis_sp`
--
ALTER TABLE `jenis_sp`
  ADD PRIMARY KEY (`id_sp`);

--
-- Indeks untuk tabel `jodoh`
--
ALTER TABLE `jodoh`
  ADD PRIMARY KEY (`id_jawaban`);

--
-- Indeks untuk tabel `jurusan`
--
ALTER TABLE `jurusan`
  ADD PRIMARY KEY (`jurusan`);

--
-- Indeks untuk tabel `kandidat`
--
ALTER TABLE `kandidat`
  ADD PRIMARY KEY (`id`);

--
-- Indeks untuk tabel `karpel`
--
ALTER TABLE `karpel`
  ADD PRIMARY KEY (`id`);

--
-- Indeks untuk tabel `kelas`
--
ALTER TABLE `kelas`
  ADD PRIMARY KEY (`id_kelas`);

--
-- Indeks untuk tabel `kodekd`
--
ALTER TABLE `kodekd`
  ADD PRIMARY KEY (`idkd`);

--
-- Indeks untuk tabel `komentar`
--
ALTER TABLE `komentar`
  ADD PRIMARY KEY (`id`);

--
-- Indeks untuk tabel `kontak`
--
ALTER TABLE `kontak`
  ADD PRIMARY KEY (`id_kontak`);

--
-- Indeks untuk tabel `kontakme`
--
ALTER TABLE `kontakme`
  ADD PRIMARY KEY (`id`);

--
-- Indeks untuk tabel `level`
--
ALTER TABLE `level`
  ADD PRIMARY KEY (`kode_level`);

--
-- Indeks untuk tabel `lingkup`
--
ALTER TABLE `lingkup`
  ADD PRIMARY KEY (`id`);

--
-- Indeks untuk tabel `log`
--
ALTER TABLE `log`
  ADD PRIMARY KEY (`id_log`);

--
-- Indeks untuk tabel `log_guru`
--
ALTER TABLE `log_guru`
  ADD PRIMARY KEY (`id_log`);

--
-- Indeks untuk tabel `mapel_ijazah`
--
ALTER TABLE `mapel_ijazah`
  ADD PRIMARY KEY (`idmapel`);

--
-- Indeks untuk tabel `mata_pelajaran`
--
ALTER TABLE `mata_pelajaran`
  ADD PRIMARY KEY (`kode_mapel`);

--
-- Indeks untuk tabel `materi`
--
ALTER TABLE `materi`
  ADD PRIMARY KEY (`id_materi`);

--
-- Indeks untuk tabel `menu`
--
ALTER TABLE `menu`
  ADD PRIMARY KEY (`id_menu`);

--
-- Indeks untuk tabel `m_bayar`
--
ALTER TABLE `m_bayar`
  ADD PRIMARY KEY (`idb`),
  ADD UNIQUE KEY `kode` (`kode`);

--
-- Indeks untuk tabel `m_dimensi`
--
ALTER TABLE `m_dimensi`
  ADD PRIMARY KEY (`id_dimensi`);

--
-- Indeks untuk tabel `m_elemen`
--
ALTER TABLE `m_elemen`
  ADD PRIMARY KEY (`id_elemen`);

--
-- Indeks untuk tabel `m_eskul`
--
ALTER TABLE `m_eskul`
  ADD PRIMARY KEY (`id`);

--
-- Indeks untuk tabel `m_hari`
--
ALTER TABLE `m_hari`
  ADD PRIMARY KEY (`idh`);

--
-- Indeks untuk tabel `m_jam`
--
ALTER TABLE `m_jam`
  ADD PRIMARY KEY (`id`);

--
-- Indeks untuk tabel `m_kurikulum`
--
ALTER TABLE `m_kurikulum`
  ADD PRIMARY KEY (`id`);

--
-- Indeks untuk tabel `m_nilai_proyek`
--
ALTER TABLE `m_nilai_proyek`
  ADD PRIMARY KEY (`nilai`);

--
-- Indeks untuk tabel `m_prasarana`
--
ALTER TABLE `m_prasarana`
  ADD PRIMARY KEY (`id`);

--
-- Indeks untuk tabel `m_produktif`
--
ALTER TABLE `m_produktif`
  ADD PRIMARY KEY (`idt`);

--
-- Indeks untuk tabel `m_proyek`
--
ALTER TABLE `m_proyek`
  ADD PRIMARY KEY (`id`);

--
-- Indeks untuk tabel `m_ruang`
--
ALTER TABLE `m_ruang`
  ADD PRIMARY KEY (`id`);

--
-- Indeks untuk tabel `m_sarana`
--
ALTER TABLE `m_sarana`
  ADD PRIMARY KEY (`id`);

--
-- Indeks untuk tabel `m_spiritual`
--
ALTER TABLE `m_spiritual`
  ADD PRIMARY KEY (`id`);

--
-- Indeks untuk tabel `m_sub_elemen`
--
ALTER TABLE `m_sub_elemen`
  ADD PRIMARY KEY (`id_sub`);

--
-- Indeks untuk tabel `nadabel`
--
ALTER TABLE `nadabel`
  ADD PRIMARY KEY (`idnada`);

--
-- Indeks untuk tabel `nilai`
--
ALTER TABLE `nilai`
  ADD PRIMARY KEY (`id_nilai`);

--
-- Indeks untuk tabel `nilai_formatif`
--
ALTER TABLE `nilai_formatif`
  ADD PRIMARY KEY (`id`);

--
-- Indeks untuk tabel `nilai_harian`
--
ALTER TABLE `nilai_harian`
  ADD PRIMARY KEY (`idn`);

--
-- Indeks untuk tabel `nilai_proses`
--
ALTER TABLE `nilai_proses`
  ADD PRIMARY KEY (`idpros`);

--
-- Indeks untuk tabel `nilai_proyek`
--
ALTER TABLE `nilai_proyek`
  ADD PRIMARY KEY (`idn`);

--
-- Indeks untuk tabel `nilai_rapor`
--
ALTER TABLE `nilai_rapor`
  ADD PRIMARY KEY (`id`);

--
-- Indeks untuk tabel `nilai_skl`
--
ALTER TABLE `nilai_skl`
  ADD PRIMARY KEY (`id`);

--
-- Indeks untuk tabel `nilai_sku`
--
ALTER TABLE `nilai_sku`
  ADD PRIMARY KEY (`id_sku`);

--
-- Indeks untuk tabel `nilai_sumatif`
--
ALTER TABLE `nilai_sumatif`
  ADD PRIMARY KEY (`id`);

--
-- Indeks untuk tabel `penabung`
--
ALTER TABLE `penabung`
  ADD PRIMARY KEY (`id`),
  ADD UNIQUE KEY `idsiswa` (`idsiswa`);

--
-- Indeks untuk tabel `pengumuman`
--
ALTER TABLE `pengumuman`
  ADD PRIMARY KEY (`id_pengumuman`);

--
-- Indeks untuk tabel `pesan`
--
ALTER TABLE `pesan`
  ADD PRIMARY KEY (`id`);

--
-- Indeks untuk tabel `pk`
--
ALTER TABLE `pk`
  ADD PRIMARY KEY (`id_pk`);

--
-- Indeks untuk tabel `pkl`
--
ALTER TABLE `pkl`
  ADD PRIMARY KEY (`id`);

--
-- Indeks untuk tabel `proyek`
--
ALTER TABLE `proyek`
  ADD PRIMARY KEY (`idp`);

--
-- Indeks untuk tabel `ruang`
--
ALTER TABLE `ruang`
  ADD PRIMARY KEY (`kode_ruang`);

--
-- Indeks untuk tabel `sapras`
--
ALTER TABLE `sapras`
  ADD PRIMARY KEY (`id_sapras`);

--
-- Indeks untuk tabel `sapras_reg`
--
ALTER TABLE `sapras_reg`
  ADD PRIMARY KEY (`id`);

--
-- Indeks untuk tabel `sarana`
--
ALTER TABLE `sarana`
  ADD PRIMARY KEY (`id_sarana`);

--
-- Indeks untuk tabel `savsoft_options`
--
ALTER TABLE `savsoft_options`
  ADD PRIMARY KEY (`oid`);

--
-- Indeks untuk tabel `savsoft_qbank`
--
ALTER TABLE `savsoft_qbank`
  ADD PRIMARY KEY (`qid`);

--
-- Indeks untuk tabel `sesi`
--
ALTER TABLE `sesi`
  ADD PRIMARY KEY (`kode_sesi`);

--
-- Indeks untuk tabel `session`
--
ALTER TABLE `session`
  ADD PRIMARY KEY (`id`);

--
-- Indeks untuk tabel `sinkron`
--
ALTER TABLE `sinkron`
  ADD PRIMARY KEY (`nama_data`);

--
-- Indeks untuk tabel `siswa_eskul`
--
ALTER TABLE `siswa_eskul`
  ADD PRIMARY KEY (`id`);

--
-- Indeks untuk tabel `skkb`
--
ALTER TABLE `skkb`
  ADD PRIMARY KEY (`id`);

--
-- Indeks untuk tabel `skl`
--
ALTER TABLE `skl`
  ADD PRIMARY KEY (`id_skl`);

--
-- Indeks untuk tabel `soal`
--
ALTER TABLE `soal`
  ADD PRIMARY KEY (`id_soal`);

--
-- Indeks untuk tabel `soal_quiz`
--
ALTER TABLE `soal_quiz`
  ADD PRIMARY KEY (`id_bank`);

--
-- Indeks untuk tabel `sosial`
--
ALTER TABLE `sosial`
  ADD PRIMARY KEY (`ids`);

--
-- Indeks untuk tabel `spiritual`
--
ALTER TABLE `spiritual`
  ADD PRIMARY KEY (`ids`);

--
-- Indeks untuk tabel `status`
--
ALTER TABLE `status`
  ADD PRIMARY KEY (`mode`);

--
-- Indeks untuk tabel `tabungan`
--
ALTER TABLE `tabungan`
  ADD PRIMARY KEY (`id`);

--
-- Indeks untuk tabel `tartib`
--
ALTER TABLE `tartib`
  ADD PRIMARY KEY (`nomor`);

--
-- Indeks untuk tabel `temp_file`
--
ALTER TABLE `temp_file`
  ADD PRIMARY KEY (`id_file`);

--
-- Indeks untuk tabel `temp_pil`
--
ALTER TABLE `temp_pil`
  ADD PRIMARY KEY (`id`);

--
-- Indeks untuk tabel `temp_soal`
--
ALTER TABLE `temp_soal`
  ADD PRIMARY KEY (`id`);

--
-- Indeks untuk tabel `tmprfid`
--
ALTER TABLE `tmprfid`
  ADD PRIMARY KEY (`nokartu`);

--
-- Indeks untuk tabel `trx`
--
ALTER TABLE `trx`
  ADD PRIMARY KEY (`idt`);

--
-- Indeks untuk tabel `tugas`
--
ALTER TABLE `tugas`
  ADD PRIMARY KEY (`id_tugas`);

--
-- Indeks untuk tabel `tujuan`
--
ALTER TABLE `tujuan`
  ADD PRIMARY KEY (`id_tujuan`);

--
-- Indeks untuk tabel `wabot`
--
ALTER TABLE `wabot`
  ADD PRIMARY KEY (`id`);

--
-- AUTO_INCREMENT untuk tabel yang dibuang
--

--
-- AUTO_INCREMENT untuk tabel `absensi`
--
ALTER TABLE `absensi`
  MODIFY `id` int(11) NOT NULL AUTO_INCREMENT;

--
-- AUTO_INCREMENT untuk tabel `absen_daring`
--
ALTER TABLE `absen_daring`
  MODIFY `id` int(11) NOT NULL AUTO_INCREMENT;

--
-- AUTO_INCREMENT untuk tabel `absen_daringmapel`
--
ALTER TABLE `absen_daringmapel`
  MODIFY `id` int(11) NOT NULL AUTO_INCREMENT;

--
-- AUTO_INCREMENT untuk tabel `absen_mapel`
--
ALTER TABLE `absen_mapel`
  MODIFY `id` int(11) NOT NULL AUTO_INCREMENT;

--
-- AUTO_INCREMENT untuk tabel `agenda`
--
ALTER TABLE `agenda`
  MODIFY `id` int(11) NOT NULL AUTO_INCREMENT;

--
-- AUTO_INCREMENT untuk tabel `aplikasi`
--
ALTER TABLE `aplikasi`
  MODIFY `id_aplikasi` int(11) NOT NULL AUTO_INCREMENT, AUTO_INCREMENT=2;

--
-- AUTO_INCREMENT untuk tabel `backup`
--
ALTER TABLE `backup`
  MODIFY `id` int(11) NOT NULL AUTO_INCREMENT;

--
-- AUTO_INCREMENT untuk tabel `banksoal`
--
ALTER TABLE `banksoal`
  MODIFY `id_bank` int(11) NOT NULL AUTO_INCREMENT, AUTO_INCREMENT=2;

--
-- AUTO_INCREMENT untuk tabel `barusikap`
--
ALTER TABLE `barusikap`
  MODIFY `idp` int(11) NOT NULL AUTO_INCREMENT;

--
-- AUTO_INCREMENT untuk tabel `bel`
--
ALTER TABLE `bel`
  MODIFY `id` int(11) NOT NULL AUTO_INCREMENT;

--
-- AUTO_INCREMENT untuk tabel `berita`
--
ALTER TABLE `berita`
  MODIFY `id_berita` int(10) NOT NULL AUTO_INCREMENT;

--
-- AUTO_INCREMENT untuk tabel `binduk_absen`
--
ALTER TABLE `binduk_absen`
  MODIFY `id` int(11) NOT NULL AUTO_INCREMENT;

--
-- AUTO_INCREMENT untuk tabel `binduk_nilai`
--
ALTER TABLE `binduk_nilai`
  MODIFY `id` int(11) NOT NULL AUTO_INCREMENT;

--
-- AUTO_INCREMENT untuk tabel `binduk_siswa`
--
ALTER TABLE `binduk_siswa`
  MODIFY `id` int(11) NOT NULL AUTO_INCREMENT;

--
-- AUTO_INCREMENT untuk tabel `bk_kategori`
--
ALTER TABLE `bk_kategori`
  MODIFY `id` int(11) NOT NULL AUTO_INCREMENT, AUTO_INCREMENT=10;

--
-- AUTO_INCREMENT untuk tabel `bk_pelanggaran`
--
ALTER TABLE `bk_pelanggaran`
  MODIFY `id` int(11) NOT NULL AUTO_INCREMENT, AUTO_INCREMENT=18;

--
-- AUTO_INCREMENT untuk tabel `bk_siswa`
--
ALTER TABLE `bk_siswa`
  MODIFY `id` int(11) NOT NULL AUTO_INCREMENT;

--
-- AUTO_INCREMENT untuk tabel `bk_sp`
--
ALTER TABLE `bk_sp`
  MODIFY `id` int(11) NOT NULL AUTO_INCREMENT;

--
-- AUTO_INCREMENT untuk tabel `bk_sub`
--
ALTER TABLE `bk_sub`
  MODIFY `id` int(11) NOT NULL AUTO_INCREMENT, AUTO_INCREMENT=17;

--
-- AUTO_INCREMENT untuk tabel `bk_surat`
--
ALTER TABLE `bk_surat`
  MODIFY `id` int(11) NOT NULL AUTO_INCREMENT;

--
-- AUTO_INCREMENT untuk tabel `bk_tindakan`
--
ALTER TABLE `bk_tindakan`
  MODIFY `id` int(11) NOT NULL AUTO_INCREMENT, AUTO_INCREMENT=5;

--
-- AUTO_INCREMENT untuk tabel `buku`
--
ALTER TABLE `buku`
  MODIFY `id_buku` int(11) NOT NULL AUTO_INCREMENT;

--
-- AUTO_INCREMENT untuk tabel `buku_kategori`
--
ALTER TABLE `buku_kategori`
  MODIFY `id_kategori` int(11) NOT NULL AUTO_INCREMENT;

--
-- AUTO_INCREMENT untuk tabel `buku_pinjam`
--
ALTER TABLE `buku_pinjam`
  MODIFY `id_pinjam` int(11) NOT NULL AUTO_INCREMENT;

--
-- AUTO_INCREMENT untuk tabel `buku_rak`
--
ALTER TABLE `buku_rak`
  MODIFY `id_rak` int(11) NOT NULL AUTO_INCREMENT;

--
-- AUTO_INCREMENT untuk tabel `bulan`
--
ALTER TABLE `bulan`
  MODIFY `id` int(11) NOT NULL AUTO_INCREMENT, AUTO_INCREMENT=13;

--
-- AUTO_INCREMENT untuk tabel `datapemilihan`
--
ALTER TABLE `datapemilihan`
  MODIFY `idpemilihan` int(5) NOT NULL AUTO_INCREMENT;

--
-- AUTO_INCREMENT untuk tabel `datarfid`
--
ALTER TABLE `datarfid`
  MODIFY `id` int(11) NOT NULL AUTO_INCREMENT;

--
-- AUTO_INCREMENT untuk tabel `deskripsi`
--
ALTER TABLE `deskripsi`
  MODIFY `id` int(11) NOT NULL AUTO_INCREMENT;

--
-- AUTO_INCREMENT untuk tabel `file_pendukung`
--
ALTER TABLE `file_pendukung`
  MODIFY `id_file` int(11) NOT NULL AUTO_INCREMENT, AUTO_INCREMENT=17;

--
-- AUTO_INCREMENT untuk tabel `jadwal_mapel`
--
ALTER TABLE `jadwal_mapel`
  MODIFY `id_jadwal` int(11) NOT NULL AUTO_INCREMENT;

--
-- AUTO_INCREMENT untuk tabel `jawaban`
--
ALTER TABLE `jawaban`
  MODIFY `id_jawaban` int(11) NOT NULL AUTO_INCREMENT, AUTO_INCREMENT=20;

--
-- AUTO_INCREMENT untuk tabel `jawaban_dup`
--
ALTER TABLE `jawaban_dup`
  MODIFY `id_jawaban` int(11) NOT NULL AUTO_INCREMENT;

--
-- AUTO_INCREMENT untuk tabel `jawaban_quiz`
--
ALTER TABLE `jawaban_quiz`
  MODIFY `idjawab` int(11) NOT NULL AUTO_INCREMENT;

--
-- AUTO_INCREMENT untuk tabel `jawaban_tugas`
--
ALTER TABLE `jawaban_tugas`
  MODIFY `id_jawaban` int(11) NOT NULL AUTO_INCREMENT;

--
-- AUTO_INCREMENT untuk tabel `jenis_sp`
--
ALTER TABLE `jenis_sp`
  MODIFY `id_sp` int(11) NOT NULL AUTO_INCREMENT, AUTO_INCREMENT=8;

--
-- AUTO_INCREMENT untuk tabel `jodoh`
--
ALTER TABLE `jodoh`
  MODIFY `id_jawaban` int(11) NOT NULL AUTO_INCREMENT, AUTO_INCREMENT=6;

--
-- AUTO_INCREMENT untuk tabel `kandidat`
--
ALTER TABLE `kandidat`
  MODIFY `id` int(11) NOT NULL AUTO_INCREMENT;

--
-- AUTO_INCREMENT untuk tabel `karpel`
--
ALTER TABLE `karpel`
  MODIFY `id` int(11) NOT NULL AUTO_INCREMENT, AUTO_INCREMENT=9;

--
-- AUTO_INCREMENT untuk tabel `kodekd`
--
ALTER TABLE `kodekd`
  MODIFY `idkd` int(11) NOT NULL AUTO_INCREMENT, AUTO_INCREMENT=13;

--
-- AUTO_INCREMENT untuk tabel `komentar`
--
ALTER TABLE `komentar`
  MODIFY `id` int(11) NOT NULL AUTO_INCREMENT;

--
-- AUTO_INCREMENT untuk tabel `kontak`
--
ALTER TABLE `kontak`
  MODIFY `id_kontak` int(11) NOT NULL AUTO_INCREMENT;

--
-- AUTO_INCREMENT untuk tabel `kontakme`
--
ALTER TABLE `kontakme`
  MODIFY `id` int(11) NOT NULL AUTO_INCREMENT;

--
-- AUTO_INCREMENT untuk tabel `lingkup`
--
ALTER TABLE `lingkup`
  MODIFY `id` int(11) NOT NULL AUTO_INCREMENT;

--
-- AUTO_INCREMENT untuk tabel `log`
--
ALTER TABLE `log`
  MODIFY `id_log` int(11) NOT NULL AUTO_INCREMENT, AUTO_INCREMENT=8;

--
-- AUTO_INCREMENT untuk tabel `log_guru`
--
ALTER TABLE `log_guru`
  MODIFY `id_log` int(11) NOT NULL AUTO_INCREMENT, AUTO_INCREMENT=8;

--
-- AUTO_INCREMENT untuk tabel `mapel_ijazah`
--
ALTER TABLE `mapel_ijazah`
  MODIFY `idmapel` int(11) NOT NULL AUTO_INCREMENT;

--
-- AUTO_INCREMENT untuk tabel `materi`
--
ALTER TABLE `materi`
  MODIFY `id_materi` int(255) NOT NULL AUTO_INCREMENT;

--
-- AUTO_INCREMENT untuk tabel `menu`
--
ALTER TABLE `menu`
  MODIFY `id_menu` int(11) NOT NULL AUTO_INCREMENT, AUTO_INCREMENT=2;

--
-- AUTO_INCREMENT untuk tabel `m_bayar`
--
ALTER TABLE `m_bayar`
  MODIFY `idb` int(11) NOT NULL AUTO_INCREMENT;

--
-- AUTO_INCREMENT untuk tabel `m_dimensi`
--
ALTER TABLE `m_dimensi`
  MODIFY `id_dimensi` int(11) NOT NULL AUTO_INCREMENT, AUTO_INCREMENT=7;

--
-- AUTO_INCREMENT untuk tabel `m_elemen`
--
ALTER TABLE `m_elemen`
  MODIFY `id_elemen` int(11) NOT NULL AUTO_INCREMENT, AUTO_INCREMENT=21;

--
-- AUTO_INCREMENT untuk tabel `m_eskul`
--
ALTER TABLE `m_eskul`
  MODIFY `id` int(11) NOT NULL AUTO_INCREMENT;

--
-- AUTO_INCREMENT untuk tabel `m_hari`
--
ALTER TABLE `m_hari`
  MODIFY `idh` int(11) NOT NULL AUTO_INCREMENT, AUTO_INCREMENT=8;

--
-- AUTO_INCREMENT untuk tabel `m_jam`
--
ALTER TABLE `m_jam`
  MODIFY `id` int(11) NOT NULL AUTO_INCREMENT, AUTO_INCREMENT=16;

--
-- AUTO_INCREMENT untuk tabel `m_kurikulum`
--
ALTER TABLE `m_kurikulum`
  MODIFY `id` int(11) NOT NULL AUTO_INCREMENT, AUTO_INCREMENT=4;

--
-- AUTO_INCREMENT untuk tabel `m_prasarana`
--
ALTER TABLE `m_prasarana`
  MODIFY `id` int(11) NOT NULL AUTO_INCREMENT, AUTO_INCREMENT=4;

--
-- AUTO_INCREMENT untuk tabel `m_produktif`
--
ALTER TABLE `m_produktif`
  MODIFY `idt` int(11) NOT NULL AUTO_INCREMENT;

--
-- AUTO_INCREMENT untuk tabel `m_proyek`
--
ALTER TABLE `m_proyek`
  MODIFY `id` int(11) NOT NULL AUTO_INCREMENT;

--
-- AUTO_INCREMENT untuk tabel `m_ruang`
--
ALTER TABLE `m_ruang`
  MODIFY `id` int(11) NOT NULL AUTO_INCREMENT, AUTO_INCREMENT=17;

--
-- AUTO_INCREMENT untuk tabel `m_sarana`
--
ALTER TABLE `m_sarana`
  MODIFY `id` int(11) NOT NULL AUTO_INCREMENT, AUTO_INCREMENT=4;

--
-- AUTO_INCREMENT untuk tabel `m_spiritual`
--
ALTER TABLE `m_spiritual`
  MODIFY `id` int(11) NOT NULL AUTO_INCREMENT, AUTO_INCREMENT=8;

--
-- AUTO_INCREMENT untuk tabel `m_sub_elemen`
--
ALTER TABLE `m_sub_elemen`
  MODIFY `id_sub` int(11) NOT NULL AUTO_INCREMENT, AUTO_INCREMENT=43;

--
-- AUTO_INCREMENT untuk tabel `nadabel`
--
ALTER TABLE `nadabel`
  MODIFY `idnada` int(11) NOT NULL AUTO_INCREMENT, AUTO_INCREMENT=29;

--
-- AUTO_INCREMENT untuk tabel `nilai`
--
ALTER TABLE `nilai`
  MODIFY `id_nilai` int(11) NOT NULL AUTO_INCREMENT, AUTO_INCREMENT=3;

--
-- AUTO_INCREMENT untuk tabel `nilai_formatif`
--
ALTER TABLE `nilai_formatif`
  MODIFY `id` int(11) NOT NULL AUTO_INCREMENT;

--
-- AUTO_INCREMENT untuk tabel `nilai_harian`
--
ALTER TABLE `nilai_harian`
  MODIFY `idn` int(11) NOT NULL AUTO_INCREMENT;

--
-- AUTO_INCREMENT untuk tabel `nilai_proses`
--
ALTER TABLE `nilai_proses`
  MODIFY `idpros` int(11) NOT NULL AUTO_INCREMENT;

--
-- AUTO_INCREMENT untuk tabel `nilai_proyek`
--
ALTER TABLE `nilai_proyek`
  MODIFY `idn` int(11) NOT NULL AUTO_INCREMENT;

--
-- AUTO_INCREMENT untuk tabel `nilai_rapor`
--
ALTER TABLE `nilai_rapor`
  MODIFY `id` int(11) NOT NULL AUTO_INCREMENT;

--
-- AUTO_INCREMENT untuk tabel `nilai_skl`
--
ALTER TABLE `nilai_skl`
  MODIFY `id` int(11) NOT NULL AUTO_INCREMENT;

--
-- AUTO_INCREMENT untuk tabel `nilai_sku`
--
ALTER TABLE `nilai_sku`
  MODIFY `id_sku` int(11) NOT NULL AUTO_INCREMENT;

--
-- AUTO_INCREMENT untuk tabel `nilai_sumatif`
--
ALTER TABLE `nilai_sumatif`
  MODIFY `id` int(11) NOT NULL AUTO_INCREMENT;

--
-- AUTO_INCREMENT untuk tabel `penabung`
--
ALTER TABLE `penabung`
  MODIFY `id` int(11) NOT NULL AUTO_INCREMENT;

--
-- AUTO_INCREMENT untuk tabel `pengumuman`
--
ALTER TABLE `pengumuman`
  MODIFY `id_pengumuman` int(5) NOT NULL AUTO_INCREMENT;

--
-- AUTO_INCREMENT untuk tabel `pesan`
--
ALTER TABLE `pesan`
  MODIFY `id` int(11) NOT NULL AUTO_INCREMENT;

--
-- AUTO_INCREMENT untuk tabel `pkl`
--
ALTER TABLE `pkl`
  MODIFY `id` int(11) NOT NULL AUTO_INCREMENT;

--
-- AUTO_INCREMENT untuk tabel `proyek`
--
ALTER TABLE `proyek`
  MODIFY `idp` int(11) NOT NULL AUTO_INCREMENT;

--
-- AUTO_INCREMENT untuk tabel `sapras`
--
ALTER TABLE `sapras`
  MODIFY `id_sapras` int(11) NOT NULL AUTO_INCREMENT;

--
-- AUTO_INCREMENT untuk tabel `sapras_reg`
--
ALTER TABLE `sapras_reg`
  MODIFY `id` int(11) NOT NULL AUTO_INCREMENT;

--
-- AUTO_INCREMENT untuk tabel `sarana`
--
ALTER TABLE `sarana`
  MODIFY `id_sarana` int(11) NOT NULL AUTO_INCREMENT;

--
-- AUTO_INCREMENT untuk tabel `savsoft_options`
--
ALTER TABLE `savsoft_options`
  MODIFY `oid` int(11) NOT NULL AUTO_INCREMENT;

--
-- AUTO_INCREMENT untuk tabel `savsoft_qbank`
--
ALTER TABLE `savsoft_qbank`
  MODIFY `qid` int(11) NOT NULL AUTO_INCREMENT;

--
-- AUTO_INCREMENT untuk tabel `session`
--
ALTER TABLE `session`
  MODIFY `id` int(11) NOT NULL AUTO_INCREMENT, AUTO_INCREMENT=2;

--
-- AUTO_INCREMENT untuk tabel `siswa_eskul`
--
ALTER TABLE `siswa_eskul`
  MODIFY `id` int(11) NOT NULL AUTO_INCREMENT;

--
-- AUTO_INCREMENT untuk tabel `skkb`
--
ALTER TABLE `skkb`
  MODIFY `id` int(11) NOT NULL AUTO_INCREMENT, AUTO_INCREMENT=2;

--
-- AUTO_INCREMENT untuk tabel `soal`
--
ALTER TABLE `soal`
  MODIFY `id_soal` int(11) NOT NULL AUTO_INCREMENT, AUTO_INCREMENT=9;

--
-- AUTO_INCREMENT untuk tabel `soal_quiz`
--
ALTER TABLE `soal_quiz`
  MODIFY `id_bank` int(11) NOT NULL AUTO_INCREMENT;

--
-- AUTO_INCREMENT untuk tabel `sosial`
--
ALTER TABLE `sosial`
  MODIFY `ids` int(11) NOT NULL AUTO_INCREMENT;

--
-- AUTO_INCREMENT untuk tabel `spiritual`
--
ALTER TABLE `spiritual`
  MODIFY `ids` int(11) NOT NULL AUTO_INCREMENT;

--
-- AUTO_INCREMENT untuk tabel `tabungan`
--
ALTER TABLE `tabungan`
  MODIFY `id` int(11) NOT NULL AUTO_INCREMENT;

--
-- AUTO_INCREMENT untuk tabel `tartib`
--
ALTER TABLE `tartib`
  MODIFY `nomor` int(11) NOT NULL AUTO_INCREMENT, AUTO_INCREMENT=5;

--
-- AUTO_INCREMENT untuk tabel `temp_file`
--
ALTER TABLE `temp_file`
  MODIFY `id_file` int(11) NOT NULL AUTO_INCREMENT;

--
-- AUTO_INCREMENT untuk tabel `temp_pil`
--
ALTER TABLE `temp_pil`
  MODIFY `id` int(11) NOT NULL AUTO_INCREMENT;

--
-- AUTO_INCREMENT untuk tabel `temp_soal`
--
ALTER TABLE `temp_soal`
  MODIFY `id` int(11) NOT NULL AUTO_INCREMENT;

--
-- AUTO_INCREMENT untuk tabel `trx`
--
ALTER TABLE `trx`
  MODIFY `idt` int(11) NOT NULL AUTO_INCREMENT;

--
-- AUTO_INCREMENT untuk tabel `tugas`
--
ALTER TABLE `tugas`
  MODIFY `id_tugas` int(255) NOT NULL AUTO_INCREMENT;

--
-- AUTO_INCREMENT untuk tabel `tujuan`
--
ALTER TABLE `tujuan`
  MODIFY `id_tujuan` int(11) NOT NULL AUTO_INCREMENT;

--
-- AUTO_INCREMENT untuk tabel `wabot`
--
ALTER TABLE `wabot`
  MODIFY `id` int(11) NOT NULL AUTO_INCREMENT, AUTO_INCREMENT=3;
COMMIT;

